000
CXUS53 KEAX 022107
CLASTJ
CLIMATE REPORT
NATIONAL WEATHER SERVICE KANSAS CITY/PLEASANT HILL MO
259 PM CST MON JAN 02 2023
...................................
...THE ST. JOSEPH MO CLIMATE SUMMARY FOR THE YEAR OF 2022...
CLIMATE NORMAL PERIOD: 1991 TO 2020
CLIMATE RECORD PERIOD: 1892 TO 2023
WEATHER OBSERVED NORMAL DEPART LAST YEAR`S
VALUE DATE(S) VALUE FROM VALUE
NORMAL
..............................................................
TEMPERATURE (F)
RECORD
HIGH 110 08/13/1936
08/10/1934
LOW -25 01/12/1974
HIGHEST 98 06/13 98 0
LOWEST -7 12/22 -3 -4
AVG. MAXIMUM 64.0 64.8 -0.8
AVG. MINIMUM 39.2 42.5 -3.3
MEAN 51.6 53.7 -2.1
DAYS MAX >= 90 28 39.3 -11.3
DAYS MAX <= 32 32 27.7 4.3
DAYS MIN <= 32 151 125.9 25.1
DAYS MIN <= 0 7 6.5 0.5
PRECIPITATION (INCHES)
RECORD
MAXIMUM 55.60 1973
MINIMUM 18.26 2002
TOTALS 29.30 34.76 -5.46
DAILY AVG. 0.08 0.10 -0.02
DAYS >= .01 86 99.3 -13.3
DAYS >= .10 47 56.0 -9.0
DAYS >= .50 19 21.3 -2.3
DAYS >= 1.00 5 9.0 -4.0
GREATEST
24 HR. TOTAL 5.09
DEGREE DAYS
HEATING TOTAL 5904 5385 519
COOLING TOTAL 1173 1288 -115
..............................................................
WIND (MPH)
AVERAGE WIND SPEED 9.0
HIGHEST WIND SPEED/DIRECTION 45/250 DATE 04/23
HIGHEST GUST SPEED/DIRECTION 61/180 DATE 04/12
SKY COVER
POSSIBLE SUNSHINE (PERCENT) MM
AVERAGE SKY COVER 0.25
NUMBER OF DAYS FAIR 255
NUMBER OF DAYS PC 69
NUMBER OF DAYS CLOUDY 41
AVERAGE RH (PERCENT) 69
WEATHER CONDITIONS. NUMBER OF DAYS WITH
THUNDERSTORM 48 MIXED PRECIP 1
HEAVY RAIN 34 RAIN 40
LIGHT RAIN 98 FREEZING RAIN 2
LT FREEZING RAIN 3 HAIL 0
HEAVY SNOW 1 SNOW 5
LIGHT SNOW 26 SLEET 1
FOG 162 FOG W/VIS <= 1/4 MILE 39
HAZE 36
- INDICATES NEGATIVE NUMBERS.
R INDICATES RECORD WAS SET OR TIED.
MM INDICATES DATA IS MISSING.
T INDICATES TRACE AMOUNT.
$$