233
CXUS55 KSTO 020144
CF6STO
PRELIMINARY LOCAL CLIMATOLOGICAL DATA (WS FORM: F-6)
STATION: SACRAMENTO CITY
MONTH: APRIL
YEAR: 2020
LATITUDE: 38 36 N
LONGITUDE: 121 23 W
TEMPERATURE IN F: :PCPN: SNOW: WIND :SUNSHINE: SKY :PK WND
================================================================================
1 2 3 4 5 6A 6B 7 8 9 10 11 12 13 14 15 16 17 18
12Z AVG MX 2MIN
DY MAX MIN AVG DEP HDD CDD WTR SNW DPTH SPD SPD DIR MIN PSBL S-S WX SPD DR
================================================================================
1 67 45 56 -2 9 0 0.00 0.0 M M M M M M M M M
2 69 44 57 -1 8 0 0.00 0.0 M M M M M M M M M
3 70 41 56 -2 9 0 0.00 0.0 M M M M M M M M M
4 56 45 51 -8 14 0 0.93 0.0 M M M M M M M M M
5 55 46 51 -8 14 0 1.17 0.0 M M M M M M M M M
6 58 40 49 -10 16 0 0.05 0.0 M M M M M M M M M
7 69 46 58 -1 7 0 0.00 0.0 M M M M M M M M M
8 65 48 57 -2 8 0 0.00 0.0 0 M M M M M M M M
9 67 51 59 0 6 0 0.00 0.0 0 M M M M M M M M
10 73 49 61 1 4 0 0.00 0.0 0 M M M M M M M M
11 70 50 60 0 5 0 0.00 0.0 M M M M M M M M M
12 76 52 64 4 1 0 0.00 0.0 M M M M M M M M M
13 78 49 64 4 1 0 0.00 0.0 M M M M M M M M M
14 81 50 66 6 0 1 0.00 0.0 M M M M M M M M M
15 82 51 67 6 0 2 0.00 0.0 0 M M M M M M M M
16 84 54 69 8 0 4 0.00 M M M M M M M M M M
17 71 52 62 1 3 0 0.00 0.0 0 M M M M M M M M
18 70 52 61 0 4 0 0.00 0.0 0 M M M M M M M M
19 70 50 60 -2 5 0 0.00 0.0 M M M M M M M M M
20 73 51 62 0 3 0 0.00 0.0 M M M M M M M M M
21 81 48 65 3 0 0 0.00 0.0 M M M M M M M M M
22 86 53 70 8 0 5 0.00 0.0 0 M M M M M M M M
23 87 57 72 10 0 7 0.00 0.0 M M M M M M M M M
24 93 58 76 13 0 11 0.00 0.0 M M M M M M M M M
25 92 60 76 13 0 11 0.00 0.0 M M M M M M M M M
26 87 56 72 9 0 7 0.00 0.0 M M M M M M M M M
27 89 54 72 9 0 7 0.00 0.0 0 M M M M M M M M
28 94 59 77 13 0 12 0.00 0.0 M M M M M M M M M
29 81 61 71 7 0 6 0.00 M M M M M M M M M M
30 86 55 71 7 0 6 0.00 0.0 M M M M M M M M M
================================================================================
SM 2280 1527 117 79 2.15 0.0 M M M
================================================================================
AV 76.0 50.9 M FASTST M M 2 MAX(MPH)
MISC ----> M M M M
================================================================================
NOTES:
# LAST OF SEVERAL OCCURRENCES
COLUMN 17 PEAK WIND IN M.P.H.
PRELIMINARY LOCAL CLIMATOLOGICAL DATA (WS FORM: F-6) , PAGE 2
STATION: SACRAMENTO CITY
MONTH: APRIL
YEAR: 2020
LATITUDE: 38 36 N
LONGITUDE: 121 23 W
[TEMPERATURE DATA] [PRECIPITATION DATA] SYMBOLS USED IN COLUMN 16
AVERAGE MONTHLY: 63.5 TOTAL FOR MONTH: 2.15 1 = FOG OR MIST
DPTR FM NORMAL: 2.5 DPTR FM NORMAL: 0.85 2 = FOG REDUCING VISIBILITY
HIGHEST: 94 ON 28 GRTST 24HR 1.17 ON 5- 5 TO 1/4 MILE OR LESS
LOWEST: 40 ON 6 3 = THUNDER
SNOW, ICE PELLETS, HAIL 4 = ICE PELLETS
TOTAL MONTH: 0.0 INCH 5 = HAIL
GRTST 24HR 0.0 6 = FREEZING RAIN OR DRIZZLE
GRTST DEPTH: 0 7 = DUSTSTORM OR SANDSTORM:
VSBY 1/2 MILE OR LESS
8 = SMOKE OR HAZE
[NO. OF DAYS WITH] [WEATHER - DAYS WITH] 9 = BLOWING SNOW
X = TORNADO
MAX 32 OR BELOW: 0 0.01 INCH OR MORE: 3
MAX 90 OR ABOVE: 3 0.10 INCH OR MORE: 2
MIN 32 OR BELOW: 0 0.50 INCH OR MORE: 2
MIN 0 OR BELOW: 0 1.00 INCH OR MORE: 1
[HDD (BASE 65) ]
TOTAL THIS MO. 117 CLEAR (SCALE 0-3) 0
DPTR FM NORMAL -38 PTCLDY (SCALE 4-7) 0
TOTAL FM JUL 1 1810 CLOUDY (SCALE 8-10) 0
DPTR FM NORMAL -434
[CDD (BASE 65) ]
TOTAL THIS MO. 79
DPTR FM NORMAL 48 [PRESSURE DATA]
TOTAL FM JAN 1 80 HIGHEST SLP M ON M
DPTR FM NORMAL 45 LOWEST SLP M ON M
[REMARKS]
#FINAL-04-20#