000
CXUS56 KMTR 010900
CF6STS
PRELIMINARY LOCAL CLIMATOLOGICAL DATA (WS FORM: F-6)
STATION: SANTA ROSA AIRPORT
MONTH: JULY
YEAR: 2021
LATITUDE: 38 30 N
LONGITUDE: 122 49 W
TEMPERATURE IN F: :PCPN: SNOW: WIND :SUNSHINE: SKY :PK WND
================================================================================
1 2 3 4 5 6A 6B 7 8 9 10 11 12 13 14 15 16 17 18
12Z AVG MX 2MIN
DY MAX MIN AVG DEP HDD CDD WTR SNW DPTH SPD SPD DIR MIN PSBL S-S WX SPD DR
================================================================================
1 79 55 67 -1 0 2 0.00 M M 6.5 15 140 M M 5 1 18 160
2 80 54 67 -1 0 2 0.00 M M 6.9 16 160 M M 5 21 180
3 76 52 64 -4 1 0 0.00 M M 7.1 15 180 M M 6 1 19 190
4 75 54 65 -3 0 0 0.00 M M 7.0 16 170 M M 6 1 20 180
5 76 53 65 -3 0 0 0.00 M M 7.1 17 190 M M 6 23 180
6 80 52 66 -2 0 1 0.00 M M 6.2 18 140 M M 4 1 21 170
7 82 51 67 -1 0 2 0.00 M M 6.0 16 160 M M 3 23 170
8 94 50 72 4 0 7 0.00 M M 5.0 15 170 M M 3 12 17 170
9 93 53 73 5 0 8 0.00 M M 6.7 16 150 M M 0 19 160
10 96 51 74 6 0 9 0.00 M M 5.4 13 150 M M 0 M M
11 82 50 66 -2 0 1 0.00 M M 7.3 16 160 M M 1 18 21 140
12 81 51 66 -2 0 1 0.00 M M 6.9 17 140 M M 5 1 21 140
13 75 51 63 -5 2 0 0.00 M M 6.4 16 170 M M 5 1 20 190
14 76 51 64 -4 1 0 0.00 M M 7.0 18 170 M M 6 18 23 160
15 77 51 64 -4 1 0 0.00 M M 6.8 15 150 M M 5 1 19 160
16 80 52 66 -2 0 1 0.00 M M 5.0 14 160 M M 4 1 18 200
17 82 50 66 -2 0 1 0.00 M M 5.5 15 180 M M 0 19 160
18 87 49 68 0 0 3 0.00 M M 5.7 16 180 M M 0 20 170
19 85 52 69 1 0 4 0.00 M M 6.1 17 130 M M 1 21 160
20 85 47 66 -2 0 1 0.00 M M 5.4 16 130 M M 1 18 19 130
21 89 47 68 0 0 3 0.00 M M 5.2 16 140 M M 0 18 24 140
22 84 47 66 -2 0 1 0.00 M M 5.2 16 150 M M 0 1 21 170
23 87 46 67 -1 0 2 0.00 M M 6.2 17 170 M M 0 1 21 170
24 84 50 67 -1 0 2 0.00 M M 6.2 17 170 M M 3 12 21 180
25 79 50 65 -3 0 0 0.00 M M 7.9 18 180 M M 5 1 23 180
26 71 51 61 -7 4 0 0.00 M M 4.7 14 180 M M 5 1 18 180
27 94 51 73 5 0 8 0.00 M M 3.5 14 140 M M 2 18 140
28 87 52 70 2 0 5 0.00 M M 6.1 16 160 M M 1 1 20 140
29 84 53 69 1 0 4 0.00 M M 6.4 15 150 M M 3 19 160
30 84 52 68 0 0 3 0.00 M M 7.6 17 170 M M 4 1 22 140
31 79 53 66 -2 0 1 0.00 M M 7.0 16 170 M M 5 18 20 190
================================================================================
SM 2563 1581 9 72 0.00 M 192.0 M 94
================================================================================
AV 82.7 51.0 6.2 FASTST M M 3 MAX(MPH)
MISC ----> # 18 140 24 140
================================================================================
NOTES:
# LAST OF SEVERAL OCCURRENCES
COLUMN 17 PEAK WIND IN M.P.H.
PRELIMINARY LOCAL CLIMATOLOGICAL DATA (WS FORM: F-6) , PAGE 2
STATION: SANTA ROSA AIRPORT
MONTH: JULY
YEAR: 2021
LATITUDE: 38 30 N
LONGITUDE: 122 49 W
[TEMPERATURE DATA] [PRECIPITATION DATA] SYMBOLS USED IN COLUMN 16
AVERAGE MONTHLY: 66.8 TOTAL FOR MONTH: 0.00 1 = FOG OR MIST
DPTR FM NORMAL: -0.8 DPTR FM NORMAL: -0.01 2 = FOG REDUCING VISIBILITY
HIGHEST: 96 ON 10 GRTST 24HR 0.00 ON 1- 1 TO 1/4 MILE OR LESS
LOWEST: 46 ON 23 3 = THUNDER
SNOW, ICE PELLETS, HAIL 4 = ICE PELLETS
TOTAL MONTH: M 5 = HAIL
GRTST 24HR M ON M 6 = FREEZING RAIN OR DRIZZLE
GRTST DEPTH: M ON M 7 = DUSTSTORM OR SANDSTORM:
VSBY 1/2 MILE OR LESS
8 = SMOKE OR HAZE
[NO. OF DAYS WITH] [WEATHER - DAYS WITH] 9 = BLOWING SNOW
X = TORNADO
MAX 32 OR BELOW: 0 0.01 INCH OR MORE: 0
MAX 90 OR ABOVE: 4 0.10 INCH OR MORE: 0
MIN 32 OR BELOW: 0 0.50 INCH OR MORE: 0
MIN 0 OR BELOW: 0 1.00 INCH OR MORE: 0
[HDD (BASE 65) ]
TOTAL THIS MO. 9 CLEAR (SCALE 0-3) 14
DPTR FM NORMAL -7 PTCLDY (SCALE 4-7) 17
TOTAL FM JUL 1 9 CLOUDY (SCALE 8-10) 0
DPTR FM NORMAL -8
[CDD (BASE 65) ]
TOTAL THIS MO. 72
DPTR FM NORMAL -25 [PRESSURE DATA]
TOTAL FM JAN 1 197 HIGHEST SLP M ON M
DPTR FM NORMAL 0 LOWEST SLP 29.74 ON 8
[REMARKS]
#FINAL-07-21#