000
CXUS53 KLSX 011500
CF6SUS
PRELIMINARY LOCAL CLIMATOLOGICAL DATA (WS FORM: F-6)
STATION: SPIRIT OF ST LOUIS MO
MONTH: FEBRUARY
YEAR: 2021
LATITUDE: 38 39 N
LONGITUDE: 90 38 W
TEMPERATURE IN F: :PCPN: SNOW: WIND :SUNSHINE: SKY :PK WND
================================================================================
1 2 3 4 5 6A 6B 7 8 9 10 11 12 13 14 15 16 17 18
12Z AVG MX 2MIN
DY MAX MIN AVG DEP HDD CDD WTR SNW DPTH SPD SPD DIR MIN PSBL S-S WX SPD DR
================================================================================
1 34 30 32 0 33 0 0.00 0.0 M 12.1 21 310 M M 10 8 32 310
2 41 25 33 1 32 0 0.00 0.0 M 3.8 10 330 M M 4 8 13 320
3 48 23 36 3 29 0 0.00 0.0 M 4.6 12 130 M M 1 18 18 150
4 44 26 35 2 30 0 0.22 M M 11.8 35 300 M M 8 18 45 300
5 44 24 34 1 31 0 0.00 0.0 0 10.5 23 240 M M 4 32 250
6 30 14 22 -11 43 0 0.01 M 0 8.2 16 330 M M 5 18 22 330
7 17 5 11 -23 54 0 0.00 0.0 M 7.2 15 330 M M 7 20 320
8 23 15 19 -15 46 0 0.01 M M 7.8 13 20 M M 10 18 17 30
9 19 13 16 -18 49 0 T M M 8.2 13 10 M M 9 1 16 20
10 19 14 17 -17 48 0 0.03 M M 9.1 14 350 M M 10 18 18 10
11 22 13 18 -16 47 0 T M M 9.2 16 330 M M 10 8 23 40
12 19 7 13 -22 52 0 T M M 10.8 18 330 M M 6 24 350
13 12 2 7 -28 58 0 T M M 10.6 16 310 M M 8 23 320
14 7 -1 3 -32 62 0 T M M 10.9 18 330 M M 7 26 330
15 4 -1 2 -34 63 0 M M M 10.9 18 320 M M 10 8 26 320
16 19 -8 6 -30 59 0 T M M 4.6 13 280 M M 2 8 17 280
17 19 -1 9 -27 56 0 0.02 M M 5.8 13 40 M M 8 18 17 360
18 25 0 13 -23 52 0 T M M 6.8 15 330 M M 4 18 19 320
19 31 -5 13 -24 52 0 0.00 0.0 M 2.1 10 250 M M 1 1 12 250
20 44 4 24 -13 41 0 0.00 0.0 M 4.1 12 130 M M 2 8 18 140
21 51 22 37 0 28 0 T 0.0 M 10.0 24 210 M M 5 18 42 160
22 55 34 45 7 20 0 0.00 0.0 M 13.3 22 240 M M 4 8 30 220
23 68 37 53 15 12 0 0.00 M M 7.9 21 240 M M 0 29 230
24 59 36 48 10 17 0 0.00 0.0 M 8.9 20 310 M M 1 27 310
25 50 28 39 0 26 0 0.00 0.0 M 2.8 12 350 M M 2 15 360
26 52 25 39 0 26 0 T 0.0 M 4.9 16 100 M M 7 25 110
27 61 27 44 5 21 0 0.13 0.0 M 4.8 14 120 M M 4 128 22 110
28 60 37 49 9 16 0 0.62 0.0 M 6.7 20 290 M M 7 138 25 310
================================================================================
SM 977 445 1103 0 1.04 0.0 218.4 M 156
================================================================================
AV 34.9 15.9 7.8 FASTST M M 6 MAX(MPH)
MISC ----> 35 300 45 300
================================================================================
NOTES:
# LAST OF SEVERAL OCCURRENCES
COLUMN 17 PEAK WIND IN M.P.H.
PRELIMINARY LOCAL CLIMATOLOGICAL DATA (WS FORM: F-6) , PAGE 2
STATION: SPIRIT OF ST LOUIS MO
MONTH: FEBRUARY
YEAR: 2021
LATITUDE: 38 39 N
LONGITUDE: 90 38 W
[TEMPERATURE DATA] [PRECIPITATION DATA] SYMBOLS USED IN COLUMN 16
AVERAGE MONTHLY: 25.4 TOTAL FOR MONTH: 1.04 1 = FOG OR MIST
DPTR FM NORMAL: -10.2 DPTR FM NORMAL: -0.96 2 = FOG REDUCING VISIBILITY
HIGHEST: 68 ON 23 GRTST 24HR 0.75 ON 27-28 TO 1/4 MILE OR LESS
LOWEST: -8 ON 16 3 = THUNDER
SNOW, ICE PELLETS, HAIL 4 = ICE PELLETS
TOTAL MONTH: 0.0 INCH 5 = HAIL
GRTST 24HR 0.0 6 = FREEZING RAIN OR DRIZZLE
GRTST DEPTH: 0 7 = DUSTSTORM OR SANDSTORM:
VSBY 1/2 MILE OR LESS
8 = SMOKE OR HAZE
[NO. OF DAYS WITH] [WEATHER - DAYS WITH] 9 = BLOWING SNOW
X = TORNADO
MAX 32 OR BELOW: 14 0.01 INCH OR MORE: 7
MAX 90 OR ABOVE: 0 0.10 INCH OR MORE: 3
MIN 32 OR BELOW: 24 0.50 INCH OR MORE: 1
MIN 0 OR BELOW: 6 1.00 INCH OR MORE: 0
[HDD (BASE 65) ]
TOTAL THIS MO. 1103 CLEAR (SCALE 0-3) 7
DPTR FM NORMAL 280 PTCLDY (SCALE 4-7) 15
TOTAL FM JUL 1 3819 CLOUDY (SCALE 8-10) 6
DPTR FM NORMAL 66
[CDD (BASE 65) ]
TOTAL THIS MO. 0
DPTR FM NORMAL 0 [PRESSURE DATA]
TOTAL FM JAN 1 0 HIGHEST SLP 30.61 ON 14
DPTR FM NORMAL 0 LOWEST SLP 29.48 ON 4
[REMARKS]
#FINAL-02-21#