000
CXUS53 KLSX 011500
CF6SUS
PRELIMINARY LOCAL CLIMATOLOGICAL DATA (WS FORM: F-6)
STATION: SPIRIT OF ST LOUIS MO
MONTH: DECEMBER
YEAR: 2023
LATITUDE: 38 39 N
LONGITUDE: 90 38 W
TEMPERATURE IN F: :PCPN: SNOW: WIND :SUNSHINE: SKY :PK WND
================================================================================
1 2 3 4 5 6A 6B 7 8 9 10 11 12 13 14 15 16 17 18
12Z AVG MX 2MIN
DY MAX MIN AVG DEP HDD CDD WTR SNW DPTH SPD SPD DIR MIN PSBL S-S WX SPD DR
================================================================================
1 56 41 49 9 16 0 0.26 0.0 0 7.9 18 240 M M 10 18 25 230
2 42 37 40 1 25 0 0.18 0.0 0 4.0 12 250 M M 10 1 15 260
3 52 33 43 4 22 0 0.01 0.0 0 7.3 20 250 M M 5 1 26 250
4 40 35 38 -1 27 0 0.14 0.0 0 5.2 6 190 M M 9 18 8 190
5 46 38 42 4 23 0 T 0.0 0 11.6 22 300 M M 7 8 32 310
6 48 31 40 2 25 0 0.00 0.0 0 4.7 12 220 M M 4 18 16 300
7 68 36 52 14 13 0 0.00 0.0 0 7.8 16 200 M M 0 25 200
8 61 47 54 16 11 0 0.00 0.0 0 8.4 15 160 M M 6 26 180
9 62 38 50 13 15 0 T 0.0 0 13.2 26 300 M M 5 35 270
10 44 23 34 -3 31 0 0.00 0.0 0 7.3 18 290 M M 4 26 320
11 51 21 36 -1 29 0 0.00 0.0 0 3.5 14 200 M M 0 21 180
12 50 23 37 0 28 0 0.00 0.0 0 1.5 9 330 M M 0 12 340
13 51 26 39 3 26 0 0.00 0.0 0 2.0 10 80 M M 1 13 80
14 59 22 41 5 24 0 0.00 0.0 0 1.5 9 150 M M 0 8 15 180
15 63 30 47 11 18 0 0.04 0.0 0 5.2 13 140 M M 1 20 180
16 49 41 45 9 20 0 0.26 0.0 0 5.7 18 280 M M 10 1 23 280
17 46 27 37 2 28 0 0.00 0.0 0 5.3 14 250 M M 6 1 17 240
18 38 21 30 -5 35 0 0.00 0.0 0 12.5 28 300 M M 0 42 310
19 44 15 30 -5 35 0 0.00 0.0 0 4.2 13 170 M M 0 17 160
20 58 36 47 12 18 0 0.00 0.0 0 3.6 13 190 M M 0 21 180
21 60 35 48 14 17 0 0.00 M M 2.6 10 200 M M 7 15 220
22 54 48 51 17 14 0 0.20 M M 4.8 12 200 M M 10 1 15 190
23 62 41 52 18 13 0 T M M 3.5 9 170 M M 8 1 14 200
24 67 43 55 21 10 0 T 0.0 0 7.1 18 160 M M 6 1 29 170
25 60 37 49 15 16 0 0.52 0.0 0 11.7 22 250 M M 10 1 29 270
26 47 34 41 8 24 0 0.00 0.0 0 6.7 18 210 M M 5 26 190
27 43 32 38 5 27 0 0.15 M M 6.3 13 240 M M 10 1 18 130
28 44 32 38 5 27 0 0.10 M M 9.7 22 310 M M 9 1 29 310
29 37 33 35 2 30 0 0.04 M M 9.7 15 310 M M 10 1 21 320
30 49 25 37 4 28 0 0.00 M M 7.2 15 240 M M 0 1 19 230
31 39 32 36 4 29 0 0.00 M M 11.3 20 290 M M 9 27 300
================================================================================
SM 1590 1013 704 0 1.90 0.0 203.0 M 162
================================================================================
AV 51.3 32.7 6.5 FASTST M M 5 MAX(MPH)
MISC ----> 28 300 42 310
================================================================================
NOTES:
# LAST OF SEVERAL OCCURRENCES
COLUMN 17 PEAK WIND IN M.P.H.
PRELIMINARY LOCAL CLIMATOLOGICAL DATA (WS FORM: F-6) , PAGE 2
STATION: SPIRIT OF ST LOUIS MO
MONTH: DECEMBER
YEAR: 2023
LATITUDE: 38 39 N
LONGITUDE: 90 38 W
[TEMPERATURE DATA] [PRECIPITATION DATA] SYMBOLS USED IN COLUMN 16
AVERAGE MONTHLY: 42.0 TOTAL FOR MONTH: 1.90 1 = FOG OR MIST
DPTR FM NORMAL: 6.3 DPTR FM NORMAL: -0.42 2 = FOG REDUCING VISIBILITY
HIGHEST: 68 ON 7 GRTST 24HR 0.56 ON 30- 1 TO 1/4 MILE OR LESS
LOWEST: 15 ON 19 3 = THUNDER
SNOW, ICE PELLETS, HAIL 4 = ICE PELLETS
TOTAL MONTH: 0.0 INCH 5 = HAIL
GRTST 24HR 0.0 6 = FREEZING RAIN OR DRIZZLE
GRTST DEPTH: 0 7 = DUSTSTORM OR SANDSTORM:
VSBY 1/2 MILE OR LESS
8 = SMOKE OR HAZE
[NO. OF DAYS WITH] [WEATHER - DAYS WITH] 9 = BLOWING SNOW
X = TORNADO
MAX 32 OR BELOW: 0 0.01 INCH OR MORE: 11
MAX 90 OR ABOVE: 0 0.10 INCH OR MORE: 8
MIN 32 OR BELOW: 14 0.50 INCH OR MORE: 1
MIN 0 OR BELOW: 0 1.00 INCH OR MORE: 0
[HDD (BASE 65) ]
TOTAL THIS MO. 704 CLEAR (SCALE 0-3) 10
DPTR FM NORMAL -203 PTCLDY (SCALE 4-7) 11
TOTAL FM JUL 1 1544 CLOUDY (SCALE 8-10) 10
DPTR FM NORMAL -278
[CDD (BASE 65) ]
TOTAL THIS MO. 0
DPTR FM NORMAL 0 [PRESSURE DATA]
TOTAL FM JAN 1 1287 HIGHEST SLP 30.74 ON 14
DPTR FM NORMAL -159 LOWEST SLP 29.63 ON 9
[REMARKS]
#FINAL-12-23#