000
CXUS54 KEPZ 011130
CF6SVC
PRELIMINARY LOCAL CLIMATOLOGICAL DATA (WS FORM: F-6)
STATION: SILVER CITY
MONTH: FEBRUARY
YEAR: 2024
LATITUDE: 32 37 N
LONGITUDE: 108 10 W
TEMPERATURE IN F: :PCPN: SNOW: WIND :SUNSHINE: SKY :PK WND
================================================================================
1 2 3 4 5 6A 6B 7 8 9 10 11 12 13 14 15 16 17 18
12Z AVG MX 2MIN
DY MAX MIN AVG DEP HDD CDD WTR SNW DPTH SPD SPD DIR MIN PSBL S-S WX SPD DR
================================================================================
1 65 40 53 M 12 0 0.00 M M 8.6 18 210 M M 2 22 210
2 53 34 44 M 21 0 0.12 M M 13.1 28 290 M M 8 32 290
3 46 33 40 M 25 0 0.00 M M 23.7 36 290 M M 5 43 290
4 54 27 41 M 24 0 0.00 M M 11.3 22 280 M M 0 27 280
5 58 27 43 M 22 0 0.00 M M 7.3 13 120 M M 0 17 120
6 54 38 46 M 19 0 0.09 M M 5.7 22 240 M M 4 29 240
7 51 32 42 M 23 0 0.01 M M 12.4 25 250 M M 7 36 250
8 52 28 40 M 25 0 0.00 M M 10.4 18 220 M M 2 27 290
9 51 31 41 M 24 0 0.00 M M 7.3 13 320 M M 5 20 240
10 38 30 34 M 31 0 0.08 M M 8.1 22 290 M M 9 22 280
11 45 25 35 M 30 0 0.00 M M 10.5 15 310 M M 1 18 310
12 52 22 37 M 28 0 0.00 M M 5.0 9 360 M M 0 M M
13 57 22 40 M 25 0 0.00 M M 6.6 9 360 M M 0 M M
14 60 28 44 M 21 0 0.00 M M 11.0 18 280 M M 0 23 280
15 63 30 47 M 18 0 0.00 M M 9.5 15 280 M M 0 17 270
16 62 29 46 M 19 0 0.00 0.0 0 11.7 16 290 M M 0 23 260
17 62 31 47 M 18 0 0.00 0.0 0 7.7 14 330 M M 0 10 160
18 61 24 43 M 22 0 0.00 0.0 0 6.3 17 270 M M 1 27 270
19 67 30 49 M 16 0 0.00 M M 9.7 17 280 M M 0 23 280
20 71 34 53 M 12 0 0.00 M M 9.4 16 280 M M 0 22 270
21 66 31 49 M 16 0 0.00 M M 12.9 29 270 M M 1 8 36 270
22 63 34 49 M 16 0 0.00 M M 11.9 17 280 M M 0 24 280
23 64 32 48 M 17 0 0.00 M M 7.0 13 140 M M 0 17 150
24 70 31 51 M 14 0 0.00 M M 7.7 17 300 M M 0 20 290
25 73 40 57 M 8 0 0.00 M M 12.7 24 280 M M 0 32 270
26 68 41 55 M 10 0 0.00 M M 14.6 28 280 M M 5 38 290
27 63 44 54 M 11 0 0.00 M M 15.4 37 280 M M 3 43 280
28 63 33 48 M 17 0 0.49 M M 11.9 23 120 M M 5 3 29 140
29 55 35 45 M 20 0 0.00 M M 5.8 13 280 M M 6 21 300
================================================================================
SM 1707 916 564 0 0.79 0.0 295.2 M 64
================================================================================
AV 58.9 31.6 10.2 FASTST M M 2 MAX(MPH)
MISC ----> 37 280 # 43 290
================================================================================
NOTES:
# LAST OF SEVERAL OCCURRENCES
COLUMN 17 PEAK WIND IN M.P.H.
PRELIMINARY LOCAL CLIMATOLOGICAL DATA (WS FORM: F-6) , PAGE 2
STATION: SILVER CITY
MONTH: FEBRUARY
YEAR: 2024
LATITUDE: 32 37 N
LONGITUDE: 108 10 W
[TEMPERATURE DATA] [PRECIPITATION DATA] SYMBOLS USED IN COLUMN 16
AVERAGE MONTHLY: 45.2 TOTAL FOR MONTH: 0.79 1 = FOG OR MIST
DPTR FM NORMAL: 0.0 DPTR FM NORMAL: M 2 = FOG REDUCING VISIBILITY
HIGHEST: 73 ON 25 GRTST 24HR 0.49 ON 28-28 TO 1/4 MILE OR LESS
LOWEST: 22 ON 13,12 3 = THUNDER
SNOW, ICE PELLETS, HAIL 4 = ICE PELLETS
TOTAL MONTH: 0.0 INCH 5 = HAIL
GRTST 24HR 0.0 6 = FREEZING RAIN OR DRIZZLE
GRTST DEPTH: 0 7 = DUSTSTORM OR SANDSTORM:
VSBY 1/2 MILE OR LESS
8 = SMOKE OR HAZE
[NO. OF DAYS WITH] [WEATHER - DAYS WITH] 9 = BLOWING SNOW
X = TORNADO
MAX 32 OR BELOW: 0 0.01 INCH OR MORE: 5
MAX 90 OR ABOVE: 0 0.10 INCH OR MORE: 2
MIN 32 OR BELOW: 18 0.50 INCH OR MORE: 0
MIN 0 OR BELOW: 0 1.00 INCH OR MORE: 0
[HDD (BASE 65) ]
TOTAL THIS MO. 564 CLEAR (SCALE 0-3) 20
DPTR FM NORMAL M PTCLDY (SCALE 4-7) 7
TOTAL FM JUL 1 2577 CLOUDY (SCALE 8-10) 2
DPTR FM NORMAL M
[CDD (BASE 65) ]
TOTAL THIS MO. 0
DPTR FM NORMAL M [PRESSURE DATA]
TOTAL FM JAN 1 0 HIGHEST SLP M ON M
DPTR FM NORMAL M LOWEST SLP M ON M
[REMARKS]
#FINAL-02-24#