000
CXUS54 KEPZ 011030
CF6SVC
PRELIMINARY LOCAL CLIMATOLOGICAL DATA (WS FORM: F-6)
STATION: SILVER CITY
MONTH: SEPTEMBER
YEAR: 2021
LATITUDE: 32 37 N
LONGITUDE: 108 10 W
TEMPERATURE IN F: :PCPN: SNOW: WIND :SUNSHINE: SKY :PK WND
================================================================================
1 2 3 4 5 6A 6B 7 8 9 10 11 12 13 14 15 16 17 18
12Z AVG MX 2MIN
DY MAX MIN AVG DEP HDD CDD WTR SNW DPTH SPD SPD DIR MIN PSBL S-S WX SPD DR
================================================================================
1 72 62 67 M 0 2 0.25 M M 7.4 17 290 M M 7 20 310
2 81 58 70 M 0 5 0.00 M M 10.1 16 290 M M 4 21 290
3 84 62 73 M 0 8 0.00 M M 4.7 10 340 M M 8 M M
4 85 61 73 M 0 8 0.00 M M 6.2 10 150 M M 8 17 150
5 82 61 72 M 0 7 0.01 M M 6.6 18 110 M M 6 3 39 350
6 84 55 70 M 0 5 0.00 M M 4.8 8 350 M M 7 M M
7 91 57 74 M 0 9 0.00 M M 6.2 10 100 M M 8 M M
8 88 58 73 M 0 8 0.00 M M 8.2 13 100 M M 7 22 100
9 87 59 73 M 0 8 0.00 M M 7.0 14 130 M M 3 18 120
10 88 57 73 M 0 8 0.00 M M 6.2 12 160 M M 2 17 190
11 89 55 72 M 0 7 0.00 M M 5.7 10 350 M M 5 M M
12 90 56 73 M 0 8 0.00 M M 6.4 9 350 M M 7 16 90
13 91 54 73 M 0 8 0.00 M M 6.2 13 210 M M 8 17 210
14 92 56 74 M 0 9 0.00 M M 10.9 18 280 M M 6 27 300
15 91 63 77 M 0 12 0.00 M M 8.2 14 320 M M 4 23 200
16 89 56 73 M 0 8 0.00 M M 9.5 18 270 M M 2 26 290
17 89 58 74 M 0 9 0.00 M M 6.3 12 310 M M 2 M M
18 89 60 75 M 0 10 0.00 M M 6.6 12 320 M M 5 18 180
19 89 58 74 M 0 9 0.00 M M 8.8 17 270 M M 4 27 230
20 84 54 69 M 0 4 0.00 M M 11.4 20 300 M M 0 28 310
21 84 52 68 M 0 3 0.00 M M 8.4 13 150 M M 0 18 150
22 78 46 62 M 3 0 0.00 M M 5.6 10 150 M M 0 16 130
23 80 52 66 M 0 1 T M M 6.9 20 290 M M 3 22 290
24 78 56 67 M 0 2 0.00 M M 4.8 12 50 M M 5 16 10
25 75 56 66 M 0 1 0.08 M M 7.9 18 330 M M 7 37 130
26 75 50 63 M 2 0 0.10 M M 5.9 14 300 M M 5 3 30 270
27 72 47 60 M 5 0 0.00 M M 7.8 15 300 M M 5 21 260
28 67 51 59 M 6 0 0.15 M M 9.4 20 290 M M 7 24 290
29 74 49 62 M 3 0 0.00 M M 8.2 14 300 M M 2 18 270
30 61 48 55 M 10 0 0.23 M M 5.2 16 320 M M 4 3 28 0
================================================================================
SM 2479 1667 29 159 0.82 M 217.5 M 141
================================================================================
AV 82.6 55.6 7.2 FASTST M M 5 MAX(MPH)
MISC ----> # 20 300 39 350
================================================================================
NOTES:
# LAST OF SEVERAL OCCURRENCES
COLUMN 17 PEAK WIND IN M.P.H.
PRELIMINARY LOCAL CLIMATOLOGICAL DATA (WS FORM: F-6) , PAGE 2
STATION: SILVER CITY
MONTH: SEPTEMBER
YEAR: 2021
LATITUDE: 32 37 N
LONGITUDE: 108 10 W
[TEMPERATURE DATA] [PRECIPITATION DATA] SYMBOLS USED IN COLUMN 16
AVERAGE MONTHLY: 69.1 TOTAL FOR MONTH: 0.82 1 = FOG OR MIST
DPTR FM NORMAL: 0.0 DPTR FM NORMAL: M 2 = FOG REDUCING VISIBILITY
HIGHEST: 92 ON 14 GRTST 24HR 0.25 ON 1- 1 TO 1/4 MILE OR LESS
LOWEST: 46 ON 22 3 = THUNDER
SNOW, ICE PELLETS, HAIL 4 = ICE PELLETS
TOTAL MONTH: M 5 = HAIL
GRTST 24HR M ON M 6 = FREEZING RAIN OR DRIZZLE
GRTST DEPTH: M ON M 7 = DUSTSTORM OR SANDSTORM:
VSBY 1/2 MILE OR LESS
8 = SMOKE OR HAZE
[NO. OF DAYS WITH] [WEATHER - DAYS WITH] 9 = BLOWING SNOW
X = TORNADO
MAX 32 OR BELOW: 0 0.01 INCH OR MORE: 6
MAX 90 OR ABOVE: 5 0.10 INCH OR MORE: 3
MIN 32 OR BELOW: 0 0.50 INCH OR MORE: 0
MIN 0 OR BELOW: 0 1.00 INCH OR MORE: 0
[HDD (BASE 65) ]
TOTAL THIS MO. 29 CLEAR (SCALE 0-3) 8
DPTR FM NORMAL M PTCLDY (SCALE 4-7) 21
TOTAL FM JUL 1 29 CLOUDY (SCALE 8-10) 1
DPTR FM NORMAL M
[CDD (BASE 65) ]
TOTAL THIS MO. 159
DPTR FM NORMAL M [PRESSURE DATA]
TOTAL FM JAN 1 1074 HIGHEST SLP M ON M
DPTR FM NORMAL M LOWEST SLP M ON M
[REMARKS]
#FINAL-09-21#