000
CXUS54 KFWD 010730
CF6T35
PRELIMINARY LOCAL CLIMATOLOGICAL DATA (WS FORM: F-6)
STATION: CAMERON
MONTH: OCTOBER
YEAR: 2021
LATITUDE: 30 52 N
LONGITUDE: 96 58 W
TEMPERATURE IN F: :PCPN: SNOW: WIND :SUNSHINE: SKY :PK WND
================================================================================
1 2 3 4 5 6A 6B 7 8 9 10 11 12 13 14 15 16 17 18
12Z AVG MX 2MIN
DY MAX MIN AVG DEP HDD CDD WTR SNW DPTH SPD SPD DIR MIN PSBL S-S WX SPD DR
================================================================================
1 81 69 75 M 0 10 0.05 M M 3.5 8 110 M M 8 20 90
2 87 72 80 M 0 15 0.00 M M 2.4 7 180 M M 6 1 M M
3 90 69 80 M 0 15 0.00 M M 4.3 10 340 M M 2 M M
4 89 64 77 M 0 12 0.00 M M 5.4 16 350 M M 0 23 10
5 88 58 73 M 0 8 0.00 M M 5.1 13 10 M M 0 21 40
6 87 58 73 M 0 8 0.00 M M 2.6 6 160 M M 0 M M
7 90 61 76 M 0 11 0.00 M M 5.4 12 210 M M 0 16 170
8 91 65 78 M 0 13 0.00 M M 7.2 15 220 M M 0 20 220
9 89 63 76 M 0 11 0.00 M M 8.4 15 200 M M 0 20 200
10 92 62 77 M 0 12 0.62 M M 13.5 23 190 M M 7 3 32 190
11 82 62 72 M 0 7 0.00 M M 2.3 7 190 M M 2 8 M M
12 82 67 75 M 0 10 0.28 M M 7.8 17 170 M M 6 13 28 170
13 89 69 79 M 0 14 1.15 M M 10.2 16 350 M M 8 3 26 350
14 82 69 76 M 0 11 0.69 M M 5.2 13 200 M M 7 20 200
15 88 59 74 M 0 9 0.00 M M 8.7 22 330 M M 4 12 28 350
16 74 50 62 M 3 0 0.00 M M 6.8 14 20 M M 0 22 20
17 74 47 61 M 4 0 0.00 M M 1.8 6 190 M M 0 M M
18 76 48 62 M 3 0 0.00 M M 3.4 8 170 M M 0 M M
19 82 59 71 M 0 6 0.00 M M 6.9 12 160 M M 0 20 160
20 85 61 73 M 0 8 0.00 M M 2.1 6 130 M M 3 12 M M
21 86 64 75 M 0 10 0.00 M M 1.0 5 50 M M 4 M M
22 86 64 75 M 0 10 0.00 M M 2.7 7 110 M M 1 M M
23 88 68 78 M 0 13 0.00 M M 7.5 13 180 M M 5 21 200
24 86 66 76 M 0 11 0.00 M M 6.3 13 180 M M 5 17 190
25 86 69 78 M 0 13 0.00 M M 3.8 9 170 M M 4 1 M M
26 86 71 79 M 0 14 0.00 M M 9.6 16 170 M M 7 1 24 160
27 77 60 69 M 0 4 0.98 M M 12.7 24 300 M M 4 45 330
28 77 57 67 M 0 2 0.00 M M 17.9 35 340 M M 0 49 340
29 74 50 62 M 3 0 0.00 M M 14.8 25 340 M M 0 33 340
30 78 43 61 M 4 0 0.00 M M 2.6 8 280 M M 0 M M
31 81 47 64 M 1 0 0.00 M M 3.3 8 150 M M 0 M M
================================================================================
SM 2603 1891 18 257 3.77 M 195.0 M 83
================================================================================
AV 84.0 61.0 6.3 FASTST M M 3 MAX(MPH)
MISC ----> 35 340 49 340
================================================================================
NOTES:
# LAST OF SEVERAL OCCURRENCES
COLUMN 17 PEAK WIND IN M.P.H.
PRELIMINARY LOCAL CLIMATOLOGICAL DATA (WS FORM: F-6) , PAGE 2
STATION: CAMERON
MONTH: OCTOBER
YEAR: 2021
LATITUDE: 30 52 N
LONGITUDE: 96 58 W
[TEMPERATURE DATA] [PRECIPITATION DATA] SYMBOLS USED IN COLUMN 16
AVERAGE MONTHLY: 72.5 TOTAL FOR MONTH: 3.77 1 = FOG OR MIST
DPTR FM NORMAL: 0.0 DPTR FM NORMAL: M 2 = FOG REDUCING VISIBILITY
HIGHEST: 92 ON 10 GRTST 24HR 1.15 ON 13-13 TO 1/4 MILE OR LESS
LOWEST: 43 ON 30 3 = THUNDER
SNOW, ICE PELLETS, HAIL 4 = ICE PELLETS
TOTAL MONTH: M 5 = HAIL
GRTST 24HR M ON M 6 = FREEZING RAIN OR DRIZZLE
GRTST DEPTH: M ON M 7 = DUSTSTORM OR SANDSTORM:
VSBY 1/2 MILE OR LESS
8 = SMOKE OR HAZE
[NO. OF DAYS WITH] [WEATHER - DAYS WITH] 9 = BLOWING SNOW
X = TORNADO
MAX 32 OR BELOW: 0 0.01 INCH OR MORE: 6
MAX 90 OR ABOVE: 4 0.10 INCH OR MORE: 5
MIN 32 OR BELOW: 0 0.50 INCH OR MORE: 4
MIN 0 OR BELOW: 0 1.00 INCH OR MORE: 1
[HDD (BASE 65) ]
TOTAL THIS MO. 18 CLEAR (SCALE 0-3) 18
DPTR FM NORMAL M PTCLDY (SCALE 4-7) 13
TOTAL FM JUL 1 18 CLOUDY (SCALE 8-10) 0
DPTR FM NORMAL M
[CDD (BASE 65) ]
TOTAL THIS MO. 257
DPTR FM NORMAL M [PRESSURE DATA]
TOTAL FM JAN 1 2833 HIGHEST SLP M ON M
DPTR FM NORMAL M LOWEST SLP M ON M
[REMARKS]
#FINAL-10-21#