557
CXUS54 KEWX 011110
CF6T82
PRELIMINARY LOCAL CLIMATOLOGICAL DATA (WS FORM: F-6)
STATION: FREDERICKSBURG
MONTH: FEBRUARY
YEAR: 2021
LATITUDE: 30 15 N
LONGITUDE: 98 55 W
TEMPERATURE IN F: :PCPN: SNOW: WIND :SUNSHINE: SKY :PK WND
================================================================================
1 2 3 4 5 6A 6B 7 8 9 10 11 12 13 14 15 16 17 18
12Z AVG MX 2MIN
DY MAX MIN AVG DEP HDD CDD WTR SNW DPTH SPD SPD DIR MIN PSBL S-S WX SPD DR
================================================================================
1 62 31 47 M 18 0 0.00 M M 3.6 9 40 M M 0 16 20
2 65 32 49 M 16 0 0.00 M M 4.9 13 210 M M 0 22 200
3 73 36 55 M 10 0 0.00 M M 5.9 16 220 M M 0 21 210
4 80 50 65 M 0 0 0.00 M M 10.8 18 360 M M 4 25 280
5 64 43 54 M 11 0 0.00 M M 6.3 10 360 M M 5 16 60
6 70 35 53 M 12 0 0.00 M M 9.4 21 340 M M 4 1 29 340
7 68 28 48 M 17 0 0.00 M M 6.5 18 210 M M 0 26 210
8 72 47 60 M 5 0 0.00 M M 8.4 20 220 M M 5 24 220
9 72 45 59 M 6 0 0.00 M M 4.8 9 210 M M 7 1 16 100
10 50 33 42 M 23 0 0.00 M M 6.3 10 20 M M 10 1 16 360
11 31 28 30 M 35 0 1.34 M M 5.3 10 10 M M 5 13 18 360
12 29 26 28 M 37 0 0.00 M M 3.6 6 10 M M 8 1 M M
13 26 23 25 M 40 0 0.00 M M 1.9 6 10 M M 10 1 M M
14 26 25 26 M 39 0 0.00 M M 0.0 M M M M 10 1 M M
15 M M M M M M 0.00 M M M M M M M M M M
16 M M M M M M 0.00 M M M M M M M M M M
17 M M M M M M 0.00 M M M M M M M 0 M M
18 27 21 24 M 41 0 0.00 M M 9.9 16 M M M 1 17 340
19 44 15 30 M 35 0 0.00 M M 2.7 6 210 M M 0 M M
20 58 22 40 M 25 0 0.00 M M 6.9 18 180 M M 0 23 180
21 72 46 59 M 6 0 0.00 M M 9.9 20 220 M M 5 25 200
22 73 32 53 M 12 0 0.00 M M 3.6 13 220 M M 0 20 220
23 74 36 55 M 10 0 0.00 M M 8.2 18 220 M M 0 25 180
24 81 53 67 M 0 2 0.00 M M 7.8 15 210 M M 5 22 210
25 59 47 53 M 12 0 0.01 M M 6.7 13 60 M M 10 1 17 70
26 60 42 51 M 14 0 0.01 M M 3.3 13 350 M M 10 12 17 350
27 71 56 64 M 1 0 0.03 M M 4.0 10 160 M M 9 12 22 160
28 74 54 64 M 1 0 0.00 M M 7.1 16 10 M M 9 1 21 10
================================================================================
SM 1481 906 426 2 1.39 M 147.7 M 117
================================================================================
AV 59.2 36.2 5.9 FASTST M M 5 MAX(MPH)
MISC ----> 21 340 29 340
================================================================================
NOTES:
# LAST OF SEVERAL OCCURRENCES
COLUMN 17 PEAK WIND IN M.P.H.
PRELIMINARY LOCAL CLIMATOLOGICAL DATA (WS FORM: F-6) , PAGE 2
STATION: FREDERICKSBURG
MONTH: FEBRUARY
YEAR: 2021
LATITUDE: 30 15 N
LONGITUDE: 98 55 W
[TEMPERATURE DATA] [PRECIPITATION DATA] SYMBOLS USED IN COLUMN 16
AVERAGE MONTHLY: 47.7 TOTAL FOR MONTH: 1.39 1 = FOG OR MIST
DPTR FM NORMAL: 0.0 DPTR FM NORMAL: 1.39 2 = FOG REDUCING VISIBILITY
HIGHEST: 81 ON 24 GRTST 24HR 1.34 ON 11-11 TO 1/4 MILE OR LESS
LOWEST: 15 ON 19 3 = THUNDER
SNOW, ICE PELLETS, HAIL 4 = ICE PELLETS
TOTAL MONTH: M 5 = HAIL
GRTST 24HR M ON M 6 = FREEZING RAIN OR DRIZZLE
GRTST DEPTH: M ON M 7 = DUSTSTORM OR SANDSTORM:
VSBY 1/2 MILE OR LESS
8 = SMOKE OR HAZE
[NO. OF DAYS WITH] [WEATHER - DAYS WITH] 9 = BLOWING SNOW
X = TORNADO
MAX 32 OR BELOW: 5 0.01 INCH OR MORE: 4
MAX 90 OR ABOVE: 0 0.10 INCH OR MORE: 1
MIN 32 OR BELOW: 11 0.50 INCH OR MORE: 1
MIN 0 OR BELOW: 0 1.00 INCH OR MORE: 1
[HDD (BASE 65) ]
TOTAL THIS MO. 426 CLEAR (SCALE 0-3) 10
DPTR FM NORMAL M PTCLDY (SCALE 4-7) 8
TOTAL FM JUL 1 1788 CLOUDY (SCALE 8-10) 10
DPTR FM NORMAL M
[CDD (BASE 65) ]
TOTAL THIS MO. 2
DPTR FM NORMAL M [PRESSURE DATA]
TOTAL FM JAN 1 2 HIGHEST SLP M ON M
DPTR FM NORMAL M LOWEST SLP M ON M
[REMARKS]
#FINAL-02-21#