000
CXUS54 KBMX 011110
CF6TCL
PRELIMINARY LOCAL CLIMATOLOGICAL DATA (WS FORM: F-6)
STATION: TUSCALOOSA
MONTH: MARCH
YEAR: 2020
LATITUDE: 33 13 N
LONGITUDE: 87 37 W
TEMPERATURE IN F: :PCPN: SNOW: WIND :SUNSHINE: SKY :PK WND
================================================================================
1 2 3 4 5 6A 6B 7 8 9 10 11 12 13 14 15 16 17 18
12Z AVG MX 2MIN
DY MAX MIN AVG DEP HDD CDD WTR SNW DPTH SPD SPD DIR MIN PSBL S-S WX SPD DR
================================================================================
1 70 35 53 0 12 0 0.00 0.0 0 6.6 21 180 M M 0 8 27 190
2 68 56 62 9 3 0 0.58 0.0 0 7.5 17 190 M M 8 1 23 190
3 75 61 68 15 0 3 0.54 0.0 0 4.0 14 300 M M 7 13 19 290
4 62 53 58 5 7 0 2.40 0.0 0 5.5 16 50 M M 9 13 19 140
5 63 45 54 0 11 0 0.91 0.0 0 6.1 20 10 M M 8 123 23 10
6 63 41 52 -2 13 0 0.00 0.0 0 8.1 21 350 M M 1 12 26 340
7 64 33 49 -5 16 0 0.00 0.0 0 5.5 15 30 M M 0 18 20
8 70 37 54 0 11 0 0.00 0.0 0 5.8 15 150 M M 0 8 20 140
9 73 44 59 4 6 0 T 0.0 0 8.6 20 190 M M 2 8 25 190
10 74 59 67 12 0 2 0.34 0.0 0 6.5 13 200 M M 3 18 17 170
11 72 58 65 10 0 0 0.08 0.0 0 4.7 10 180 M M 8 12 14 180
12 82 60 71 16 0 6 0.00 0.0 0 9.0 24 200 M M 2 1 29 200
13 75 59 67 11 0 2 T 0.0 0 7.0 17 30 M M 8 20 30
14 81 55 68 12 0 3 T 0.0 0 3.2 14 210 M M 3 17 200
15 72 53 63 7 2 0 0.01 0.0 0 7.0 14 10 M M 9 1 18 30
16 79 52 66 10 0 1 0.00 0.0 0 3.9 10 10 M M 6 12 40
17 81 61 71 15 0 6 0.00 0.0 0 1.2 9 40 M M 3 11 30
18 81 60 71 14 0 6 0.00 0.0 0 7.2 18 200 M M 3 1 24 190
19 82 68 75 18 0 10 0.02 0.0 0 8.2 16 170 M M 6 23 190
20 83 63 73 16 0 8 0.18 0.0 0 7.3 21 320 M M 6 1 27 320
21 66 50 58 1 7 0 0.02 0.0 0 7.8 14 10 M M 9 1 18 10
22 69 49 59 1 6 0 0.20 0.0 0 4.8 10 140 M M 7 1 15 110
23 75 62 69 11 0 4 0.55 0.0 0 6.2 15 260 M M 8 13 20 260
24 83 62 73 15 0 8 0.44 0.0 0 7.2 23 210 M M 8 1 31 200
25 79 57 68 10 0 3 0.05 0.0 0 4.0 10 260 M M 3 1 14 320
26 86 52 69 11 0 4 0.00 0.0 0 5.8 15 170 M M 0 1 21 200
27 84 64 74 16 0 9 0.00 0.0 0 6.6 13 170 M M 2 18 19 170
28 86 70 78 19 0 13 0.00 0.0 0 9.7 20 190 M M 4 1 25 180
29 78 60 69 10 0 4 0.07 0.0 0 5.2 24 300 M M 2 138 30 300
30 77 56 67 8 0 2 T 0.0 0 4.8 13 10 M M 1 15 360
31 63 45 54 -5 11 0 0.69 M 0 7.1 26 310 M M 8 1 36 310
================================================================================
SM 2316 1680 105 94 7.08 0.0 192.1 M 144
================================================================================
AV 74.7 54.2 6.2 FASTST M M 5 MAX(MPH)
MISC ----> # 26 310 # 36 310
================================================================================
NOTES:
# LAST OF SEVERAL OCCURRENCES
COLUMN 17 PEAK WIND IN M.P.H.
PRELIMINARY LOCAL CLIMATOLOGICAL DATA (WS FORM: F-6) , PAGE 2
STATION: TUSCALOOSA
MONTH: MARCH
YEAR: 2020
LATITUDE: 33 13 N
LONGITUDE: 87 37 W
[TEMPERATURE DATA] [PRECIPITATION DATA] SYMBOLS USED IN COLUMN 16
AVERAGE MONTHLY: 64.5 TOTAL FOR MONTH: 7.08 1 = FOG OR MIST
DPTR FM NORMAL: 8.4 DPTR FM NORMAL: 2.54 2 = FOG REDUCING VISIBILITY
HIGHEST: 86 ON 28,26 GRTST 24HR 2.40 ON 4- 4 TO 1/4 MILE OR LESS
LOWEST: 33 ON 7 3 = THUNDER
SNOW, ICE PELLETS, HAIL 4 = ICE PELLETS
TOTAL MONTH: 0.0 INCH 5 = HAIL
GRTST 24HR 0.0 6 = FREEZING RAIN OR DRIZZLE
GRTST DEPTH: 0 7 = DUSTSTORM OR SANDSTORM:
VSBY 1/2 MILE OR LESS
8 = SMOKE OR HAZE
[NO. OF DAYS WITH] [WEATHER - DAYS WITH] 9 = BLOWING SNOW
X = TORNADO
MAX 32 OR BELOW: 0 0.01 INCH OR MORE: 16
MAX 90 OR ABOVE: 0 0.10 INCH OR MORE: 10
MIN 32 OR BELOW: 0 0.50 INCH OR MORE: 6
MIN 0 OR BELOW: 0 1.00 INCH OR MORE: 1
[HDD (BASE 65) ]
TOTAL THIS MO. 105 CLEAR (SCALE 0-3) 13
DPTR FM NORMAL -189 PTCLDY (SCALE 4-7) 14
TOTAL FM JUL 1 1779 CLOUDY (SCALE 8-10) 4
DPTR FM NORMAL -605
[CDD (BASE 65) ]
TOTAL THIS MO. 94
DPTR FM NORMAL 76 [PRESSURE DATA]
TOTAL FM JAN 1 103 HIGHEST SLP 30.56 ON 7
DPTR FM NORMAL 80 LOWEST SLP 29.65 ON 31
[REMARKS]
#FINAL-03-20#