000
CXUS54 KFWD 010839
CF6TKI
PRELIMINARY LOCAL CLIMATOLOGICAL DATA (WS FORM: F-6)
STATION: MCKINNEY
MONTH: FEBRUARY
YEAR: 2024
LATITUDE: 33 10 N
LONGITUDE: 96 35 W
TEMPERATURE IN F: :PCPN: SNOW: WIND :SUNSHINE: SKY :PK WND
================================================================================
1 2 3 4 5 6A 6B 7 8 9 10 11 12 13 14 15 16 17 18
12Z AVG MX 2MIN
DY MAX MIN AVG DEP HDD CDD WTR SNW DPTH SPD SPD DIR MIN PSBL S-S WX SPD DR
================================================================================
1 71 43 57 11 8 0 0.00 M M 8.3 20 150 M M 1 25 150
2 65 53 59 13 6 0 0.67 M M 11.4 37 220 M M 7 13 57 220
3 62 52 57 10 8 0 0.24 M M 8.3 18 150 M M 7 13 26 140
4 63 49 56 9 9 0 0.02 M M 11.4 25 330 M M 9 1 32 350
5 61 45 53 6 12 0 T M M 12.1 22 340 M M 4 29 350
6 65 37 51 4 14 0 0.00 M M 3.7 8 120 M M 0 11 110
7 66 46 56 9 9 0 0.00 M M 10.0 23 160 M M 1 29 150
8 69 52 61 13 4 0 0.00 M M 8.6 16 220 M M 2 23 220
9 72 47 60 12 5 0 0.00 M M 5.7 18 180 M M 2 25 190
10 56 51 54 6 11 0 0.24 M M 5.4 13 60 M M 8 17 70
11 52 40 46 -2 19 0 0.48 M M 12.7 18 360 M M 10 13 25 350
12 54 37 46 -2 19 0 0.00 M M 14.0 24 320 M M 5 32 310
13 63 30 47 -1 18 0 0.00 M M 4.8 14 150 M M 0 19 170
14 67 37 52 3 13 0 0.00 M M 9.5 24 180 M M 0 29 180
15 69 44 57 8 8 0 0.00 M M 7.1 13 190 M M 0 18 190
16 70 39 55 6 10 0 0.00 M M 14.3 25 10 M M 3 35 20
17 44 32 38 -11 27 0 0.00 M M 16.0 26 10 M M 8 36 10
18 52 25 39 -11 26 0 0.00 M M 4.2 14 340 M M 0 18 350
19 66 32 49 -1 16 0 0.00 M M 9.5 24 190 M M 0 33 170
20 79 36 58 8 7 0 0.00 M M 7.1 21 180 M M 0 27 180
21 80 54 67 17 0 2 0.00 M M 16.0 29 190 M M 1 1 39 200
22 79 61 70 20 0 5 0.00 M M 13.4 29 180 M M 2 41 210
23 72 48 60 9 5 0 0.00 M M 10.6 22 340 M M 0 29 360
24 76 41 59 8 6 0 0.00 M M 5.8 15 260 M M 0 22 230
25 82 52 67 16 0 2 0.00 M M 11.7 24 190 M M 0 32 190
26 91 52 72 20 0 7 0.00 M M 12.2 22 180 M M 1 12 30 190
27 78 66 72 20 0 7 0.00 M M 15.8 24 190 M M 3 34 200
28 74 38 56 4 9 0 0.00 M M 14.0 31 350 M M 2 41 340
29 52 39 46 -6 19 0 0.08 M M 6.5 17 70 M M 7 25 60
================================================================================
SM 1950 1278 288 23 1.73 M 290.1 M 83
================================================================================
AV 67.2 44.1 10.0 FASTST M M 3 MAX(MPH)
MISC ----> 37 220 57 220
================================================================================
NOTES:
# LAST OF SEVERAL OCCURRENCES
COLUMN 17 PEAK WIND IN M.P.H.
PRELIMINARY LOCAL CLIMATOLOGICAL DATA (WS FORM: F-6) , PAGE 2
STATION: MCKINNEY
MONTH: FEBRUARY
YEAR: 2024
LATITUDE: 33 10 N
LONGITUDE: 96 35 W
[TEMPERATURE DATA] [PRECIPITATION DATA] SYMBOLS USED IN COLUMN 16
AVERAGE MONTHLY: 55.7 TOTAL FOR MONTH: 1.73 1 = FOG OR MIST
DPTR FM NORMAL: 6.8 DPTR FM NORMAL: -0.84 2 = FOG REDUCING VISIBILITY
HIGHEST: 91 ON 26 GRTST 24HR 0.91 ON 2- 3 TO 1/4 MILE OR LESS
LOWEST: 25 ON 18 3 = THUNDER
SNOW, ICE PELLETS, HAIL 4 = ICE PELLETS
TOTAL MONTH: M 5 = HAIL
GRTST 24HR M ON M 6 = FREEZING RAIN OR DRIZZLE
GRTST DEPTH: M ON M 7 = DUSTSTORM OR SANDSTORM:
VSBY 1/2 MILE OR LESS
8 = SMOKE OR HAZE
[NO. OF DAYS WITH] [WEATHER - DAYS WITH] 9 = BLOWING SNOW
X = TORNADO
MAX 32 OR BELOW: 0 0.01 INCH OR MORE: 6
MAX 90 OR ABOVE: 1 0.10 INCH OR MORE: 4
MIN 32 OR BELOW: 4 0.50 INCH OR MORE: 1
MIN 0 OR BELOW: 0 1.00 INCH OR MORE: 0
[HDD (BASE 65) ]
TOTAL THIS MO. 288 CLEAR (SCALE 0-3) 18
DPTR FM NORMAL -169 PTCLDY (SCALE 4-7) 9
TOTAL FM JUL 1 1888 CLOUDY (SCALE 8-10) 2
DPTR FM NORMAL -219
[CDD (BASE 65) ]
TOTAL THIS MO. 23
DPTR FM NORMAL 17 [PRESSURE DATA]
TOTAL FM JAN 1 23 HIGHEST SLP 30.47 ON 29
DPTR FM NORMAL 15 LOWEST SLP 29.50 ON 4
[REMARKS]
#FINAL-02-24#