988
CXUS54 KFWD 010731
CF6TKI
PRELIMINARY LOCAL CLIMATOLOGICAL DATA (WS FORM: F-6)
STATION: MCKINNEY
MONTH: SEPTEMBER
YEAR: 2020
LATITUDE: 33 10 N
LONGITUDE: 96 35 W
TEMPERATURE IN F: :PCPN: SNOW: WIND :SUNSHINE: SKY :PK WND
================================================================================
1 2 3 4 5 6A 6B 7 8 9 10 11 12 13 14 15 16 17 18
12Z AVG MX 2MIN
DY MAX MIN AVG DEP HDD CDD WTR SNW DPTH SPD SPD DIR MIN PSBL S-S WX SPD DR
================================================================================
1 88 71 80 -1 0 15 1.75 0.0 0 11.6 29 300 M M 7 13 38 310
2 81 73 77 -4 0 12 0.40 0.0 0 6.3 14 210 M M 5 1 19 140
3 83 71 77 -3 0 12 0.00 0.0 0 4.8 13 180 M M 5 16 170
4 87 71 79 -1 0 14 0.00 0.0 0 3.5 12 150 M M 5 1 15 130
5 91 74 83 3 0 18 T 0.0 0 3.4 12 90 M M 1 3 17 70
6 90 71 81 2 0 16 0.00 0.0 0 6.0 14 190 M M 0 1 21 160
7 93 73 83 4 0 18 0.00 0.0 0 8.7 17 170 M M 1 24 180
8 90 74 82 4 0 17 T 0.0 0 10.6 23 160 M M 2 13 30 150
9 85 65 75 -3 0 10 2.11 0.0 0 6.0 18 280 M M 6 13 26 280
10 69 57 63 -15 2 0 0.36 0.0 0 9.4 17 330 M M 9 1 22 320
11 78 63 71 -6 0 6 0.00 0.0 0 6.2 13 360 M M 6 23 320
12 86 65 76 -1 0 11 0.00 0.0 0 4.2 10 350 M M 0 13 350
13 87 67 77 0 0 12 0.00 0.0 0 7.6 15 10 M M 1 19 10
14 87 65 76 0 0 11 0.00 0.0 0 7.1 14 20 M M 4 20 40
15 88 72 80 4 0 15 0.00 0.0 0 5.9 13 30 M M 5 16 30
16 88 69 79 4 0 14 T 0.0 0 4.6 13 50 M M 0 16 350
17 88 67 78 3 0 13 0.00 0.0 0 6.2 15 20 M M 2 23 350
18 84 63 74 -1 0 9 0.00 0.0 0 6.8 15 30 M M 1 22 50
19 79 60 70 -4 0 5 0.00 0.0 0 6.1 13 40 M M 0 18 90
20 82 54 68 -6 0 3 0.00 0.0 0 6.2 16 60 M M 1 22 50
21 74 64 69 -5 0 4 0.41 0.0 0 8.3 20 50 M M 8 18 26 50
22 72 65 69 -4 0 4 0.12 0.0 0 6.9 14 50 M M 10 18 17 50
23 73 62 68 -5 0 3 T 0.0 0 7.7 14 10 M M 10 1 17 10
24 79 61 70 -2 0 5 0.00 0.0 0 6.5 14 10 M M 6 19 30
25 80 57 69 -3 0 4 0.00 0.0 0 6.1 18 170 M M 0 22 180
26 86 63 75 3 0 10 0.00 0.0 0 10.4 20 140 M M 3 1 24 140
27 88 62 75 4 0 10 0.01 0.0 0 14.0 31 10 M M 7 48 10
28 77 52 65 -6 0 0 T 0.0 0 12.3 31 20 M M 2 43 30
29 82 47 65 -5 0 0 0.00 0.0 0 5.6 20 310 M M 0 26 340
30 91 50 71 1 0 6 0.00 0.0 0 4.6 13 200 M M 0 18 200
================================================================================
SM 2506 1928 2 277 5.16 0.0 213.6 M 107
================================================================================
AV 83.5 64.3 7.1 FASTST M M 4 MAX(MPH)
MISC ----> # 31 10 # 48 10
================================================================================
NOTES:
# LAST OF SEVERAL OCCURRENCES
COLUMN 17 PEAK WIND IN M.P.H.
PRELIMINARY LOCAL CLIMATOLOGICAL DATA (WS FORM: F-6) , PAGE 2
STATION: MCKINNEY
MONTH: SEPTEMBER
YEAR: 2020
LATITUDE: 33 10 N
LONGITUDE: 96 35 W
[TEMPERATURE DATA] [PRECIPITATION DATA] SYMBOLS USED IN COLUMN 16
AVERAGE MONTHLY: 73.9 TOTAL FOR MONTH: 5.16 1 = FOG OR MIST
DPTR FM NORMAL: -1.7 DPTR FM NORMAL: 2.04 2 = FOG REDUCING VISIBILITY
HIGHEST: 93 ON 7 GRTST 24HR 2.11 ON 9- 9 TO 1/4 MILE OR LESS
LOWEST: 47 ON 29 3 = THUNDER
SNOW, ICE PELLETS, HAIL 4 = ICE PELLETS
TOTAL MONTH: 0.0 INCH 5 = HAIL
GRTST 24HR 0.0 6 = FREEZING RAIN OR DRIZZLE
GRTST DEPTH: 0 7 = DUSTSTORM OR SANDSTORM:
VSBY 1/2 MILE OR LESS
8 = SMOKE OR HAZE
[NO. OF DAYS WITH] [WEATHER - DAYS WITH] 9 = BLOWING SNOW
X = TORNADO
MAX 32 OR BELOW: 0 0.01 INCH OR MORE: 7
MAX 90 OR ABOVE: 5 0.10 INCH OR MORE: 6
MIN 32 OR BELOW: 0 0.50 INCH OR MORE: 2
MIN 0 OR BELOW: 0 1.00 INCH OR MORE: 2
[HDD (BASE 65) ]
TOTAL THIS MO. 2 CLEAR (SCALE 0-3) 16
DPTR FM NORMAL -7 PTCLDY (SCALE 4-7) 11
TOTAL FM JUL 1 2 CLOUDY (SCALE 8-10) 3
DPTR FM NORMAL -7
[CDD (BASE 65) ]
TOTAL THIS MO. 277
DPTR FM NORMAL -50 [PRESSURE DATA]
TOTAL FM JAN 1 2352 HIGHEST SLP M ON M
DPTR FM NORMAL 118 LOWEST SLP 29.69 ON 1
[REMARKS]
#FINAL-09-20#