000
CXUS54 KFWD 020337
CF6TKI
PRELIMINARY LOCAL CLIMATOLOGICAL DATA (WS FORM: F-6)
STATION: MCKINNEY
MONTH: FEBRUARY
YEAR: 2020
LATITUDE: 33 10 N
LONGITUDE: 96 35 W
TEMPERATURE IN F: :PCPN: SNOW: WIND :SUNSHINE: SKY :PK WND
================================================================================
1 2 3 4 5 6A 6B 7 8 9 10 11 12 13 14 15 16 17 18
12Z AVG MX 2MIN
DY MAX MIN AVG DEP HDD CDD WTR SNW DPTH SPD SPD DIR MIN PSBL S-S WX SPD DR
================================================================================
1 64 28 46 1 19 0 0.00 0.0 0 3.7 14 290 M M 0 16 290
2 79 37 58 13 7 0 0.00 0.0 0 10.1 22 180 M M 0 26 200
3 71 52 62 16 3 0 0.05 0.0 0 13.6 25 190 M M 4 32 190
4 65 38 52 6 13 0 0.08 M 0 13.5 22 340 M M 10 1 29 340
5 38 32 35 -11 30 0 0.21 M 0 14.4 21 350 M M 10 1 27 310
6 45 28 37 -9 28 0 0.00 0.0 M 11.3 21 320 M M 2 27 320
7 57 27 42 -4 23 0 T 0.0 0 5.5 15 340 M M 2 19 310
8 64 33 49 2 16 0 0.00 0.0 0 7.4 18 160 M M 4 24 150
9 66 54 60 13 5 0 0.05 0.0 0 11.0 23 320 M M 10 1 30 330
10 54 40 47 0 18 0 0.45 0.0 0 13.2 25 360 M M 9 13 29 360
11 45 41 43 -4 22 0 0.31 0.0 0 11.0 21 20 M M 10 1 26 10
12 47 41 44 -4 21 0 1.46 0.0 0 8.6 18 300 M M 9 1 23 290
13 44 29 37 -11 28 0 0.00 0.0 0 10.7 24 360 M M 5 29 360
14 50 24 37 -11 28 0 0.00 0.0 0 6.7 13 150 M M 0 17 150
15 63 35 49 1 16 0 0.00 0.0 0 12.0 22 190 M M 0 27 180
16 74 42 58 10 7 0 0.00 0.0 0 8.7 17 170 M M 1 12 22 160
17 76 58 67 18 0 2 0.00 0.0 0 12.9 24 190 M M 4 29 190
18 64 47 56 7 9 0 0.03 0.0 0 10.8 23 10 M M 9 138 28 10
19 50 39 45 -4 20 0 0.48 0.0 0 9.2 16 60 M M 7 1 19 60
20 54 35 45 -4 20 0 0.18 0.0 0 13.9 26 30 M M 7 1 32 30
21 50 27 39 -11 26 0 0.00 0.0 0 5.0 13 20 M M 0 15 10
22 57 36 47 -3 18 0 0.00 0.0 0 9.8 20 160 M M 2 24 170
23 60 47 54 4 11 0 0.01 0.0 0 12.7 26 190 M M 7 1 36 180
24 64 44 54 4 11 0 0.00 0.0 0 16.2 30 290 M M 2 37 280
25 60 41 51 0 14 0 0.00 0.0 0 11.6 25 320 M M 3 30 310
26 49 30 40 -11 25 0 T 0.0 0 16.4 30 330 M M 5 40 300
27 60 24 42 -9 23 0 0.00 0.0 0 6.3 16 220 M M 0 21 220
28 65 35 50 -1 15 0 0.00 0.0 0 6.6 13 310 M M 0 17 300
29 75 36 56 4 9 0 0.00 0.0 0 10.8 29 170 M M 0 37 170
================================================================================
SM 1710 1080 485 2 3.31 0.0 303.6 M 122
================================================================================
AV 59.0 37.2 10.5 FASTST M M 4 MAX(MPH)
MISC ----> # 30 290 # 40 300
================================================================================
NOTES:
# LAST OF SEVERAL OCCURRENCES
COLUMN 17 PEAK WIND IN M.P.H.
PRELIMINARY LOCAL CLIMATOLOGICAL DATA (WS FORM: F-6) , PAGE 2
STATION: MCKINNEY
MONTH: FEBRUARY
YEAR: 2020
LATITUDE: 33 10 N
LONGITUDE: 96 35 W
[TEMPERATURE DATA] [PRECIPITATION DATA] SYMBOLS USED IN COLUMN 16
AVERAGE MONTHLY: 48.1 TOTAL FOR MONTH: 3.31 1 = FOG OR MIST
DPTR FM NORMAL: -0.1 DPTR FM NORMAL: 0.36 2 = FOG REDUCING VISIBILITY
HIGHEST: 79 ON 2 GRTST 24HR 1.46 ON 12-12 TO 1/4 MILE OR LESS
LOWEST: 24 ON 27,14 3 = THUNDER
SNOW, ICE PELLETS, HAIL 4 = ICE PELLETS
TOTAL MONTH: 0.0 INCH 5 = HAIL
GRTST 24HR 0.0 6 = FREEZING RAIN OR DRIZZLE
GRTST DEPTH: 0 7 = DUSTSTORM OR SANDSTORM:
VSBY 1/2 MILE OR LESS
8 = SMOKE OR HAZE
[NO. OF DAYS WITH] [WEATHER - DAYS WITH] 9 = BLOWING SNOW
X = TORNADO
MAX 32 OR BELOW: 0 0.01 INCH OR MORE: 11
MAX 90 OR ABOVE: 0 0.10 INCH OR MORE: 6
MIN 32 OR BELOW: 9 0.50 INCH OR MORE: 1
MIN 0 OR BELOW: 0 1.00 INCH OR MORE: 1
[HDD (BASE 65) ]
TOTAL THIS MO. 485 CLEAR (SCALE 0-3) 14
DPTR FM NORMAL 10 PTCLDY (SCALE 4-7) 8
TOTAL FM JUL 1 2044 CLOUDY (SCALE 8-10) 7
DPTR FM NORMAL -148
[CDD (BASE 65) ]
TOTAL THIS MO. 2
DPTR FM NORMAL -2 [PRESSURE DATA]
TOTAL FM JAN 1 6 HIGHEST SLP 30.78 ON 21
DPTR FM NORMAL 1 LOWEST SLP 29.71 ON 4
[REMARKS]
#FINAL-02-20#