000
CXUS52 KTAE 010900
CF6TLH
PRELIMINARY LOCAL CLIMATOLOGICAL DATA (WS FORM: F-6)
STATION: TALLAHASSEE
MONTH: NOVEMBER
YEAR: 2022
LATITUDE: 30 22 N
LONGITUDE: 84 22 W
TEMPERATURE IN F: :PCPN: SNOW: WIND :SUNSHINE: SKY :PK WND
================================================================================
1 2 3 4 5 6A 6B 7 8 9 10 11 12 13 14 15 16 17 18
12Z AVG MX 2MIN
DY MAX MIN AVG DEP HDD CDD WTR SNW DPTH SPD SPD DIR MIN PSBL S-S WX SPD DR
================================================================================
1 82 55 69 5 0 4 0.00 M M 4.1 13 360 M M 1 15 360
2 86 55 71 7 0 6 0.00 0.0 0 3.0 14 100 M M 4 17 90
3 86 64 75 11 0 10 0.00 0.0 0 5.3 14 70 M M 2 17 110
4 84 57 71 8 0 6 0.00 M M 4.8 16 80 M M 1 20 90
5 85 59 72 9 0 7 0.00 M M 3.7 14 150 M M 5 1 18 170
6 88 69 79 16 0 14 0.00 0.0 0 5.0 17 110 M M 6 1 22 110
7 88 65 77 15 0 12 0.00 0.0 0 6.0 16 60 M M 2 20 30
8 87 62 75 13 0 10 0.00 0.0 0 7.6 20 60 M M 1 29 60
9 72 58 65 3 0 0 0.00 0.0 0 11.2 20 30 M M 2 28 40
10 68 63 66 4 0 1 1.03 0.0 0 14.6 28 360 M M 8 1 40 350
11 78 63 71 10 0 6 0.02 0.0 0 10.0 21 230 M M 9 1 29 230
12 83 62 73 12 0 8 0.00 0.0 0 6.9 18 260 M M 6 1 23 260
13 66 40 53 -8 12 0 0.00 0.0 0 8.9 17 330 M M 3 23 340
14 70 40 55 -5 10 0 0.00 0.0 M 6.4 13 80 M M 2 16 70
15 76 59 68 8 0 3 0.02 0.0 M 7.0 16 330 M M 9 12 20 330
16 64 50 57 -3 8 0 0.00 0.0 M 9.5 16 340 M M 7 23 330
17 57 44 51 -9 14 0 0.00 M M 6.8 15 340 M M 6 23 320
18 60 34 47 -12 18 0 0.00 0.0 M 5.3 13 350 M M 0 19 10
19 60 36 48 -11 17 0 0.04 0.0 M 4.7 13 360 M M 8 17 40
20 50 42 46 -13 19 0 0.09 0.0 0 6.3 12 360 M M 10 15 350
21 70 41 56 -3 9 0 0.00 0.0 0 5.8 10 80 M M 1 14 60
22 72 53 63 5 2 0 0.00 0.0 0 5.6 12 70 M M 2 16 90
23 76 57 67 9 0 2 0.00 0.0 0 5.3 12 30 M M 4 15 30
24 78 55 67 9 0 2 0.00 0.0 0 6.5 12 80 M M 9 1 15 70
25 78 64 71 13 0 6 0.12 0.0 0 5.1 13 360 M M 10 12 16 240
26 71 61 66 8 0 1 T 0.0 M 6.5 14 90 M M 10 1 17 110
27 76 49 63 5 2 0 0.22 0.0 M 9.6 22 270 M M 6 1 27 270
28 78 45 62 5 3 0 0.00 0.0 M 3.4 18 290 M M 2 23 260
29 78 52 65 8 0 0 0.00 0.0 M 4.8 14 170 M M 7 1 18 150
30 77 57 67 10 0 2 0.93 0.0 0 5.5 26 320 M M 6 1238 34 310
================================================================================
SM 2244 1611 114 100 2.47 0.0 195.2 M 149
================================================================================
AV 74.8 53.7 6.5 FASTST M M 5 MAX(MPH)
MISC ----> 28 360 40 350
================================================================================
NOTES:
# LAST OF SEVERAL OCCURRENCES
COLUMN 17 PEAK WIND IN M.P.H.
PRELIMINARY LOCAL CLIMATOLOGICAL DATA (WS FORM: F-6) , PAGE 2
STATION: TALLAHASSEE
MONTH: NOVEMBER
YEAR: 2022
LATITUDE: 30 22 N
LONGITUDE: 84 22 W
[TEMPERATURE DATA] [PRECIPITATION DATA] SYMBOLS USED IN COLUMN 16
AVERAGE MONTHLY: 64.3 TOTAL FOR MONTH: 2.47 1 = FOG OR MIST
DPTR FM NORMAL: 4.0 DPTR FM NORMAL: -0.63 2 = FOG REDUCING VISIBILITY
HIGHEST: 88 ON 7, 6 GRTST 24HR 1.05 ON 10-11 TO 1/4 MILE OR LESS
LOWEST: 34 ON 18 3 = THUNDER
SNOW, ICE PELLETS, HAIL 4 = ICE PELLETS
TOTAL MONTH: 0.0 INCH 5 = HAIL
GRTST 24HR 0.0 6 = FREEZING RAIN OR DRIZZLE
GRTST DEPTH: 0 7 = DUSTSTORM OR SANDSTORM:
VSBY 1/2 MILE OR LESS
8 = SMOKE OR HAZE
[NO. OF DAYS WITH] [WEATHER - DAYS WITH] 9 = BLOWING SNOW
X = TORNADO
MAX 32 OR BELOW: 0 0.01 INCH OR MORE: 8
MAX 90 OR ABOVE: 0 0.10 INCH OR MORE: 4
MIN 32 OR BELOW: 0 0.50 INCH OR MORE: 2
MIN 0 OR BELOW: 0 1.00 INCH OR MORE: 1
[HDD (BASE 65) ]
TOTAL THIS MO. 114 CLEAR (SCALE 0-3) 12
DPTR FM NORMAL -76 PTCLDY (SCALE 4-7) 12
TOTAL FM JUL 1 169 CLOUDY (SCALE 8-10) 6
DPTR FM NORMAL -60
[CDD (BASE 65) ]
TOTAL THIS MO. 100
DPTR FM NORMAL 53 [PRESSURE DATA]
TOTAL FM JAN 1 2904 HIGHEST SLP 30.38 ON 20
DPTR FM NORMAL 162 LOWEST SLP 29.37 ON 10
[REMARKS]
#FINAL-11-22#