000
CXUS52 KTAE 011344
CLMTLH
CLIMATE REPORT
NATIONAL WEATHER SERVICE TALLAHASSEE FL
944 AM EDT SUN OCT 01 2023
...................................
...THE TALLAHASSEE CLIMATE SUMMARY FOR THE MONTH OF SEPTEMBER 2023...
CLIMATE NORMAL PERIOD 1991 TO 2020
CLIMATE RECORD PERIOD 1896 TO 2023
WEATHER OBSERVED NORMAL DEPART LAST YEAR`S
VALUE DATE(S) VALUE FROM VALUE DATE(S)
NORMAL
................................................................
TEMPERATURE (F)
RECORD
HIGH 102 09/16/1927
LOW 40 09/30/1967
HIGHEST 96 09/06 MM MM 96 09/22
LOWEST 57 09/23 MM MM 59 09/30
AVG. MAXIMUM 89.7 88.6 1.1 88.7
AVG. MINIMUM 69.6 69.6 0.0 69.4
MEAN 79.6 79.1 0.5 79.1
DAYS MAX >= 90 17 16.6 0.4 15
DAYS MAX <= 32 0 0.0 0.0 0
DAYS MIN <= 32 0 0.0 0.0 0
DAYS MIN <= 0 0 0.0 0.0 0
PRECIPITATION (INCHES)
RECORD
MAXIMUM 23.85 1924
MINIMUM T 2019
TOTALS 5.29 4.91 0.38 2.25
SNOWFALL (INCHES)
RECORDS
TOTAL MM MM
TOTALS 0.0 MM MM 0.0
SINCE 7/1 MM MM MM MM
DEGREE DAYS
HEATING TOTAL 0 0 0 0
SINCE 7/1 0 0 0 MM
COOLING TOTAL 449 423 26 430
SINCE 1/1 3006 2493 513 MM
................................................................
WIND (MPH)
AVERAGE WIND SPEED 4.9
RESULTANT WIND SPEED/DIRECTION 3/080
HIGHEST WIND SPEED/DIRECTION 26/290 DATE 09/17
HIGHEST GUST SPEED/DIRECTION 35/300 DATE 09/17
SKY COVER
POSSIBLE SUNSHINE (PERCENT) MM
AVERAGE SKY COVER 0.41
NUMBER OF DAYS FAIR 12
NUMBER OF DAYS PC 16
NUMBER OF DAYS CLOUDY 2
AVERAGE RH (PERCENT) 74
WEATHER CONDITIONS. NUMBER OF DAYS WITH
THUNDERSTORM 9 MIXED PRECIP 0
HEAVY RAIN 5 RAIN 7
LIGHT RAIN 10 FREEZING RAIN 0
LT FREEZING RAIN 0 HAIL 0
HEAVY SNOW 0 SNOW 0
LIGHT SNOW 0 SLEET 0
FOG 12 FOG W/VIS <= 1/4 MILE 0
HAZE 1
- INDICATES NEGATIVE NUMBERS.
R INDICATES RECORD WAS SET OR TIED.
MM INDICATES DATA IS MISSING.
T INDICATES TRACE AMOUNT.
$$