000
CXUS54 KBMX 011010
CF6TOI
PRELIMINARY LOCAL CLIMATOLOGICAL DATA (WS FORM: F-6)
STATION: TROY
MONTH: MARCH
YEAR: 2023
LATITUDE: 31 51 N
LONGITUDE: 86 1 W
TEMPERATURE IN F: :PCPN: SNOW: WIND :SUNSHINE: SKY :PK WND
================================================================================
1 2 3 4 5 6A 6B 7 8 9 10 11 12 13 14 15 16 17 18
12Z AVG MX 2MIN
DY MAX MIN AVG DEP HDD CDD WTR SNW DPTH SPD SPD DIR MIN PSBL S-S WX SPD DR
================================================================================
1 86 66 76 21 0 11 T 0.0 0 7.5 16 180 M M 5 18 23 200
2 85 63 74 19 0 9 0.56 0.0 M 8.0 16 40 M M 8 1 23 220
3 82 60 71 16 0 6 T 0.0 M 11.1 28 190 M M 7 42 190
4 81 51 66 11 0 1 0.00 0.0 M 2.5 14 210 M M 0 1 20 230
5 82 47 65 9 0 0 0.00 0.0 0 2.1 10 60 M M 0 1 14 80
6 86 48 67 11 0 2 0.01 M M 3.4 12 220 M M 1 18 16 200
7 87 62 75 19 0 10 T 0.0 0 4.3 14 320 M M 7 18 19 340
8 79 57 68 12 0 3 0.00 0.0 0 6.6 15 100 M M 2 18 23 80
9 75 62 69 13 0 4 0.00 0.0 0 6.2 15 130 M M 10 20 130
10 75 49 62 5 3 0 T 0.0 0 7.5 22 330 M M 7 18 32 330
11 74 40 57 0 8 0 0.00 0.0 0 2.2 9 200 M M 3 18 13 130
12 70 60 65 8 0 0 0.55 0.0 M 6.2 17 220 M M 10 13 24 250
13 66 47 57 0 8 0 0.00 0.0 M 10.7 22 330 M M 3 27 330
14 60 39 50 -8 15 0 0.00 0.0 0 7.8 18 350 M M 0 24 350
15 67 31 49 -9 16 0 0.00 0.0 0 2.5 13 10 M M 0 17 10
16 76 33 55 -3 10 0 0.00 0.0 0 6.4 17 190 M M 0 27 220
17 76 49 63 5 2 0 0.73 0.0 0 8.6 21 210 M M 9 18 29 220
18 55 44 50 -8 15 0 0.00 0.0 0 10.1 20 350 M M 6 24 10
19 54 35 45 -14 20 0 0.00 0.0 M 10.2 21 350 M M 0 26 10
20 58 27 43 -16 22 0 0.00 0.0 0 5.1 15 340 M M 0 21 330
21 69 30 50 -9 15 0 0.00 0.0 0 3.7 16 140 M M 0 23 150
22 78 41 60 1 5 0 0.00 0.0 0 3.7 12 150 M M 2 16 180
23 83 50 67 8 0 2 0.00 0.0 0 4.2 14 190 M M 3 12 20 210
24 87 60 74 14 0 9 0.00 0.0 0 7.4 20 200 M M 5 1 25 210
25 91 71 81 21 0 16 0.01 0.0 M 9.9 22 220 M M 6 3 30 220
26 90 68 79 19 0 14 0.37 0.0 0 10.4 21 180 M M 8 13 29 240
27 78 63 71 11 0 6 1.08 0.0 0 5.1 22 340 M M 8 123 27 340
28 78 57 68 8 0 3 1.12 0.0 0 4.6 15 340 M M 6 123 21 350
29 70 45 58 -2 7 0 0.00 0.0 0 5.0 15 10 M M 0 21 40
30 78 40 59 -2 6 0 0.00 0.0 0 4.0 13 120 M M 0 1 16 140
31 83 53 68 7 0 3 0.00 0.0 0 8.4 22 200 M M 2 30 210
================================================================================
SM 2359 1548 152 99 4.43 0.0 195.4 M 118
================================================================================
AV 76.1 49.9 6.3 FASTST M M 4 MAX(MPH)
MISC ----> 28 190 42 190
================================================================================
NOTES:
# LAST OF SEVERAL OCCURRENCES
COLUMN 17 PEAK WIND IN M.P.H.
PRELIMINARY LOCAL CLIMATOLOGICAL DATA (WS FORM: F-6) , PAGE 2
STATION: TROY
MONTH: MARCH
YEAR: 2023
LATITUDE: 31 51 N
LONGITUDE: 86 1 W
[TEMPERATURE DATA] [PRECIPITATION DATA] SYMBOLS USED IN COLUMN 16
AVERAGE MONTHLY: 63.0 TOTAL FOR MONTH: 4.43 1 = FOG OR MIST
DPTR FM NORMAL: 5.1 DPTR FM NORMAL: -0.64 2 = FOG REDUCING VISIBILITY
HIGHEST: 91 ON 25 GRTST 24HR 1.45 ON 26-27 TO 1/4 MILE OR LESS
LOWEST: 27 ON 20 3 = THUNDER
SNOW, ICE PELLETS, HAIL 4 = ICE PELLETS
TOTAL MONTH: 0.0 INCH 5 = HAIL
GRTST 24HR 0.0 6 = FREEZING RAIN OR DRIZZLE
GRTST DEPTH: 0 7 = DUSTSTORM OR SANDSTORM:
VSBY 1/2 MILE OR LESS
8 = SMOKE OR HAZE
[NO. OF DAYS WITH] [WEATHER - DAYS WITH] 9 = BLOWING SNOW
X = TORNADO
MAX 32 OR BELOW: 0 0.01 INCH OR MORE: 8
MAX 90 OR ABOVE: 2 0.10 INCH OR MORE: 6
MIN 32 OR BELOW: 3 0.50 INCH OR MORE: 5
MIN 0 OR BELOW: 0 1.00 INCH OR MORE: 2
[HDD (BASE 65) ]
TOTAL THIS MO. 152 CLEAR (SCALE 0-3) 16
DPTR FM NORMAL -96 PTCLDY (SCALE 4-7) 10
TOTAL FM JUL 1 1266 CLOUDY (SCALE 8-10) 5
DPTR FM NORMAL -800
[CDD (BASE 65) ]
TOTAL THIS MO. 99
DPTR FM NORMAL 72 [PRESSURE DATA]
TOTAL FM JAN 1 210 HIGHEST SLP 30.40 ON 21
DPTR FM NORMAL 173 LOWEST SLP 29.52 ON 3
[REMARKS]
#FINAL-03-23#