000
CXUS51 KCLE 010800
CF6TOL
PRELIMINARY LOCAL CLIMATOLOGICAL DATA (WS FORM: F-6)
STATION: TOLEDO OH
MONTH: JULY
YEAR: 2023
LATITUDE: 41 35 N
LONGITUDE: 83 48 W
TEMPERATURE IN F: :PCPN: SNOW: WIND :SUNSHINE: SKY :PK WND
================================================================================
1 2 3 4 5 6A 6B 7 8 9 10 11 12 13 14 15 16 17 18
12Z AVG MX 2MIN
DY MAX MIN AVG DEP HDD CDD WTR SNW DPTH SPD SPD DIR MIN PSBL S-S WX SPD DR
================================================================================
1 84 72 78 3 0 13 0.02 0.0 0 3.2 17 250 M M 7 138 22 240
2 86 69 78 3 0 13 0.46 0.0 0 5.5 18 220 M M 6 13 26 320
3 87 69 78 3 0 13 T 0.0 0 5.1 13 320 M M 6 1 17 300
4 91 67 79 4 0 14 0.00 0.0 0 2.0 9 250 M M 1 18 13 250
5 92 67 80 5 0 15 0.00 0.0 0 3.2 14 230 M M 0 1 19 240
6 89 72 81 6 0 16 0.00 0.0 0 6.2 15 310 M M 4 20 250
7 85 69 77 1 0 12 0.00 0.0 0 5.5 13 60 M M 3 16 60
8 80 68 74 -2 0 9 0.13 0.0 0 4.3 10 320 M M 7 1 13 270
9 82 62 72 -4 0 7 0.00 0.0 0 4.8 13 360 M M 5 17 20
10 89 60 75 -1 0 10 0.00 0.0 0 5.1 13 230 M M 1 17 250
11 92 63 78 2 0 13 T 0.0 0 10.1 24 250 M M 2 3 32 240
12 81 65 73 -3 0 8 0.23 0.0 0 5.3 17 190 M M 7 13 27 220
13 80 66 73 -3 0 8 0.00 0.0 0 6.1 25 280 M M 8 33 250
14 89 60 75 -1 0 10 0.16 0.0 0 5.0 20 300 M M 4 29 310
15 73 66 70 -6 0 5 0.78 0.0 0 2.6 17 300 M M 10 13 22 270
16 84 64 74 -2 0 9 0.00 0.0 0 5.4 8 240 M M 4 12 M M
17 85 64 75 -1 0 10 0.00 0.0 0 8.7 13 240 M M 1 18 M M
18 83 57 70 -6 0 5 0.00 0.0 0 3.2 9 320 M M M 13 320
19 86 58 72 -4 0 7 0.00 0.0 0 2.3 8 220 M M 1 13 110
20 89 63 76 0 0 11 0.61 0.0 0 6.9 25 240 M M 3 3 32 240
21 82 64 73 -2 0 8 0.00 0.0 0 6.1 14 360 M M 3 17 360
22 M M M M M M M 0.0 0 M M M M M M M M
23 82 M M M M M M 0.0 0 M M M M M M M M
24 87 61 74 -1 0 9 0.00 0.0 0 3.0 9 210 M M 1 1 14 250
25 89 65 77 2 0 12 0.00 0.0 0 3.2 9 10 M M 1 18 13 310
26 89 63 76 1 0 11 2.23 0.0 0 5.3 38 290 M M 3 138 47 300
27 89 70 80 5 0 15 0.00 0.0 0 4.5 12 250 M M 3 18 14 250
28 89 70 80 5 0 15 0.02 0.0 0 3.5 22 250 M M 2 13 27 250
29 84 66 75 0 0 10 1.11 0.0 0 8.1 25 310 M M 5 13 30 310
30 83 61 72 -3 0 7 0.00 0.0 0 4.5 14 360 M M 3 1 18 310
31 81 59 70 -5 0 5 0.00 0.0 0 3.9 12 310 M M 1 15 350
================================================================================
SM 2562 1880 0 300 5.75 0.0 142.6 M 102
================================================================================
AV 85.4 64.8 4.9 FASTST M M 4 MAX(MPH)
MISC ----> 38 290 47 300
================================================================================
NOTES:
# LAST OF SEVERAL OCCURRENCES
COLUMN 17 PEAK WIND IN M.P.H.
PRELIMINARY LOCAL CLIMATOLOGICAL DATA (WS FORM: F-6) , PAGE 2
STATION: TOLEDO OH
MONTH: JULY
YEAR: 2023
LATITUDE: 41 35 N
LONGITUDE: 83 48 W
[TEMPERATURE DATA] [PRECIPITATION DATA] SYMBOLS USED IN COLUMN 16
AVERAGE MONTHLY: 75.1 TOTAL FOR MONTH: 5.75 1 = FOG OR MIST
DPTR FM NORMAL: -0.3 DPTR FM NORMAL: 2.48 2 = FOG REDUCING VISIBILITY
HIGHEST: 92 ON 11, 5 GRTST 24HR 2.23 ON 26-26 TO 1/4 MILE OR LESS
LOWEST: 57 ON 18 3 = THUNDER
SNOW, ICE PELLETS, HAIL 4 = ICE PELLETS
TOTAL MONTH: 0.0 INCH 5 = HAIL
GRTST 24HR 0.0 6 = FREEZING RAIN OR DRIZZLE
GRTST DEPTH: 0 7 = DUSTSTORM OR SANDSTORM:
VSBY 1/2 MILE OR LESS
8 = SMOKE OR HAZE
[NO. OF DAYS WITH] [WEATHER - DAYS WITH] 9 = BLOWING SNOW
X = TORNADO
MAX 32 OR BELOW: 0 0.01 INCH OR MORE: 10
MAX 90 OR ABOVE: 3 0.10 INCH OR MORE: 8
MIN 32 OR BELOW: 0 0.50 INCH OR MORE: 4
MIN 0 OR BELOW: 0 1.00 INCH OR MORE: 2
[HDD (BASE 65) ]
TOTAL THIS MO. 0 CLEAR (SCALE 0-3) 14
DPTR FM NORMAL -1 PTCLDY (SCALE 4-7) 13
TOTAL FM JUL 1 0 CLOUDY (SCALE 8-10) 4
DPTR FM NORMAL 0
[CDD (BASE 65) ]
TOTAL THIS MO. 300
DPTR FM NORMAL -22 [PRESSURE DATA]
TOTAL FM JAN 1 510 HIGHEST SLP 30.15 ON 31
DPTR FM NORMAL -111 LOWEST SLP 29.65 ON 13
[REMARKS]
#FINAL-07-23#