000
CXUS51 KCLE 010800
CF6TOL
PRELIMINARY LOCAL CLIMATOLOGICAL DATA (WS FORM: F-6)
STATION: TOLEDO OH
MONTH: JULY
YEAR: 2021
LATITUDE: 41 35 N
LONGITUDE: 83 48 W
TEMPERATURE IN F: :PCPN: SNOW: WIND :SUNSHINE: SKY :PK WND
================================================================================
1 2 3 4 5 6A 6B 7 8 9 10 11 12 13 14 15 16 17 18
12Z AVG MX 2MIN
DY MAX MIN AVG DEP HDD CDD WTR SNW DPTH SPD SPD DIR MIN PSBL S-S WX SPD DR
================================================================================
1 85 66 76 1 0 11 0.00 0.0 0 7.7 17 70 M M 4 8 21 60
2 79 57 68 -7 0 3 0.00 0.0 0 8.7 17 340 M M 2 23 350
3 82 58 70 -5 0 5 0.00 0.0 0 7.2 20 240 M M 3 23 240
4 91 69 80 5 0 15 0.00 0.0 0 6.0 12 270 M M 1 16 260
5 92 71 82 7 0 17 0.00 0.0 0 9.4 20 230 M M 0 25 250
6 93 75 84 9 0 19 0.00 0.0 0 11.0 17 240 M M 1 8 23 280
7 90 69 80 4 0 15 0.28 0.0 0 6.9 22 310 M M 3 138 30 250
8 84 68 76 0 0 11 0.01 0.0 0 8.1 17 290 M M 5 18 21 270
9 78 64 71 -5 0 6 0.02 0.0 0 6.3 12 10 M M 9 1 16 10
10 79 58 69 -7 0 4 0.00 0.0 0 6.1 15 100 M M 3 20 80
11 70 66 68 -8 0 3 1.46 0.0 0 11.8 22 70 M M 10 1 26 70
12 81 69 75 -1 0 10 0.09 0.0 0 5.6 14 60 M M 9 18 19 100
13 83 71 77 1 0 12 0.24 0.0 0 7.4 24 270 M M 5 13 30 230
14 86 70 78 2 0 13 T 0.0 0 6.1 13 230 M M 5 18 17 220
15 88 71 80 4 0 15 0.33 0.0 0 7.8 23 330 M M 2 3 31 340
16 78 71 75 -1 0 10 0.39 0.0 0 4.5 13 40 M M 9 1 14 40
17 82 70 76 0 0 11 0.13 0.0 0 5.5 14 20 M M 8 1 17 130
18 86 65 76 0 0 11 0.00 0.0 0 3.1 9 10 M M 2 18 13 10
19 86 64 75 -1 0 10 0.00 0.0 0 4.8 14 320 M M 0 17 310
20 87 69 78 2 0 13 T 0.0 0 7.6 15 260 M M 1 18 280
21 79 61 70 -5 0 5 0.00 0.0 0 7.7 17 30 M M 4 22 30
22 81 58 70 -5 0 5 0.00 0.0 0 1.7 10 90 M M 0 14 70
23 81 63 72 -3 0 7 0.54 0.0 0 2.4 13 320 M M 7 13 15 320
24 87 69 78 3 0 13 1.18 0.0 0 7.5 25 340 M M 5 138 37 320
25 90 70 80 5 0 15 0.00 0.0 0 4.8 14 320 M M 2 12 18 290
26 91 64 78 3 0 13 0.00 0.0 0 2.8 13 290 M M 0 15 280
27 90 65 78 3 0 13 0.00 0.0 0 5.8 15 260 M M 0 19 240
28 89 69 79 4 0 14 0.00 0.0 0 3.0 9 250 M M 1 18 11 310
29 89 73 81 6 0 16 0.06 0.0 0 11.6 22 280 M M 3 13 29 300
30 80 65 73 -2 0 8 0.00 0.0 0 7.9 15 10 M M 4 19 10
31 82 60 71 -4 0 6 0.00 0.0 0 5.5 15 240 M M 1 19 230
================================================================================
SM 2619 2058 0 329 4.73 0.0 202.3 M 109
================================================================================
AV 84.5 66.4 6.5 FASTST M M 4 MAX(MPH)
MISC ----> 25 340 37 320
================================================================================
NOTES:
# LAST OF SEVERAL OCCURRENCES
COLUMN 17 PEAK WIND IN M.P.H.
PRELIMINARY LOCAL CLIMATOLOGICAL DATA (WS FORM: F-6) , PAGE 2
STATION: TOLEDO OH
MONTH: JULY
YEAR: 2021
LATITUDE: 41 35 N
LONGITUDE: 83 48 W
[TEMPERATURE DATA] [PRECIPITATION DATA] SYMBOLS USED IN COLUMN 16
AVERAGE MONTHLY: 75.4 TOTAL FOR MONTH: 4.73 1 = FOG OR MIST
DPTR FM NORMAL: 0.0 DPTR FM NORMAL: 1.46 2 = FOG REDUCING VISIBILITY
HIGHEST: 93 ON 6 GRTST 24HR 1.49 ON 11-12 TO 1/4 MILE OR LESS
LOWEST: 57 ON 2 3 = THUNDER
SNOW, ICE PELLETS, HAIL 4 = ICE PELLETS
TOTAL MONTH: 0.0 INCH 5 = HAIL
GRTST 24HR 0.0 6 = FREEZING RAIN OR DRIZZLE
GRTST DEPTH: 0 7 = DUSTSTORM OR SANDSTORM:
VSBY 1/2 MILE OR LESS
8 = SMOKE OR HAZE
[NO. OF DAYS WITH] [WEATHER - DAYS WITH] 9 = BLOWING SNOW
X = TORNADO
MAX 32 OR BELOW: 0 0.01 INCH OR MORE: 12
MAX 90 OR ABOVE: 7 0.10 INCH OR MORE: 8
MIN 32 OR BELOW: 0 0.50 INCH OR MORE: 3
MIN 0 OR BELOW: 0 1.00 INCH OR MORE: 2
[HDD (BASE 65) ]
TOTAL THIS MO. 0 CLEAR (SCALE 0-3) 16
DPTR FM NORMAL -1 PTCLDY (SCALE 4-7) 11
TOTAL FM JUL 1 0 CLOUDY (SCALE 8-10) 4
DPTR FM NORMAL 0
[CDD (BASE 65) ]
TOTAL THIS MO. 329
DPTR FM NORMAL 7 [PRESSURE DATA]
TOTAL FM JAN 1 726 HIGHEST SLP 30.25 ON 22
DPTR FM NORMAL 105 LOWEST SLP 29.78 ON 24
[REMARKS]
#FINAL-07-21#