000
CXUS52 KTBW 021757
CF6TPA
PRELIMINARY LOCAL CLIMATOLOGICAL DATA (WS FORM: F-6)
STATION: TAMPA
MONTH: MARCH
YEAR: 2024
LATITUDE: 27 58 N
LONGITUDE: 82 32 W
TEMPERATURE IN F: :PCPN: SNOW: WIND :SUNSHINE: SKY :PK WND
================================================================================
1 2 3 4 5 6A 6B 7 8 9 10 11 12 13 14 15 16 17 18
12Z AVG MX 2MIN
DY MAX MIN AVG DEP HDD CDD WTR SNW DPTH SPD SPD DIR MIN PSBL S-S WX SPD DR
================================================================================
1 80 64 72 5 0 7 0.00 0.0 0 6.1 14 180 M M 8 18 22 130
2 77 66 72 5 0 7 0.00 0.0 0 5.0 13 180 M M 8 18 170
3 82 68 75 8 0 10 0.11 0.0 0 4.4 13 220 M M 6 13 17 250
4 83 65 74 7 0 9 T 0.0 0 5.8 13 110 M M 7 22 100
5 83 67 75 8 0 10 0.43 0.0 0 6.3 22 250 M M 8 1 30 260
6 78 67 73 6 0 8 T 0.0 0 6.2 17 230 M M 7 23 230
7 79 65 72 5 0 7 0.00 0.0 0 4.6 12 220 M M 7 18 280
8 84 67 76 8 0 11 0.00 0.0 0 5.2 13 200 M M 8 18 18 130
9 82 73 78 10 0 13 0.00 0.0 0 11.4 21 180 M M 6 29 190
10 76 62 69 1 0 4 0.04 0.0 0 11.1 21 220 M M 7 1 29 230
11 78 57 68 0 0 3 0.00 0.0 0 7.3 15 20 M M 6 22 360
12 78 57 68 0 0 3 0.00 0.0 0 5.8 12 290 M M 3 20 170
13 78 63 71 3 0 6 0.00 0.0 0 4.9 10 220 M M 5 17 260
14 84 65 75 7 0 10 0.00 0.0 0 5.3 10 350 M M 7 8 20 270
15 83 70 77 9 0 12 0.00 0.0 0 6.5 13 240 M M 5 19 150
16 80 69 75 7 0 10 0.00 0.0 0 6.4 14 270 M M 4 21 270
17 81 70 76 7 0 11 0.00 0.0 0 5.7 10 250 M M 6 1 17 230
18 82 68 75 6 0 10 0.01 0.0 0 10.4 18 270 M M 8 28 280
19 72 55 64 -5 1 0 0.00 0.0 0 8.2 22 340 M M 3 30 330
20 73 51 62 -7 3 0 0.00 0.0 0 6.6 13 300 M M 2 21 310
21 81 56 69 0 0 4 0.04 0.0 0 6.0 14 140 M M 4 22 130
22 73 66 70 1 0 5 0.55 0.0 0 10.2 24 180 M M 10 1 42 130
23 79 66 73 3 0 8 0.02 0.0 0 11.2 20 300 M M 5 138 37 280
24 80 61 71 1 0 6 0.00 0.0 0 9.5 16 30 M M 3 30 60
25 83 61 72 2 0 7 0.00 0.0 0 9.5 18 120 M M 4 30 100
26 84 68 76 6 0 11 0.00 0.0 0 9.5 20 140 M M 5 30 120
27 82 67 75 5 0 10 1.10 0.0 0 6.4 26 340 M M 8 13 36 340
28 77 63 70 0 0 5 0.27 0.0 0 9.9 22 320 M M 5 1 35 280
29 79 58 69 -1 0 4 0.00 0.0 0 7.3 15 270 M M 0 30 280
30 78 58 68 -3 0 3 0.00 0.0 0 6.7 12 260 M M 3 20 270
31 79 63 71 0 0 6 0.00 0.0 0 4.2 10 260 M M 4 18 270
================================================================================
SM 2468 1976 4 220 2.57 0.0 223.6 M 172
================================================================================
AV 79.6 63.7 7.2 FASTST M M 6 MAX(MPH)
MISC ----> 26 340 42 130
================================================================================
NOTES:
# LAST OF SEVERAL OCCURRENCES
COLUMN 17 PEAK WIND IN M.P.H.
PRELIMINARY LOCAL CLIMATOLOGICAL DATA (WS FORM: F-6) , PAGE 2
STATION: TAMPA
MONTH: MARCH
YEAR: 2024
LATITUDE: 27 58 N
LONGITUDE: 82 32 W
[TEMPERATURE DATA] [PRECIPITATION DATA] SYMBOLS USED IN COLUMN 16
AVERAGE MONTHLY: 71.7 TOTAL FOR MONTH: 2.57 1 = FOG OR MIST
DPTR FM NORMAL: 3.1 DPTR FM NORMAL: 0.05 2 = FOG REDUCING VISIBILITY
HIGHEST: 84 ON 26,14 GRTST 24HR 1.37 ON 27-28 TO 1/4 MILE OR LESS
LOWEST: 51 ON 20 3 = THUNDER
SNOW, ICE PELLETS, HAIL 4 = ICE PELLETS
TOTAL MONTH: 0.0 INCH 5 = HAIL
GRTST 24HR 0.0 6 = FREEZING RAIN OR DRIZZLE
GRTST DEPTH: 0 7 = DUSTSTORM OR SANDSTORM:
VSBY 1/2 MILE OR LESS
8 = SMOKE OR HAZE
[NO. OF DAYS WITH] [WEATHER - DAYS WITH] 9 = BLOWING SNOW
X = TORNADO
MAX 32 OR BELOW: 0 0.01 INCH OR MORE: 9
MAX 90 OR ABOVE: 0 0.10 INCH OR MORE: 5
MIN 32 OR BELOW: 0 0.50 INCH OR MORE: 2
MIN 0 OR BELOW: 0 1.00 INCH OR MORE: 1
[HDD (BASE 65) ]
TOTAL THIS MO. 4 CLEAR (SCALE 0-3) 5
DPTR FM NORMAL -40 PTCLDY (SCALE 4-7) 22
TOTAL FM JUL 1 333 CLOUDY (SCALE 8-10) 4
DPTR FM NORMAL -96
[CDD (BASE 65) ]
TOTAL THIS MO. 220
DPTR FM NORMAL 66 [PRESSURE DATA]
TOTAL FM JAN 1 304 HIGHEST SLP 30.24 ON 1
DPTR FM NORMAL 8 LOWEST SLP 29.71 ON 23
[REMARKS]
#FINAL-03-24#