000
CXUS56 KLKN 012206
CF6TPH
PRELIMINARY LOCAL CLIMATOLOGICAL DATA (WS FORM: F-6)
STATION: TONOPAH AIRPORT NV
MONTH: NOVEMBER
YEAR: 2023
LATITUDE: 38 3 N
LONGITUDE: 117 5 W
TEMPERATURE IN F: :PCPN: SNOW: WIND :SUNSHINE: SKY :PK WND
================================================================================
1 2 3 4 5 6A 6B 7 8 9 10 11 12 13 14 15 16 17 18
12Z AVG MX 2MIN
DY MAX MIN AVG DEP HDD CDD WTR SNW DPTH SPD SPD DIR MIN PSBL S-S WX SPD DR
================================================================================
1 65 27 46 -1 19 0 0.00 M M 7.1 14 350 M M 0 17 350
2 69 29 49 2 16 0 0.00 M M 6.4 16 350 M M 0 19 350
3 71 34 53 7 12 0 0.00 M M 6.1 15 360 M M 0 19 360
4 68 34 51 5 14 0 0.00 M M 6.7 13 180 M M 0 17 160
5 61 35 48 2 17 0 0.00 M M 6.2 14 360 M M 0 17 360
6 66 32 49 4 16 0 0.00 M M 10.4 23 210 M M 0 35 180
7 54 35 45 0 20 0 T M M 13.9 28 320 M M 4 38 310
8 52 26 39 -5 26 0 0.00 M M 12.7 23 340 M M 0 29 340
9 53 22 38 -6 27 0 0.00 M M 8.4 18 10 M M 0 23 360
10 56 23 40 -3 25 0 0.00 M M 6.5 13 350 M M 0 16 360
11 60 23 42 -1 23 0 0.00 M M 7.0 14 340 M M 0 17 350
12 63 23 43 1 22 0 0.00 M M 7.8 24 180 M M 0 30 170
13 60 31 46 4 19 0 0.00 M M 8.8 25 170 M M 0 34 170
14 60 27 44 2 21 0 0.00 M M 7.9 21 180 M M 0 26 180
15 58 28 43 2 22 0 0.08 M M 8.7 26 190 M M 5 1 34 190
16 53 33 43 2 22 0 T M M 5.0 16 180 M M 7 19 190
17 56 32 44 4 21 0 0.00 M M 7.9 20 180 M M 3 25 180
18 54 35 45 5 20 0 0.00 M M 6.6 16 190 M M 7 21 190
19 44 28 36 -3 29 0 T M M 22.1 45 310 M M 2 55 310
20 48 24 36 -3 29 0 0.00 M M 12.4 24 350 M M 0 33 290
21 53 21 37 -2 28 0 0.00 M M 6.4 15 10 M M 0 18 360
22 58 23 41 3 24 0 0.00 M M 5.7 12 10 M M 0 13 20
23 52 31 42 4 23 0 0.00 M M 13.8 30 310 M M 2 40 340
24 41 22 32 -5 33 0 0.00 M M 14.7 25 310 M M 1 32 310
25 42 19 31 -6 34 0 0.00 M M 9.9 17 300 M M 2 22 300
26 43 18 31 -6 34 0 0.00 M M 7.8 15 350 M M 0 19 360
27 48 16 32 -4 33 0 0.00 M M 6.6 14 360 M M 0 17 360
28 50 13 32 -4 33 0 0.00 M M 6.4 14 150 M M 0 19 170
29 48 23 36 0 29 0 0.00 M M 6.9 14 360 M M 0 20 310
30 46 21 34 -1 31 0 0.00 M M 9.5 20 300 M M 2 28 310
================================================================================
SM 1652 788 722 0 0.08 M 266.3 M 35
================================================================================
AV 55.1 26.3 8.9 FASTST M M 1 MAX(MPH)
MISC ----> 45 310 55 310
================================================================================
NOTES:
# LAST OF SEVERAL OCCURRENCES
COLUMN 17 PEAK WIND IN M.P.H.
PRELIMINARY LOCAL CLIMATOLOGICAL DATA (WS FORM: F-6) , PAGE 2
STATION: TONOPAH AIRPORT NV
MONTH: NOVEMBER
YEAR: 2023
LATITUDE: 38 3 N
LONGITUDE: 117 5 W
[TEMPERATURE DATA] [PRECIPITATION DATA] SYMBOLS USED IN COLUMN 16
AVERAGE MONTHLY: 40.7 TOTAL FOR MONTH: 0.08 1 = FOG OR MIST
DPTR FM NORMAL: -0.3 DPTR FM NORMAL: -0.20 2 = FOG REDUCING VISIBILITY
HIGHEST: 71 ON 3 GRTST 24HR 0.08 ON 15-15 TO 1/4 MILE OR LESS
LOWEST: 13 ON 28 3 = THUNDER
SNOW, ICE PELLETS, HAIL 4 = ICE PELLETS
TOTAL MONTH: M 5 = HAIL
GRTST 24HR M ON M 6 = FREEZING RAIN OR DRIZZLE
GRTST DEPTH: M ON M 7 = DUSTSTORM OR SANDSTORM:
VSBY 1/2 MILE OR LESS
8 = SMOKE OR HAZE
[NO. OF DAYS WITH] [WEATHER - DAYS WITH] 9 = BLOWING SNOW
X = TORNADO
MAX 32 OR BELOW: 0 0.01 INCH OR MORE: 1
MAX 90 OR ABOVE: 0 0.10 INCH OR MORE: 0
MIN 32 OR BELOW: 24 0.50 INCH OR MORE: 0
MIN 0 OR BELOW: 0 1.00 INCH OR MORE: 0
[HDD (BASE 65) ]
TOTAL THIS MO. 722 CLEAR (SCALE 0-3) 26
DPTR FM NORMAL 2 PTCLDY (SCALE 4-7) 4
TOTAL FM JUL 1 1164 CLOUDY (SCALE 8-10) 0
DPTR FM NORMAL 12
[CDD (BASE 65) ]
TOTAL THIS MO. 0
DPTR FM NORMAL 0 [PRESSURE DATA]
TOTAL FM JAN 1 755 HIGHEST SLP 30.66 ON 21
DPTR FM NORMAL -139 LOWEST SLP 29.76 ON 23
[REMARKS]
#FINAL-11-23#