000
CXUS54 KFWD 010730
CF6TRL
PRELIMINARY LOCAL CLIMATOLOGICAL DATA (WS FORM: F-6)
STATION: TERRELL
MONTH: OCTOBER
YEAR: 2021
LATITUDE: 32 42 N
LONGITUDE: 96 16 W
TEMPERATURE IN F: :PCPN: SNOW: WIND :SUNSHINE: SKY :PK WND
================================================================================
1 2 3 4 5 6A 6B 7 8 9 10 11 12 13 14 15 16 17 18
12Z AVG MX 2MIN
DY MAX MIN AVG DEP HDD CDD WTR SNW DPTH SPD SPD DIR MIN PSBL S-S WX SPD DR
================================================================================
1 77 67 72 -1 0 7 0.05 M M 4.5 14 290 M M 7 1 20 290
2 85 68 77 4 0 12 0.13 M M 5.2 14 320 M M 6 13 20 310
3 87 62 75 3 0 10 0.00 M M 4.0 15 290 M M 1 1 21 290
4 88 57 73 1 0 8 0.00 M M 5.6 18 10 M M 0 1 26 40
5 87 52 70 -2 0 5 0.00 M M 4.4 13 30 M M 1 19 30
6 87 54 71 0 0 6 0.00 M M 2.6 12 230 M M 0 16 290
7 93 55 74 3 0 9 0.00 M M 5.2 18 180 M M 0 23 180
8 92 65 79 8 0 14 0.00 M M 8.8 20 220 M M 0 8 26 180
9 91 64 78 8 0 13 0.00 M M 10.4 21 160 M M 0 27 170
10 92 63 78 8 0 13 0.34 M M 16.8 33 260 M M 6 13 47 180
11 82 57 70 0 0 5 0.00 M M 4.7 21 250 M M 1 8 30 250
12 82 59 71 2 0 6 0.01 M M 9.2 20 140 M M 7 1 27 140
13 88 67 78 9 0 13 0.49 M M 13.5 23 160 M M 8 13 32 150
14 85 66 76 8 0 11 0.61 M M 7.4 17 190 M M 5 1 25 170
15 81 58 70 2 0 5 0.00 M M 11.3 23 320 M M 4 1 32 300
16 73 47 60 -8 5 0 0.00 M M 6.2 17 20 M M 0 24 20
17 74 43 59 -8 6 0 0.00 M M 1.9 10 110 M M 0 14 80
18 75 45 60 -7 5 0 0.00 M M 4.2 16 180 M M 0 24 170
19 79 56 68 2 0 3 0.00 M M 8.8 18 170 M M 0 25 150
20 82 60 71 5 0 6 0.00 M M 4.8 14 190 M M 3 1 18 180
21 85 59 72 6 0 7 0.00 M M 5.4 15 40 M M 1 19 40
22 84 55 70 5 0 5 0.00 M M 5.1 13 110 M M 0 17 120
23 87 64 76 11 0 11 0.00 M M 10.5 21 160 M M 3 1 29 170
24 85 66 76 12 0 11 0.00 M M 10.7 24 170 M M 4 1 31 180
25 88 62 75 11 0 10 0.00 M M 5.8 14 70 M M 1 18 70
26 85 66 76 12 0 11 0.00 M M 11.5 26 160 M M 5 12 34 170
27 77 56 67 4 0 2 0.74 M M 11.5 24 270 M M 7 1 36 150
28 72 57 65 2 0 0 0.00 M M 19.4 36 320 M M 0 54 330
29 70 50 60 -3 5 0 0.00 M M 15.3 29 330 M M 0 45 320
30 74 41 58 -4 7 0 0.00 M M 2.2 10 270 M M 0 14 300
31 79 43 61 -1 4 0 0.00 M M 3.8 9 80 M M 0 15 120
================================================================================
SM 2566 1784 32 203 2.37 M 240.7 M 70
================================================================================
AV 82.8 57.5 7.8 FASTST M M 2 MAX(MPH)
MISC ----> 36 320 54 330
================================================================================
NOTES:
# LAST OF SEVERAL OCCURRENCES
COLUMN 17 PEAK WIND IN M.P.H.
PRELIMINARY LOCAL CLIMATOLOGICAL DATA (WS FORM: F-6) , PAGE 2
STATION: TERRELL
MONTH: OCTOBER
YEAR: 2021
LATITUDE: 32 42 N
LONGITUDE: 96 16 W
[TEMPERATURE DATA] [PRECIPITATION DATA] SYMBOLS USED IN COLUMN 16
AVERAGE MONTHLY: 70.2 TOTAL FOR MONTH: 2.37 1 = FOG OR MIST
DPTR FM NORMAL: 2.6 DPTR FM NORMAL: -2.17 2 = FOG REDUCING VISIBILITY
HIGHEST: 93 ON 7 GRTST 24HR 1.10 ON 13-14 TO 1/4 MILE OR LESS
LOWEST: 41 ON 30 3 = THUNDER
SNOW, ICE PELLETS, HAIL 4 = ICE PELLETS
TOTAL MONTH: M 5 = HAIL
GRTST 24HR M ON M 6 = FREEZING RAIN OR DRIZZLE
GRTST DEPTH: M ON M 7 = DUSTSTORM OR SANDSTORM:
VSBY 1/2 MILE OR LESS
8 = SMOKE OR HAZE
[NO. OF DAYS WITH] [WEATHER - DAYS WITH] 9 = BLOWING SNOW
X = TORNADO
MAX 32 OR BELOW: 0 0.01 INCH OR MORE: 7
MAX 90 OR ABOVE: 4 0.10 INCH OR MORE: 5
MIN 32 OR BELOW: 0 0.50 INCH OR MORE: 2
MIN 0 OR BELOW: 0 1.00 INCH OR MORE: 0
[HDD (BASE 65) ]
TOTAL THIS MO. 32 CLEAR (SCALE 0-3) 20
DPTR FM NORMAL -38 PTCLDY (SCALE 4-7) 10
TOTAL FM JUL 1 32 CLOUDY (SCALE 8-10) 1
DPTR FM NORMAL -40
[CDD (BASE 65) ]
TOTAL THIS MO. 203
DPTR FM NORMAL 53 [PRESSURE DATA]
TOTAL FM JAN 1 2382 HIGHEST SLP M ON M
DPTR FM NORMAL -323 LOWEST SLP 29.52 ON 27
[REMARKS]
#FINAL-10-21#