000
CXUS56 KSGX 011145
CF6TRM
PRELIMINARY LOCAL CLIMATOLOGICAL DATA (WS FORM: F-6)
STATION: THERMAL AIRPORT CA
MONTH: NOVEMBER
YEAR: 2022
LATITUDE: 33 37 N
LONGITUDE: 116 10 W
TEMPERATURE IN F: :PCPN: SNOW: WIND :SUNSHINE: SKY :PK WND
================================================================================
1 2 3 4 5 6A 6B 7 8 9 10 11 12 13 14 15 16 17 18
12Z AVG MX 2MIN
DY MAX MIN AVG DEP HDD CDD WTR SNW DPTH SPD SPD DIR MIN PSBL S-S WX SPD DR
================================================================================
1 80 50 65 -3 0 0 0.00 M M 5.7 18 340 M M 0 22 340
2 78 54 66 -1 0 1 0.00 M M 8.7 23 280 M M 1 32 270
3 70 51 61 -6 4 0 0.00 M M 7.3 20 330 M M 1 25 340
4 73 46 60 -6 5 0 0.00 M M 3.9 12 310 M M 0 8 13 300
5 74 41 58 -8 7 0 0.00 M M 3.3 10 130 M M 0 14 140
6 75 42 59 -7 6 0 0.00 M M 3.4 10 140 M M 0 15 120
7 78 44 61 -4 4 0 T M M 4.0 10 350 M M 0 14 350
8 75 56 66 1 0 1 0.04 M M 12.0 29 120 M M 7 8 39 120
9 70 53 62 -2 3 0 T M M 7.0 25 330 M M 3 33 340
10 73 38 56 -8 9 0 0.00 M M 5.5 13 310 M M 0 18 320
11 73 37 55 -9 10 0 0.00 M M 4.2 13 290 M M 0 15 300
12 72 34 53 -10 12 0 0.00 M M 3.6 9 140 M M 0 11 140
13 73 33 53 -10 12 0 0.00 M M 4.6 17 330 M M 0 22 290
14 72 36 54 -8 11 0 T M M 3.9 10 150 M M 0 13 140
15 74 34 54 -8 11 0 0.00 M M 5.2 13 310 M M 0 16 320
16 73 50 62 1 3 0 0.00 M M 10.3 22 330 M M 0 30 340
17 75 40 58 -3 7 0 0.00 M M 4.2 10 360 M M 0 12 330
18 74 34 54 -7 11 0 0.00 M M 3.0 8 360 M M 0 11 360
19 73 45 59 -1 6 0 0.00 M M 10.5 20 300 M M 0 25 290
20 77 37 57 -3 8 0 0.00 M M 4.4 12 330 M M 0 14 330
21 77 31 54 -5 11 0 0.00 M M 3.7 9 130 M M 0 13 140
22 76 33 55 -4 10 0 0.00 M M 3.5 8 350 M M 0 9 300
23 75 29 52 -7 13 0 0.00 M M 3.3 9 10 M M 0 13 310
24 77 49 63 5 2 0 0.00 M M 6.8 16 340 M M 0 20 350
25 78 38 58 0 7 0 0.00 M M 5.3 10 140 M M 0 M M
26 72 31 52 -5 13 0 0.00 M M 3.5 9 130 M M 0 13 140
27 73 33 53 -4 12 0 0.00 M M 3.5 9 140 M M 0 13 180
28 69 40 55 -2 10 0 0.00 M M 4.7 17 330 M M 0 24 330
29 72 40 56 0 9 0 0.00 M M 5.1 20 330 M M 0 25 340
30 70 36 53 -3 12 0 0.00 M M 3.7 10 140 M M 0 14 130
================================================================================
SM 2221 1215 228 2 0.04 M 157.8 M 12
================================================================================
AV 74.0 40.5 5.3 FASTST M M 0 MAX(MPH)
MISC ----> 29 120 39 120
================================================================================
NOTES:
# LAST OF SEVERAL OCCURRENCES
COLUMN 17 PEAK WIND IN M.P.H.
PRELIMINARY LOCAL CLIMATOLOGICAL DATA (WS FORM: F-6) , PAGE 2
STATION: THERMAL AIRPORT CA
MONTH: NOVEMBER
YEAR: 2022
LATITUDE: 33 37 N
LONGITUDE: 116 10 W
[TEMPERATURE DATA] [PRECIPITATION DATA] SYMBOLS USED IN COLUMN 16
AVERAGE MONTHLY: 57.3 TOTAL FOR MONTH: 0.04 1 = FOG OR MIST
DPTR FM NORMAL: -4.4 DPTR FM NORMAL: -0.13 2 = FOG REDUCING VISIBILITY
HIGHEST: 80 ON 1 GRTST 24HR 0.04 ON 7- 8 TO 1/4 MILE OR LESS
LOWEST: 29 ON 23 3 = THUNDER
SNOW, ICE PELLETS, HAIL 4 = ICE PELLETS
TOTAL MONTH: M 5 = HAIL
GRTST 24HR M ON M 6 = FREEZING RAIN OR DRIZZLE
GRTST DEPTH: M ON M 7 = DUSTSTORM OR SANDSTORM:
VSBY 1/2 MILE OR LESS
8 = SMOKE OR HAZE
[NO. OF DAYS WITH] [WEATHER - DAYS WITH] 9 = BLOWING SNOW
X = TORNADO
MAX 32 OR BELOW: 0 0.01 INCH OR MORE: 1
MAX 90 OR ABOVE: 0 0.10 INCH OR MORE: 0
MIN 32 OR BELOW: 3 0.50 INCH OR MORE: 0
MIN 0 OR BELOW: 0 1.00 INCH OR MORE: 0
[HDD (BASE 65) ]
TOTAL THIS MO. 228 CLEAR (SCALE 0-3) 29
DPTR FM NORMAL 87 PTCLDY (SCALE 4-7) 1
TOTAL FM JUL 1 237 CLOUDY (SCALE 8-10) 0
DPTR FM NORMAL 88
[CDD (BASE 65) ]
TOTAL THIS MO. 2
DPTR FM NORMAL -40 [PRESSURE DATA]
TOTAL FM JAN 1 4359 HIGHEST SLP 30.36 ON 16
DPTR FM NORMAL 480 LOWEST SLP 29.71 ON 8
[REMARKS]
#FINAL-11-22#