000
CXUS56 KPQR 011155
CF6TTD
PRELIMINARY LOCAL CLIMATOLOGICAL DATA (WS FORM: F-6)
STATION: TROUTDALE OR
MONTH: APRIL
YEAR: 2021
LATITUDE: 45 33 N
LONGITUDE: 122 25 W
TEMPERATURE IN F: :PCPN: SNOW: WIND :SUNSHINE: SKY :PK WND
================================================================================
1 2 3 4 5 6A 6B 7 8 9 10 11 12 13 14 15 16 17 18
12Z AVG MX 2MIN
DY MAX MIN AVG DEP HDD CDD WTR SNW DPTH SPD SPD DIR MIN PSBL S-S WX SPD DR
================================================================================
1 69 40 55 5 10 0 0.00 M M 4.0 13 90 M M 0 16 290
2 65 35 50 0 15 0 0.00 M M 3.0 9 250 M M 0 14 250
3 70 38 54 4 11 0 0.00 M M 3.3 12 320 M M 1 18 320
4 59 42 51 1 14 0 0.00 M M 6.0 14 310 M M 7 22 300
5 62 30 46 -4 19 0 0.00 M M 4.4 13 260 M M 0 19 250
6 66 33 50 0 15 0 0.00 M M 2.5 10 250 M M 0 13 260
7 52 38 45 -5 20 0 T M M 7.0 17 210 M M 8 22 230
8 57 41 49 -1 16 0 0.08 M M 5.3 17 220 M M 6 1 23 310
9 59 31 45 -5 20 0 T M M 6.7 17 210 M M 2 22 260
10 52 39 46 -5 19 0 0.03 M M 8.9 21 210 M M 8 29 220
11 61 29 45 -6 20 0 0.00 M M 4.0 12 310 M M 0 18 320
12 65 35 50 -1 15 0 0.00 M M 10.0 21 80 M M 0 28 50
13 65 39 52 1 13 0 0.00 M M 11.7 26 80 M M 0 41 90
14 69 32 51 0 14 0 0.00 M M 5.6 21 80 M M 0 26 90
15 77 37 57 6 8 0 0.00 M M 5.1 21 100 M M 0 30 110
16 79 40 60 9 5 0 0.00 M M 6.7 24 80 M M 0 32 80
17 83 42 63 11 2 0 0.00 M M 5.2 16 90 M M 0 21 80
18 83 42 63 11 2 0 0.00 M M 4.0 13 310 M M 0 20 330
19 70 41 56 4 9 0 0.00 M M 8.8 22 80 M M 0 28 80
20 74 48 61 9 4 0 0.00 M M 8.3 17 80 M M 1 23 110
21 78 40 59 7 6 0 0.00 M M 3.7 13 320 M M 0 21 330
22 65 45 55 3 10 0 0.00 M M 3.7 13 210 M M 6 15 200
23 64 44 54 2 11 0 0.00 M M 3.6 12 210 M M 5 17 210
24 55 48 52 -1 13 0 0.20 M M 5.7 15 210 M M 10 20 230
25 63 47 55 2 10 0 T M M 5.1 15 230 M M 9 21 260
26 59 44 52 -1 13 0 0.05 M M 3.0 12 220 M M 9 15 220
27 67 42 55 2 10 0 0.00 M M 3.0 8 320 M M 4 11 320
28 73 41 57 4 8 0 0.00 M M 1.5 7 80 M M 0 11 330
29 80 45 63 9 2 0 0.00 M M 4.0 15 220 M M 0 19 210
30 71 48 60 6 5 0 0.12 M M 2.6 9 310 M M 8 1 14 320
================================================================================
SM 2012 1196 339 0 0.48 M 156.4 M 84
================================================================================
AV 67.1 39.9 5.2 FASTST M M 3 MAX(MPH)
MISC ----> 26 80 41 90
================================================================================
NOTES:
# LAST OF SEVERAL OCCURRENCES
COLUMN 17 PEAK WIND IN M.P.H.
PRELIMINARY LOCAL CLIMATOLOGICAL DATA (WS FORM: F-6) , PAGE 2
STATION: TROUTDALE OR
MONTH: APRIL
YEAR: 2021
LATITUDE: 45 33 N
LONGITUDE: 122 25 W
[TEMPERATURE DATA] [PRECIPITATION DATA] SYMBOLS USED IN COLUMN 16
AVERAGE MONTHLY: 53.5 TOTAL FOR MONTH: 0.48 1 = FOG OR MIST
DPTR FM NORMAL: 2.1 DPTR FM NORMAL: -3.37 2 = FOG REDUCING VISIBILITY
HIGHEST: 83 ON 18,17 GRTST 24HR 0.20 ON 24-24 TO 1/4 MILE OR LESS
LOWEST: 29 ON 11 3 = THUNDER
SNOW, ICE PELLETS, HAIL 4 = ICE PELLETS
TOTAL MONTH: M 5 = HAIL
GRTST 24HR M ON M 6 = FREEZING RAIN OR DRIZZLE
GRTST DEPTH: M ON M 7 = DUSTSTORM OR SANDSTORM:
VSBY 1/2 MILE OR LESS
8 = SMOKE OR HAZE
[NO. OF DAYS WITH] [WEATHER - DAYS WITH] 9 = BLOWING SNOW
X = TORNADO
MAX 32 OR BELOW: 0 0.01 INCH OR MORE: 5
MAX 90 OR ABOVE: 0 0.10 INCH OR MORE: 2
MIN 32 OR BELOW: 4 0.50 INCH OR MORE: 0
MIN 0 OR BELOW: 0 1.00 INCH OR MORE: 0
[HDD (BASE 65) ]
TOTAL THIS MO. 339 CLEAR (SCALE 0-3) 19
DPTR FM NORMAL -68 PTCLDY (SCALE 4-7) 8
TOTAL FM JUL 1 3633 CLOUDY (SCALE 8-10) 3
DPTR FM NORMAL -636
[CDD (BASE 65) ]
TOTAL THIS MO. 0
DPTR FM NORMAL -1 [PRESSURE DATA]
TOTAL FM JAN 1 0 HIGHEST SLP 30.38 ON 11
DPTR FM NORMAL -1 LOWEST SLP 29.71 ON 25
[REMARKS]
#FINAL-04-21#