000
CXUS51 KPHI 061446
CF6TTN
PRELIMINARY LOCAL CLIMATOLOGICAL DATA (WS FORM: F-6)
STATION: TRENTON NJ
MONTH: DECEMBER
YEAR: 2020
LATITUDE: 40 16 N
LONGITUDE: 74 49 W
TEMPERATURE IN F: :PCPN: SNOW: WIND :SUNSHINE: SKY :PK WND
================================================================================
1 2 3 4 5 6A 6B 7 8 9 10 11 12 13 14 15 16 17 18
12Z AVG MX 2MIN
DY MAX MIN AVG DEP HDD CDD WTR SNW DPTH SPD SPD DIR MIN PSBL S-S WX SPD DR
================================================================================
1 53 35 44 3 21 0 0.00 0.0 0 9.0 20 250 M M 7 29 260
2 43 31 37 -4 28 0 0.00 0.0 0 10.6 21 270 M M 4 30 260
3 49 28 39 -1 26 0 0.00 0.0 0 5.6 14 250 M M 1 19 230
4 47 37 42 2 23 0 0.19 0.0 0 4.4 14 210 M M 8 1 18 200
5 46 37 42 2 23 0 0.67 0.0 0 10.8 23 330 M M 9 1 31 320
6 40 30 35 -4 30 0 0.00 0.0 0 9.3 22 330 M M 2 32 340
7 39 25 32 -7 33 0 0.00 0.0 0 5.8 10 310 M M 0 16 290
8 40 27 34 -5 31 0 0.00 0.0 0 7.9 18 320 M M 5 25 320
9 37 26 32 -7 33 0 T T 0 6.2 14 250 M M 5 1 20 260
10 49 29 39 1 26 0 0.00 0.0 0 6.3 20 340 M M 2 26 330
11 56 25 41 3 24 0 0.00 0.0 0 4.3 16 210 M M 0 18 21 220
12 58 35 47 9 18 0 0.00 0.0 0 3.1 10 160 M M 5 12 14 130
13 61 37 49 11 16 0 0.01 0.0 0 5.3 17 320 M M 1 1 28 290
14 43 33 38 1 27 0 0.46 T 0 5.2 16 320 M M 7 1 22 330
15 38 27 33 -4 32 0 0.00 0.0 0 6.7 15 350 M M 0 22 300
16 31 23 27 -10 38 0 0.67 4.5 0 13.7 30 50 M M 5 12 38 50
17 35 23 29 -7 36 0 0.25 0.9 5 10.4 25 10 M M 7 1 34 360
18 35 21 28 -8 37 0 0.00 0.0 4 6.9 15 340 M M 4 20 360
19 30 13 22 -14 43 0 0.00 0.0 4 1.8 6 330 M M 0 9 260
20 37 23 30 -6 35 0 T T 4 2.0 8 150 M M 8 12 9 130
21 42 32 37 1 28 0 T T 3 3.5 9 310 M M 8 128 15 250
22 45 34 40 5 25 0 0.11 T 2 6.0 20 300 M M 9 128 27 300
23 43 26 35 0 30 0 0.00 0.0 T 4.4 12 170 M M 1 15 170
24 62 33 48 13 17 0 0.93 0.0 T 16.4 37 160 M M 8 1 53 150
25 64 24 44 9 21 0 0.54 T 0 14.4 38 170 M M 9 1 51 180
26 30 22 26 -8 39 0 0.00 0.0 0 10.2 20 260 M M 2 27 270
27 37 20 29 -5 36 0 0.00 0.0 0 3.7 10 290 M M 0 15 280
28 49 28 39 5 26 0 T T 0 5.2 16 210 M M 4 19 210
29 38 26 32 -2 33 0 T T 0 7.7 21 330 M M 2 30 300
30 43 23 33 -1 32 0 0.00 0.0 0 6.5 20 200 M M 2 25 220
31 48 31 40 7 25 0 0.24 0.0 0 7.2 18 220 M M 8 1 26 200
================================================================================
SM 1368 864 892 0 4.07 5.4 220.5 M 133
================================================================================
AV 44.1 27.9 7.1 FASTST M M 4 MAX(MPH)
MISC ----> 38 170 53 150
================================================================================
NOTES:
# LAST OF SEVERAL OCCURRENCES
COLUMN 17 PEAK WIND IN M.P.H.
PRELIMINARY LOCAL CLIMATOLOGICAL DATA (WS FORM: F-6) , PAGE 2
STATION: TRENTON NJ
MONTH: DECEMBER
YEAR: 2020
LATITUDE: 40 16 N
LONGITUDE: 74 49 W
[TEMPERATURE DATA] [PRECIPITATION DATA] SYMBOLS USED IN COLUMN 16
AVERAGE MONTHLY: 36.0 TOTAL FOR MONTH: 4.07 1 = FOG OR MIST
DPTR FM NORMAL: -0.8 DPTR FM NORMAL: 0.03 2 = FOG REDUCING VISIBILITY
HIGHEST: 64 ON 25 GRTST 24HR 0.93 ON 24-24 TO 1/4 MILE OR LESS
LOWEST: 13 ON 19 3 = THUNDER
SNOW, ICE PELLETS, HAIL 4 = ICE PELLETS
TOTAL MONTH: 5.4 INCHES 5 = HAIL
GRTST 24HR 4.5 ON 16-16 6 = FREEZING RAIN OR DRIZZLE
GRTST DEPTH: 5 ON 17 7 = DUSTSTORM OR SANDSTORM:
VSBY 1/2 MILE OR LESS
8 = SMOKE OR HAZE
[NO. OF DAYS WITH] [WEATHER - DAYS WITH] 9 = BLOWING SNOW
X = TORNADO
MAX 32 OR BELOW: 3 0.01 INCH OR MORE: 10
MAX 90 OR ABOVE: 0 0.10 INCH OR MORE: 9
MIN 32 OR BELOW: 23 0.50 INCH OR MORE: 4
MIN 0 OR BELOW: 0 1.00 INCH OR MORE: 0
[HDD (BASE 65) ]
TOTAL THIS MO. 892 CLEAR (SCALE 0-3) 13
DPTR FM NORMAL 19 PTCLDY (SCALE 4-7) 13
TOTAL FM JUL 1 1702 CLOUDY (SCALE 8-10) 5
DPTR FM NORMAL -115
[CDD (BASE 65) ]
TOTAL THIS MO. 0
DPTR FM NORMAL 0 [PRESSURE DATA]
TOTAL FM JAN 1 1191 HIGHEST SLP M ON M
DPTR FM NORMAL 141 LOWEST SLP 29.39 ON 25
[REMARKS]
#FINAL-12-20#