000
CXUS51 KPHI 061350
CF6TTN
PRELIMINARY LOCAL CLIMATOLOGICAL DATA (WS FORM: F-6)
STATION: TRENTON NJ
MONTH: MAY
YEAR: 2020
LATITUDE: 40 16 N
LONGITUDE: 74 49 W
TEMPERATURE IN F: :PCPN: SNOW: WIND :SUNSHINE: SKY :PK WND
================================================================================
1 2 3 4 5 6A 6B 7 8 9 10 11 12 13 14 15 16 17 18
12Z AVG MX 2MIN
DY MAX MIN AVG DEP HDD CDD WTR SNW DPTH SPD SPD DIR MIN PSBL S-S WX SPD DR
================================================================================
1 69 56 63 5 2 0 0.21 0.0 0 6.4 18 340 M M 8 1 23 340
2 70 49 60 2 5 0 0.00 0.0 0 8.9 20 350 M M 1 27 330
3 78 54 66 8 0 1 0.05 0.0 0 7.2 15 260 M M 4 21 260
4 71 48 60 1 5 0 T 0.0 0 10.3 28 340 M M 3 35 350
5 59 44 52 -7 13 0 0.00 0.0 0 5.5 16 320 M M 1 21 310
6 54 43 49 -10 16 0 0.02 0.0 0 7.1 17 90 M M 10 8 23 90
7 64 44 54 -6 11 0 T 0.0 0 8.1 20 260 M M 5 24 260
8 57 36 47 -13 18 0 0.47 T 0 5.6 23 340 M M 9 1 33 330
9 47 32 40 -20 25 0 T T 0 13.0 24 300 M M 3 37 310
10 63 31 47 -13 18 0 0.00 0.0 0 10.3 21 260 M M 0 31 270
11 59 41 50 -11 15 0 0.08 0.0 0 8.2 24 290 M M 6 1 36 290
12 59 42 51 -10 14 0 0.00 0.0 0 10.8 21 290 M M 6 30 260
13 64 35 50 -11 15 0 0.00 0.0 0 6.1 17 300 M M 0 25 250
14 73 38 56 -5 9 0 T 0.0 0 7.0 21 200 M M 4 26 190
15 83 57 70 8 0 5 T 0.0 0 9.6 24 210 M M 5 33 200
16 77 58 68 6 0 3 0.00 0.0 0 7.1 20 340 M M 3 24 340
17 68 52 60 -2 5 0 T 0.0 0 8.6 18 110 M M 4 22 160
18 69 51 60 -2 5 0 0.00 0.0 0 10.1 22 70 M M 5 27 60
19 67 50 59 -4 6 0 0.00 0.0 0 14.7 29 100 M M 0 42 70
20 61 41 51 -12 14 0 0.00 0.0 0 11.7 22 100 M M 0 31 100
21 72 41 57 -6 8 0 0.00 0.0 0 5.6 16 140 M M 3 19 140
22 74 51 63 -1 2 0 0.31 0.0 0 5.2 15 160 M M 9 1 20 150
23 74 54 64 0 1 0 0.37 0.0 0 5.4 22 60 M M 10 12 27 60
24 67 52 60 -4 5 0 T 0.0 0 6.8 15 130 M M 8 1 18 130
25 72 55 64 0 1 0 0.00 0.0 0 4.0 10 50 M M 7 1 13 60
26 79 58 69 4 0 4 0.00 0.0 0 4.3 14 150 M M 4 12 17 180
27 80 59 70 5 0 5 0.00 0.0 0 4.9 16 180 M M 5 12 18 160
28 77 66 72 7 0 7 0.02 0.0 0 9.9 18 160 M M 9 1 26 150
29 85 68 77 11 0 12 0.08 0.0 0 8.0 18 190 M M 8 13 24 200
30 81 63 72 6 0 7 0.01 0.0 0 6.9 16 350 M M 2 21 340
31 70 53 62 -4 3 0 0.00 0.0 0 9.9 20 340 M M 1 26 310
================================================================================
SM 2143 1522 216 44 1.62 T 247.2 M 143
================================================================================
AV 69.1 49.1 8.0 FASTST M M 5 MAX(MPH)
MISC ----> 29 100 42 70
================================================================================
NOTES:
# LAST OF SEVERAL OCCURRENCES
COLUMN 17 PEAK WIND IN M.P.H.
PRELIMINARY LOCAL CLIMATOLOGICAL DATA (WS FORM: F-6) , PAGE 2
STATION: TRENTON NJ
MONTH: MAY
YEAR: 2020
LATITUDE: 40 16 N
LONGITUDE: 74 49 W
[TEMPERATURE DATA] [PRECIPITATION DATA] SYMBOLS USED IN COLUMN 16
AVERAGE MONTHLY: 59.1 TOTAL FOR MONTH: 1.62 1 = FOG OR MIST
DPTR FM NORMAL: -2.9 DPTR FM NORMAL: -2.37 2 = FOG REDUCING VISIBILITY
HIGHEST: 85 ON 29 GRTST 24HR 0.47 ON 8- 8 TO 1/4 MILE OR LESS
LOWEST: 31 ON 10 3 = THUNDER
SNOW, ICE PELLETS, HAIL 4 = ICE PELLETS
TOTAL MONTH: T 5 = HAIL
GRTST 24HR T ON 9- 9 6 = FREEZING RAIN OR DRIZZLE
GRTST DEPTH: 0 7 = DUSTSTORM OR SANDSTORM:
VSBY 1/2 MILE OR LESS
8 = SMOKE OR HAZE
[NO. OF DAYS WITH] [WEATHER - DAYS WITH] 9 = BLOWING SNOW
X = TORNADO
MAX 32 OR BELOW: 0 0.01 INCH OR MORE: 10
MAX 90 OR ABOVE: 0 0.10 INCH OR MORE: 4
MIN 32 OR BELOW: 2 0.50 INCH OR MORE: 0
MIN 0 OR BELOW: 0 1.00 INCH OR MORE: 0
[HDD (BASE 65) ]
TOTAL THIS MO. 216 CLEAR (SCALE 0-3) 10
DPTR FM NORMAL 68 PTCLDY (SCALE 4-7) 16
TOTAL FM JUL 1 4735 CLOUDY (SCALE 8-10) 5
DPTR FM NORMAL -220
[CDD (BASE 65) ]
TOTAL THIS MO. 44
DPTR FM NORMAL -11 [PRESSURE DATA]
TOTAL FM JAN 1 44 HIGHEST SLP M ON M
DPTR FM NORMAL -24 LOWEST SLP 29.56 ON 8
[REMARKS]
#FINAL-05-20#