000
CXUS54 KMEG 010900
CF6TUP
PRELIMINARY LOCAL CLIMATOLOGICAL DATA (WS FORM: F-6)
STATION: TUPELO
MONTH: APRIL
YEAR: 2023
LATITUDE: 34 16 N
LONGITUDE: 88 46 W
TEMPERATURE IN F: :PCPN: SNOW: WIND :SUNSHINE: SKY :PK WND
================================================================================
1 2 3 4 5 6A 6B 7 8 9 10 11 12 13 14 15 16 17 18
12Z AVG MX 2MIN
DY MAX MIN AVG DEP HDD CDD WTR SNW DPTH SPD SPD DIR MIN PSBL S-S WX SPD DR
================================================================================
1 81 50 66 7 0 1 0.68 0.0 0 8.3 23 260 M M 1 13 35 260
2 75 42 59 -1 6 0 0.00 0.0 0 5.4 15 210 M M 1 3 22 210
3 76 57 67 7 0 2 1.17 0.0 0 6.1 14 120 M M 7 1 19 190
4 90 67 79 19 0 14 0.00 0.0 0 12.7 23 190 M M 3 18 31 170
5 87 65 76 16 0 11 0.71 0.0 0 11.0 22 210 M M 5 13 35 320
6 66 52 59 -2 6 0 0.92 0.0 0 12.5 22 10 M M 9 13 27 10
7 56 47 52 -9 13 0 0.45 0.0 0 11.2 18 20 M M 10 23 20
8 60 52 56 -5 9 0 0.66 0.0 0 8.0 13 50 M M 10 18 20 30
9 71 51 61 0 4 0 0.00 0.0 0 5.9 14 60 M M 7 21 50
10 74 47 61 -1 4 0 0.00 0.0 0 5.2 17 130 M M 0 23 130
11 78 43 61 -1 4 0 0.00 0.0 0 4.1 9 90 M M 0 M M
12 80 46 63 1 2 0 0.00 0.0 0 2.5 13 180 M M 0 16 140
13 72 56 64 2 1 0 0.14 0.0 0 10.3 26 130 M M 6 34 150
14 70 56 63 0 2 0 0.10 0.0 0 4.5 15 140 M M 7 1 20 130
15 82 53 68 5 0 3 0.03 0.0 0 5.6 18 10 M M 3 13 23 20
16 68 50 59 -4 6 0 0.03 0.0 0 7.9 18 260 M M 3 27 320
17 75 50 63 -1 2 0 0.00 0.0 0 6.9 18 330 M M 0 25 310
18 83 45 64 0 1 0 0.00 0.0 0 3.2 17 170 M M 0 8 22 170
19 84 50 67 3 0 2 0.00 0.0 0 6.1 18 190 M M 0 24 190
20 87 53 70 6 0 5 0.00 0.0 0 8.1 22 170 M M 0 28 190
21 69 53 61 -4 4 0 1.66 0.0 0 6.6 14 10 M M 6 1238 23 290
22 74 48 61 -4 4 0 0.00 0.0 0 3.5 16 10 M M 4 1 20 10
23 56 47 52 -13 13 0 T 0.0 0 8.7 24 10 M M 8 28 10
24 68 41 55 -11 10 0 0.00 0.0 0 6.8 16 50 M M 1 21 50
25 69 43 56 -10 9 0 0.01 0.0 0 5.2 10 360 M M 5 12 80
26 66 51 59 -7 6 0 0.44 0.0 0 5.9 20 350 M M 10 1 26 360
27 70 59 65 -1 0 0 0.76 0.0 0 5.1 9 150 M M 9 1 M M
28 69 55 62 -5 3 0 T 0.0 0 3.5 13 320 M M 7 1 17 330
29 75 54 65 -2 0 0 0.49 0.0 0 3.9 15 350 M M 3 13 19 360
30 71 51 61 -6 4 0 0.00 0.0 0 7.2 20 310 M M 2 29 340
================================================================================
SM 2202 1534 113 38 8.25 0.0 201.9 M 127
================================================================================
AV 73.4 51.1 6.7 FASTST M M 4 MAX(MPH)
MISC ----> 26 130 # 35 260
================================================================================
NOTES:
# LAST OF SEVERAL OCCURRENCES
COLUMN 17 PEAK WIND IN M.P.H.
PRELIMINARY LOCAL CLIMATOLOGICAL DATA (WS FORM: F-6) , PAGE 2
STATION: TUPELO
MONTH: APRIL
YEAR: 2023
LATITUDE: 34 16 N
LONGITUDE: 88 46 W
[TEMPERATURE DATA] [PRECIPITATION DATA] SYMBOLS USED IN COLUMN 16
AVERAGE MONTHLY: 62.3 TOTAL FOR MONTH: 8.25 1 = FOG OR MIST
DPTR FM NORMAL: -1.0 DPTR FM NORMAL: 2.74 2 = FOG REDUCING VISIBILITY
HIGHEST: 90 ON 4 GRTST 24HR 1.66 ON 21-21 TO 1/4 MILE OR LESS
LOWEST: 41 ON 24 3 = THUNDER
SNOW, ICE PELLETS, HAIL 4 = ICE PELLETS
TOTAL MONTH: 0.0 INCH 5 = HAIL
GRTST 24HR 0.0 6 = FREEZING RAIN OR DRIZZLE
GRTST DEPTH: 0 7 = DUSTSTORM OR SANDSTORM:
VSBY 1/2 MILE OR LESS
8 = SMOKE OR HAZE
[NO. OF DAYS WITH] [WEATHER - DAYS WITH] 9 = BLOWING SNOW
X = TORNADO
MAX 32 OR BELOW: 0 0.01 INCH OR MORE: 15
MAX 90 OR ABOVE: 1 0.10 INCH OR MORE: 12
MIN 32 OR BELOW: 0 0.50 INCH OR MORE: 7
MIN 0 OR BELOW: 0 1.00 INCH OR MORE: 2
[HDD (BASE 65) ]
TOTAL THIS MO. 113 CLEAR (SCALE 0-3) 13
DPTR FM NORMAL -11 PTCLDY (SCALE 4-7) 12
TOTAL FM JUL 1 2147 CLOUDY (SCALE 8-10) 5
DPTR FM NORMAL -561
[CDD (BASE 65) ]
TOTAL THIS MO. 38
DPTR FM NORMAL -34 [PRESSURE DATA]
TOTAL FM JAN 1 114 HIGHEST SLP 30.39 ON 10
DPTR FM NORMAL 19 LOWEST SLP 29.61 ON 30
[REMARKS]
#FINAL-04-23#