000
CXUS54 KSHV 011400
CF6TXK
PRELIMINARY LOCAL CLIMATOLOGICAL DATA (WS FORM: F-6)
STATION: TEXARKANA
MONTH: JANUARY
YEAR: 2021
LATITUDE: 33 27 N
LONGITUDE: 94 0 W
TEMPERATURE IN F: :PCPN: SNOW: WIND :SUNSHINE: SKY :PK WND
================================================================================
1 2 3 4 5 6A 6B 7 8 9 10 11 12 13 14 15 16 17 18
12Z AVG MX 2MIN
DY MAX MIN AVG DEP HDD CDD WTR SNW DPTH SPD SPD DIR MIN PSBL S-S WX SPD DR
================================================================================
1 49 41 45 1 20 0 0.02 0.0 0 10.9 24 220 M M 10 1 32 220
2 48 36 42 -2 23 0 T 0.0 0 7.0 18 280 M M 6 24 280
3 63 35 49 6 16 0 0.00 0.0 0 8.2 18 180 M M 0 24 200
4 68 43 56 13 9 0 0.00 0.0 0 6.9 14 290 M M 0 17 310
5 62 36 49 6 16 0 0.00 0.0 0 4.6 12 140 M M 0 17 90
6 47 43 45 2 20 0 2.45 0.0 0 9.3 21 100 M M 8 13 31 110
7 45 39 42 -1 23 0 0.24 0.0 0 7.9 15 10 M M 9 1 20 360
8 45 33 39 -4 26 0 0.00 0.0 0 5.7 13 300 M M 8 15 330
9 48 28 38 -5 27 0 0.00 0.0 0 2.8 9 20 M M 0 18 13 10
10 38 28 33 -10 32 0 T T 0 3.3 12 10 M M 6 1 16 20
11 46 32 39 -4 26 0 0.01 0.2 T 4.6 12 320 M M 5 1 17 280
12 53 27 40 -4 25 0 0.00 0.0 0 2.4 12 220 M M 0 14 210
13 60 35 48 4 17 0 0.00 0.0 0 8.1 17 220 M M 0 22 210
14 63 42 53 9 12 0 0.00 0.0 0 10.5 20 300 M M 0 28 310
15 52 35 44 0 21 0 0.00 0.0 0 14.4 28 310 M M 2 36 270
16 53 33 43 -1 22 0 0.00 0.0 0 8.2 16 280 M M 0 22 290
17 58 36 47 3 18 0 0.00 0.0 0 8.9 18 290 M M 2 24 280
18 65 32 49 5 16 0 T 0.0 0 6.7 17 210 M M 4 23 210
19 56 48 52 8 13 0 0.58 0.0 0 2.7 20 350 M M 10 1 24 350
20 50 45 48 4 17 0 0.15 0.0 0 4.1 10 90 M M 10 1 15 90
21 54 45 50 6 15 0 0.08 0.0 0 4.7 13 200 M M 9 18 17 200
22 54 48 51 7 14 0 T 0.0 0 7.0 14 80 M M 10 1 20 90
23 49 43 46 2 19 0 T 0.0 0 7.2 12 80 M M 10 18 19 70
24 59 45 52 8 13 0 0.19 0.0 0 4.4 12 140 M M 10 123 17 140
25 70 50 60 16 5 0 0.37 0.0 0 11.2 26 260 M M 7 13 33 240
26 66 43 55 11 10 0 0.00 0.0 0 4.0 10 10 M M 2 13 330
27 57 33 45 0 20 0 T 0.0 0 9.0 22 330 M M 4 30 10
28 49 31 40 -5 25 0 0.00 0.0 0 4.6 13 70 M M 2 18 60
29 58 29 44 -1 21 0 0.00 0.0 0 6.0 13 160 M M 1 1 17 170
30 64 51 58 13 7 0 0.05 0.0 0 11.8 21 140 M M 7 1 27 160
31 58 39 49 4 16 0 0.00 0.0 0 12.7 22 330 M M 5 30 310
================================================================================
SM 1707 1184 564 0 4.14 0.2 219.8 M 147
================================================================================
AV 55.1 38.2 7.1 FASTST M M 5 MAX(MPH)
MISC ----> 28 310 36 270
================================================================================
NOTES:
# LAST OF SEVERAL OCCURRENCES
COLUMN 17 PEAK WIND IN M.P.H.
PRELIMINARY LOCAL CLIMATOLOGICAL DATA (WS FORM: F-6) , PAGE 2
STATION: TEXARKANA
MONTH: JANUARY
YEAR: 2021
LATITUDE: 33 27 N
LONGITUDE: 94 0 W
[TEMPERATURE DATA] [PRECIPITATION DATA] SYMBOLS USED IN COLUMN 16
AVERAGE MONTHLY: 46.6 TOTAL FOR MONTH: 4.14 1 = FOG OR MIST
DPTR FM NORMAL: 2.7 DPTR FM NORMAL: 0.74 2 = FOG REDUCING VISIBILITY
HIGHEST: 70 ON 25 GRTST 24HR 2.45 ON 6- 6 TO 1/4 MILE OR LESS
LOWEST: 27 ON 12 3 = THUNDER
SNOW, ICE PELLETS, HAIL 4 = ICE PELLETS
TOTAL MONTH: 0.2 INCH 5 = HAIL
GRTST 24HR 0.2 ON 11-11 6 = FREEZING RAIN OR DRIZZLE
GRTST DEPTH: T 7 = DUSTSTORM OR SANDSTORM:
VSBY 1/2 MILE OR LESS
8 = SMOKE OR HAZE
[NO. OF DAYS WITH] [WEATHER - DAYS WITH] 9 = BLOWING SNOW
X = TORNADO
MAX 32 OR BELOW: 0 0.01 INCH OR MORE: 10
MAX 90 OR ABOVE: 0 0.10 INCH OR MORE: 6
MIN 32 OR BELOW: 7 0.50 INCH OR MORE: 2
MIN 0 OR BELOW: 0 1.00 INCH OR MORE: 1
[HDD (BASE 65) ]
TOTAL THIS MO. 564 CLEAR (SCALE 0-3) 13
DPTR FM NORMAL -91 PTCLDY (SCALE 4-7) 10
TOTAL FM JUL 1 1407 CLOUDY (SCALE 8-10) 8
DPTR FM NORMAL -319
[CDD (BASE 65) ]
TOTAL THIS MO. 0
DPTR FM NORMAL -1 [PRESSURE DATA]
TOTAL FM JAN 1 0 HIGHEST SLP 30.65 ON 28
DPTR FM NORMAL -1 LOWEST SLP 29.59 ON 25
[REMARKS]
#FINAL-01-21#