000
CXUS54 KSHV 011400
CF6TYR
PRELIMINARY LOCAL CLIMATOLOGICAL DATA (WS FORM: F-6)
STATION: TYLER
MONTH: JANUARY
YEAR: 2022
LATITUDE: 32 22 N
LONGITUDE: 95 24 W
TEMPERATURE IN F: :PCPN: SNOW: WIND :SUNSHINE: SKY :PK WND
================================================================================
1 2 3 4 5 6A 6B 7 8 9 10 11 12 13 14 15 16 17 18
12Z AVG MX 2MIN
DY MAX MIN AVG DEP HDD CDD WTR SNW DPTH SPD SPD DIR MIN PSBL S-S WX SPD DR
================================================================================
1 79 33 56 9 9 0 T 0.0 0 14.7 24 320 M M 6 31 340
2 38 23 31 -16 34 0 0.00 0.0 0 16.5 23 330 M M 6 32 340
3 51 24 38 -9 27 0 0.00 0.0 0 2.4 8 130 M M 0 9 140
4 61 28 45 -2 20 0 0.00 0.0 0 11.2 24 200 M M 0 30 190
5 67 45 56 9 9 0 0.00 0.0 0 5.6 15 90 M M 3 128 20 70
6 51 31 41 -6 24 0 0.00 0.0 0 9.1 18 320 M M 0 23 360
7 50 27 39 -8 26 0 0.00 0.0 0 7.9 14 130 M M 4 M M
8 68 48 58 11 7 0 0.29 0.0 0 10.2 17 170 M M 10 123 22 160
9 69 48 59 12 6 0 T 0.0 0 11.6 24 340 M M 9 28 350
10 58 35 47 0 18 0 0.00 0.0 0 7.3 17 40 M M 0 23 30
11 58 31 45 -2 20 0 0.00 0.0 0 2.6 13 240 M M 0 8 16 250
12 62 45 54 7 11 0 0.00 0.0 0 5.3 14 230 M M 4 19 270
13 75 41 58 11 7 0 0.00 0.0 0 5.3 13 320 M M 0 17 340
14 74 41 58 11 7 0 0.00 0.0 0 8.1 18 200 M M 0 22 180
15 63 30 47 0 18 0 0.00 0.0 0 20.5 31 320 M M 7 42 310
16 52 28 40 -7 25 0 0.00 0.0 0 8.1 21 320 M M 2 25 320
17 63 30 47 -1 18 0 0.00 0.0 0 4.0 10 130 M M 0 12 160
18 72 42 57 9 8 0 0.00 0.0 0 14.9 29 200 M M 0 38 180
19 76 40 58 10 7 0 0.02 0.0 0 15.1 26 320 M M 8 13 33 310
20 40 30 35 -13 30 0 0.00 0.0 0 13.0 22 360 M M 8 29 350
21 46 24 35 -13 30 0 0.00 0.0 0 5.9 13 10 M M 0 18 350
22 50 23 37 -11 28 0 0.00 0.0 0 3.4 9 20 M M 0 12 30
23 63 26 45 -3 20 0 0.00 0.0 0 6.4 14 260 M M 0 18 240
24 53 42 48 0 17 0 0.59 0.0 0 5.1 12 180 M M 8 1 15 210
25 59 43 51 3 14 0 0.01 0.0 0 7.0 14 60 M M 6 18 20 80
26 51 31 41 -7 24 0 0.00 0.0 0 7.8 18 90 M M 1 22 90
27 58 39 49 1 16 0 0.00 0.0 0 4.3 10 120 M M 7 12 20
28 57 34 46 -2 19 0 0.00 0.0 0 8.1 22 330 M M 2 29 320
29 65 28 47 -2 18 0 0.00 0.0 0 9.0 18 240 M M 0 23 240
30 69 44 57 8 8 0 0.00 0.0 0 9.5 17 210 M M 0 22 210
31 60 44 52 3 13 0 0.18 0.0 0 7.6 18 170 M M 4 1 24 150
================================================================================
SM 1858 1078 538 0 1.09 0.0 267.5 M 95
================================================================================
AV 59.9 34.8 8.6 FASTST M M 3 MAX(MPH)
MISC ----> 31 320 42 310
================================================================================
NOTES:
# LAST OF SEVERAL OCCURRENCES
COLUMN 17 PEAK WIND IN M.P.H.
PRELIMINARY LOCAL CLIMATOLOGICAL DATA (WS FORM: F-6) , PAGE 2
STATION: TYLER
MONTH: JANUARY
YEAR: 2022
LATITUDE: 32 22 N
LONGITUDE: 95 24 W
[TEMPERATURE DATA] [PRECIPITATION DATA] SYMBOLS USED IN COLUMN 16
AVERAGE MONTHLY: 47.4 TOTAL FOR MONTH: 1.09 1 = FOG OR MIST
DPTR FM NORMAL: -0.2 DPTR FM NORMAL: -2.30 2 = FOG REDUCING VISIBILITY
HIGHEST: 79 ON 1 GRTST 24HR 0.59 ON 24-24 TO 1/4 MILE OR LESS
LOWEST: 23 ON 22, 2 3 = THUNDER
SNOW, ICE PELLETS, HAIL 4 = ICE PELLETS
TOTAL MONTH: 0.0 INCH 5 = HAIL
GRTST 24HR 0.0 6 = FREEZING RAIN OR DRIZZLE
GRTST DEPTH: 0 7 = DUSTSTORM OR SANDSTORM:
VSBY 1/2 MILE OR LESS
8 = SMOKE OR HAZE
[NO. OF DAYS WITH] [WEATHER - DAYS WITH] 9 = BLOWING SNOW
X = TORNADO
MAX 32 OR BELOW: 0 0.01 INCH OR MORE: 5
MAX 90 OR ABOVE: 0 0.10 INCH OR MORE: 3
MIN 32 OR BELOW: 15 0.50 INCH OR MORE: 1
MIN 0 OR BELOW: 0 1.00 INCH OR MORE: 0
[HDD (BASE 65) ]
TOTAL THIS MO. 538 CLEAR (SCALE 0-3) 18
DPTR FM NORMAL -5 PTCLDY (SCALE 4-7) 8
TOTAL FM JUL 1 962 CLOUDY (SCALE 8-10) 5
DPTR FM NORMAL -410
[CDD (BASE 65) ]
TOTAL THIS MO. 0
DPTR FM NORMAL -5 [PRESSURE DATA]
TOTAL FM JAN 1 0 HIGHEST SLP 30.68 ON 10
DPTR FM NORMAL -5 LOWEST SLP 29.57 ON 1
[REMARKS]
#FINAL-01-22#