000
CXUS53 KLSX 011547
CF6UIN
PRELIMINARY LOCAL CLIMATOLOGICAL DATA (WS FORM: F-6)
STATION: QUINCY IL
MONTH: JANUARY
YEAR: 2023
LATITUDE: 39 57 N
LONGITUDE: 91 12 W
TEMPERATURE IN F: :PCPN: SNOW: WIND :SUNSHINE: SKY :PK WND
================================================================================
1 2 3 4 5 6A 6B 7 8 9 10 11 12 13 14 15 16 17 18
12Z AVG MX 2MIN
DY MAX MIN AVG DEP HDD CDD WTR SNW DPTH SPD SPD DIR MIN PSBL S-S WX SPD DR
================================================================================
1 52 38 45 17 20 0 0.00 0.0 0 7.0 14 200 M M 3 12 18 200
2 56 40 48 20 17 0 0.06 0.0 0 9.2 29 120 M M 10 123 35 120
3 66 40 53 26 12 0 0.06 0.0 0 13.9 26 200 M M 5 1 36 210
4 40 34 37 10 28 0 0.00 0.0 0 12.2 21 250 M M 10 29 240
5 34 28 31 4 34 0 T M 0 11.0 20 280 M M 10 25 280
6 42 23 33 6 32 0 0.00 0.0 0 5.0 9 50 M M 1 1 12 250
7 34 21 28 1 37 0 T M 0 9.3 15 30 M M 4 18 19 50
8 33 21 27 0 38 0 T M M 5.1 10 230 M M 6 18 13 210
9 49 21 35 8 30 0 0.00 0.0 0 8.5 14 180 M M 0 18 20 170
10 48 32 40 14 25 0 0.00 0.0 0 6.1 12 200 M M 0 16 190
11 53 36 45 19 20 0 0.00 0.0 0 7.1 16 10 M M 0 18 19 10
12 40 27 34 8 31 0 0.00 0.0 0 18.7 26 320 M M 9 18 35 330
13 28 18 23 -3 42 0 0.00 0.0 0 11.7 23 320 M M 8 30 310
14 37 14 26 0 39 0 0.00 0.0 0 7.1 14 150 M M 0 1 20 150
15 48 31 40 14 25 0 0.00 0.0 0 13.0 21 130 M M 1 29 150
16 64 42 53 27 12 0 0.04 0.0 0 14.4 28 220 M M 5 43 220
17 48 32 40 14 25 0 0.00 0.0 0 9.9 17 280 M M 4 24 280
18 37 31 34 8 31 0 0.44 0.0 0 9.2 22 80 M M 7 18 29 80
19 42 32 37 11 28 0 0.02 0.0 0 15.3 28 280 M M 10 1 38 290
20 32 24 28 2 37 0 0.00 0.0 0 9.6 20 310 M M 8 26 300
21 41 21 31 5 34 0 0.01 0.0 0 4.7 12 200 M M 3 1 16 200
22 34 29 32 6 33 0 T M 0 6.8 15 340 M M 10 12 20 320
23 36 25 31 5 34 0 0.00 0.0 0 9.6 16 240 M M 6 18 23 220
24 41 26 34 8 31 0 0.00 0.0 0 3.9 12 160 M M 5 18 14 160
25 36 26 31 5 34 0 M M M 12.3 23 300 M M 10 18 30 300
26 26 14 20 -6 45 0 0.00 0.0 M 13.5 23 280 M M 7 31 270
27 47 17 32 5 33 0 0.00 0.0 0 12.7 26 250 M M 4 39 250
28 46 26 36 9 29 0 T M 0 11.3 20 10 M M 7 1 24 10
29 26 15 21 -6 44 0 0.00 0.0 0 14.2 21 350 M M 10 18 27 340
30 18 11 15 -12 50 0 0.00 0.0 0 13.5 20 360 M M 10 25 360
31 21 5 13 -14 52 0 0.00 0.0 0 4.9 10 320 M M 1 15 320
================================================================================
SM 1255 800 982 0 0.63 0.0 310.7 M 174
================================================================================
AV 40.5 25.8 10.0 FASTST M M 6 MAX(MPH)
MISC ----> 29 120 43 220
================================================================================
NOTES:
# LAST OF SEVERAL OCCURRENCES
COLUMN 17 PEAK WIND IN M.P.H.
PRELIMINARY LOCAL CLIMATOLOGICAL DATA (WS FORM: F-6) , PAGE 2
STATION: QUINCY IL
MONTH: JANUARY
YEAR: 2023
LATITUDE: 39 57 N
LONGITUDE: 91 12 W
[TEMPERATURE DATA] [PRECIPITATION DATA] SYMBOLS USED IN COLUMN 16
AVERAGE MONTHLY: 33.1 TOTAL FOR MONTH: 0.63 1 = FOG OR MIST
DPTR FM NORMAL: 6.5 DPTR FM NORMAL: -0.94 2 = FOG REDUCING VISIBILITY
HIGHEST: 66 ON 3 GRTST 24HR 1.04 ON 2- 3 TO 1/4 MILE OR LESS
LOWEST: 5 ON 31 3 = THUNDER
SNOW, ICE PELLETS, HAIL 4 = ICE PELLETS
TOTAL MONTH: 0.0 INCH 5 = HAIL
GRTST 24HR 0.0 6 = FREEZING RAIN OR DRIZZLE
GRTST DEPTH: 0 7 = DUSTSTORM OR SANDSTORM:
VSBY 1/2 MILE OR LESS
8 = SMOKE OR HAZE
[NO. OF DAYS WITH] [WEATHER - DAYS WITH] 9 = BLOWING SNOW
X = TORNADO
MAX 32 OR BELOW: 6 0.01 INCH OR MORE: 6
MAX 90 OR ABOVE: 0 0.10 INCH OR MORE: 1
MIN 32 OR BELOW: 25 0.50 INCH OR MORE: 0
MIN 0 OR BELOW: 0 1.00 INCH OR MORE: 0
[HDD (BASE 65) ]
TOTAL THIS MO. 982 CLEAR (SCALE 0-3) 9
DPTR FM NORMAL -208 PTCLDY (SCALE 4-7) 12
TOTAL FM JUL 1 3083 CLOUDY (SCALE 8-10) 10
DPTR FM NORMAL -234
[CDD (BASE 65) ]
TOTAL THIS MO. 0
DPTR FM NORMAL 0 [PRESSURE DATA]
TOTAL FM JAN 1 0 HIGHEST SLP 30.53 ON 31
DPTR FM NORMAL 0 LOWEST SLP 29.38 ON 16
[REMARKS]
#FINAL-01-23#