000
CXUS53 KLSX 011601
CLSUIN
CLIMATE REPORT
NATIONAL WEATHER SERVICE ST LOUIS MO
1101 AM CDT TUE SEP 01 2020
...................................
...THE QUINCY IL CLIMATE SUMMARY FOR THE SEASON, FROM
6/1/2020 TO 8/31/2020...
CLIMATE NORMAL PERIOD 1981 TO 2010
CLIMATE RECORD PERIOD 1901 TO 2020
WEATHER OBSERVED NORMAL DEPART LAST YEAR`S
VALUE DATE(S) VALUE FROM VALUE
NORMAL
..............................................................
TEMPERATURE (F)
RECORD
HIGH 114 07/15/1936
LOW 39 06/12/1903
HIGHEST 94 08/24
LOWEST 53 08/05
AVG. MAXIMUM 85.2 84.0 1.2
AVG. MINIMUM 65.6 64.4 1.2
MEAN 75.4 74.2 1.2
DAYS MAX >= 90 20
DAYS MAX <= 32 0
DAYS MAX >= 100 0
DAYS MIN <= 32 0
DAYS MIN <= 0 0
PRECIPITATION (INCHES)
RECORD
MAXIMUM 21.85 1915
MINIMUM 2.68 1936
TOTALS 13.03 11.66 1.37
DAYS >= .01 20
DAYS >= .10 17
DAYS >= .50 9
DAYS >= 1.00 6
GREATEST
24 HR. TOTAL 4.47 06/29 TO 06/30
DEGREE DAYS
HEATING TOTAL 1 21 -20
SINCE 7/1 1 0 1
COOLING TOTAL 983 868 115
SINCE 1/1 1054 953 101
..............................................................
WIND (MPH)
HIGHEST WIND SPEED/DIRECTION 39/340 DATE 08/10
HIGHEST GUST SPEED/DIRECTION 54/330 DATE 08/10
WEATHER CONDITIONS. NUMBER OF DAYS WITH
THUNDERSTORM 17 HAIL 0
FOG W/VIS <= 1/4 MILE 9
- INDICATES NEGATIVE NUMBERS.
R INDICATES RECORD WAS SET OR TIED.
MM INDICATES DATA IS MISSING.
T INDICATES TRACE AMOUNT.
$$
...SEASONAL...
NO RECORDS OF NOTE.
...MONTHLY...
NO RECORDS OF NOTE.
...DAILY...
2 RECORD RAINFALL VALUES SET (06/30 AND 06/29).
GOSSELIN