000
CXUS53 KUNR 010930
CF6UNR
PRELIMINARY LOCAL CLIMATOLOGICAL DATA (WS FORM: F-6)
STATION: EAST RAPID CITY SD
MONTH: MAY
YEAR: 2023
LATITUDE: 44 4 N
LONGITUDE: 103 13 W
TEMPERATURE IN F: :PCPN: SNOW: WIND :SUNSHINE: SKY :PK WND
================================================================================
1 2 3 4 5 6A 6B 7 8 9 10 11 12 13 14 15 16 17 18
12Z AVG MX 2MIN
DY MAX MIN AVG DEP HDD CDD WTR SNW DPTH SPD SPD DIR MIN PSBL S-S WX SPD DR
================================================================================
1 64 35 50 1 15 0 0.00 0.0 0 5.1 15 40 M M M 18 40
2 68 34 51 1 14 0 0.00 0.0 0 10.0 23 140 M M M 31 150
3 79 41 60 10 5 0 0.00 0.0 0 7.3 15 10 M M M 22 10
4 77 55 66 16 0 1 0.00 0.0 0 8.3 17 100 M M M 25 90
5 71 50 61 10 4 0 T 0.0 0 6.9 29 150 M M M 35 150
6 75 46 61 10 4 0 0.03 0.0 0 6.9 24 360 M M M 39 360
7 69 41 55 3 10 0 T 0.0 0 5.5 21 50 M M M 3 26 40
8 71 42 57 5 8 0 T 0.0 0 5.0 14 120 M M M 20 130
9 82 51 67 15 0 2 T 0.0 0 10.0 26 180 M M M 37 180
10 79 50 65 12 0 0 T 0.0 0 7.1 21 120 M M M 29 150
11 68 53 61 8 4 0 1.66 0.0 0 5.8 21 300 M M M 3 29 300
12 56 52 54 0 11 0 0.74 0.0 0 19.3 30 330 M M M 41 330
13 57 50 54 0 11 0 0.12 0.0 0 17.2 28 330 M M M 40 330
14 60 49 55 1 10 0 0.79 0.0 0 8.3 17 360 M M M 25 350
15 69 47 58 3 7 0 0.00 0.0 0 7.1 18 150 M M M 25 160
16 76 51 64 9 1 0 0.00 0.0 0 3.9 10 40 M M M 15 360
17 74 54 64 9 1 0 0.58 0.0 0 7.8 23 20 M M M 32 10
18 65 45 55 -1 10 0 0.00 0.0 0 9.8 24 360 M M M 39 350
19 62 43 53 -3 12 0 0.00 0.0 0 6.7 16 30 M M M 22 350
20 76 41 59 3 6 0 0.00 0.0 0 5.4 14 120 M M M 21 150
21 75 59 67 10 0 2 0.00 0.0 0 5.4 13 360 M M M 16 20
22 83 56 70 13 0 5 0.00 0.0 0 6.2 20 140 M M M 26 150
23 83 54 69 11 0 4 0.00 0.0 0 5.9 20 140 M M M 25 140
24 78 54 66 8 0 1 0.00 0.0 0 7.9 21 150 M M M 35 160
25 80 56 68 10 0 3 0.00 0.0 0 9.5 24 140 M M M 39 150
26 77 56 67 8 0 2 0.26 0.0 0 9.0 23 140 M M M 3 33 150
27 80 54 67 8 0 2 0.42 0.0 0 8.3 22 190 M M M 35 35 160
28 70 54 62 3 3 0 0.27 0.0 0 6.0 18 270 M M M 3 36 290
29 76 52 64 4 1 0 0.48 0.0 0 4.8 23 280 M M M 35 39 360
30 80 58 69 9 0 4 0.06 0.0 0 5.8 21 320 M M M 3 31 320
31 80 54 67 7 0 2 T 0.0 0 5.8 34 140 M M M 60 150
================================================================================
SM 2260 1537 137 28 5.41 0.0 238.0 M M
================================================================================
AV 72.9 49.6 7.7 FASTST M M M MAX(MPH)
MISC ----> 34 140 60 150
================================================================================
NOTES:
# LAST OF SEVERAL OCCURRENCES
COLUMN 17 PEAK WIND IN M.P.H.
PRELIMINARY LOCAL CLIMATOLOGICAL DATA (WS FORM: F-6) , PAGE 2
STATION: EAST RAPID CITY SD
MONTH: MAY
YEAR: 2023
LATITUDE: 44 4 N
LONGITUDE: 103 13 W
[TEMPERATURE DATA] [PRECIPITATION DATA] SYMBOLS USED IN COLUMN 16
AVERAGE MONTHLY: 61.2 TOTAL FOR MONTH: 5.41 1 = FOG OR MIST
DPTR FM NORMAL: 6.3 DPTR FM NORMAL: 1.29 2 = FOG REDUCING VISIBILITY
HIGHEST: 83 ON 23,22 GRTST 24HR 1.66 ON 11-11 TO 1/4 MILE OR LESS
LOWEST: 34 ON 2 3 = THUNDER
SNOW, ICE PELLETS, HAIL 4 = ICE PELLETS
TOTAL MONTH: 0.0 INCH 5 = HAIL
GRTST 24HR 0.0 6 = FREEZING RAIN OR DRIZZLE
GRTST DEPTH: 0 7 = DUSTSTORM OR SANDSTORM:
VSBY 1/2 MILE OR LESS
8 = SMOKE OR HAZE
[NO. OF DAYS WITH] [WEATHER - DAYS WITH] 9 = BLOWING SNOW
X = TORNADO
MAX 32 OR BELOW: 0 0.01 INCH OR MORE: 11
MAX 90 OR ABOVE: 0 0.10 INCH OR MORE: 9
MIN 32 OR BELOW: 0 0.50 INCH OR MORE: 4
MIN 0 OR BELOW: 0 1.00 INCH OR MORE: 1
[HDD (BASE 65) ]
TOTAL THIS MO. 137 CLEAR (SCALE 0-3) 0
DPTR FM NORMAL -190 PTCLDY (SCALE 4-7) 0
TOTAL FM JUL 1 6715 CLOUDY (SCALE 8-10) 31
DPTR FM NORMAL -46
[CDD (BASE 65) ]
TOTAL THIS MO. 28
DPTR FM NORMAL 12 [PRESSURE DATA]
TOTAL FM JAN 1 30 HIGHEST SLP M ON M
DPTR FM NORMAL 13 LOWEST SLP 26.56 ON 6
[REMARKS]
#FINAL-05-23#