000
CXUS53 KUNR 010930
CF6UNR
PRELIMINARY LOCAL CLIMATOLOGICAL DATA (WS FORM: F-6)
STATION: EAST RAPID CITY SD
MONTH: JUNE
YEAR: 2021
LATITUDE: 44 4 N
LONGITUDE: 103 13 W
TEMPERATURE IN F: :PCPN: SNOW: WIND :SUNSHINE: SKY :PK WND
================================================================================
1 2 3 4 5 6A 6B 7 8 9 10 11 12 13 14 15 16 17 18
12Z AVG MX 2MIN
DY MAX MIN AVG DEP HDD CDD WTR SNW DPTH SPD SPD DIR MIN PSBL S-S WX SPD DR
================================================================================
1 77 57 67 7 0 2 0.03 0.0 0 7.6 21 10 M M M 28 10
2 80 59 70 9 0 5 0.00 0.0 0 8.2 21 10 M M M 28 10
3 85 61 73 12 0 8 0.00 0.0 0 8.0 16 10 M M M 22 360
4 95 68 82 21 0 17 0.00 0.0 0 5.5 14 340 M M M 26 320
5 94 70 82 20 0 17 0.00 0.0 0 7.1 13 150 M M M 23 170
6 89 64 77 15 0 12 0.00 0.0 0 12.4 36 350 M M M 56 350
7 91 62 77 15 0 12 T 0.0 0 11.1 33 180 M M M 56 180
8 95 60 78 16 0 13 0.73 0.0 0 11.0 33 280 M M M 3 58 280
9 86 62 74 11 0 9 0.00 0.0 0 6.5 20 140 M M M 32 130
10 93 65 79 16 0 14 0.01 0.0 0 10.9 47 190 M M M 3 63 180
11 73 59 66 2 0 1 0.00 0.0 0 11.2 32 300 M M M 47 300
12 91 53 72 8 0 7 0.00 0.0 0 6.3 17 140 M M M 22 140
13 87 67 77 13 0 12 0.00 0.0 0 8.2 20 360 M M M 28 350
14 89 63 76 12 0 11 T 0.0 0 8.6 21 100 M M M 30 110
15 99 66 83 18 0 18 0.01 0.0 0 10.1 22 180 M M M 3 35 180
16 90 70 80 15 0 15 0.00 0.0 0 12.5 34 330 M M M 47 350
17 87 63 75 9 0 10 0.00 0.0 0 6.5 16 140 M M M 23 110
18 87 63 75 9 0 10 0.00 0.0 0 9.2 20 30 M M M 26 20
19 88 59 74 8 0 9 0.05 0.0 0 8.4 25 30 M M M 3 37 170
20 76 56 66 -1 0 1 0.02 0.0 0 16.0 32 330 M M M 49 330
21 77 54 66 -1 0 1 0.00 0.0 0 8.5 18 10 M M M 29 350
22 89 56 73 6 0 8 0.00 0.0 0 7.6 16 120 M M M 22 130
23 98 64 81 13 0 16 0.12 0.0 0 7.7 32 10 M M M 3 47 10
24 84 62 73 5 0 8 0.49 0.0 0 8.8 24 190 M M M 3 35 190
25 71 62 67 -1 0 2 0.01 0.0 0 8.0 23 330 M M M 33 360
26 74 57 66 -3 0 1 T 0.0 0 10.2 26 340 M M M 35 330
27 79 60 70 1 0 5 T 0.0 0 9.5 30 330 M M M 3 40 330
28 79 57 68 -1 0 3 0.00 0.0 0 9.3 21 10 M M M 31 360
29 85 59 72 2 0 7 0.00 0.0 0 6.3 14 140 M M M 25 150
30 89 65 77 7 0 12 0.00 0.0 0 4.6 14 110 M M M 18 110
================================================================================
SM 2577 1843 0 266 1.47 0.0 265.8 M M
================================================================================
AV 85.9 61.4 8.9 FASTST M M M MAX(MPH)
MISC ----> 47 190 63 180
================================================================================
NOTES:
# LAST OF SEVERAL OCCURRENCES
COLUMN 17 PEAK WIND IN M.P.H.
PRELIMINARY LOCAL CLIMATOLOGICAL DATA (WS FORM: F-6) , PAGE 2
STATION: EAST RAPID CITY SD
MONTH: JUNE
YEAR: 2021
LATITUDE: 44 4 N
LONGITUDE: 103 13 W
[TEMPERATURE DATA] [PRECIPITATION DATA] SYMBOLS USED IN COLUMN 16
AVERAGE MONTHLY: 73.7 TOTAL FOR MONTH: 1.47 1 = FOG OR MIST
DPTR FM NORMAL: 8.6 DPTR FM NORMAL: -1.69 2 = FOG REDUCING VISIBILITY
HIGHEST: 99 ON 15 GRTST 24HR 0.73 ON 8- 8 TO 1/4 MILE OR LESS
LOWEST: 53 ON 12 3 = THUNDER
SNOW, ICE PELLETS, HAIL 4 = ICE PELLETS
TOTAL MONTH: 0.0 INCH 5 = HAIL
GRTST 24HR 0.0 6 = FREEZING RAIN OR DRIZZLE
GRTST DEPTH: 0 7 = DUSTSTORM OR SANDSTORM:
VSBY 1/2 MILE OR LESS
8 = SMOKE OR HAZE
[NO. OF DAYS WITH] [WEATHER - DAYS WITH] 9 = BLOWING SNOW
X = TORNADO
MAX 32 OR BELOW: 0 0.01 INCH OR MORE: 9
MAX 90 OR ABOVE: 9 0.10 INCH OR MORE: 3
MIN 32 OR BELOW: 0 0.50 INCH OR MORE: 1
MIN 0 OR BELOW: 0 1.00 INCH OR MORE: 0
[HDD (BASE 65) ]
TOTAL THIS MO. 0 CLEAR (SCALE 0-3) 0
DPTR FM NORMAL -88 PTCLDY (SCALE 4-7) 0
TOTAL FM JUL 1 6427 CLOUDY (SCALE 8-10) 30
DPTR FM NORMAL -432
[CDD (BASE 65) ]
TOTAL THIS MO. 266
DPTR FM NORMAL 175 [PRESSURE DATA]
TOTAL FM JAN 1 274 HIGHEST SLP M ON M
DPTR FM NORMAL 165 LOWEST SLP 29.16 ON 6
[REMARKS]
#FINAL-06-21#