000
CXUS53 KUNR 011030
CF6UNR
PRELIMINARY LOCAL CLIMATOLOGICAL DATA (WS FORM: F-6)
STATION: EAST RAPID CITY SD
MONTH: OCTOBER
YEAR: 2020
LATITUDE: 44 4 N
LONGITUDE: 103 13 W
TEMPERATURE IN F: :PCPN: SNOW: WIND :SUNSHINE: SKY :PK WND
================================================================================
1 2 3 4 5 6A 6B 7 8 9 10 11 12 13 14 15 16 17 18
12Z AVG MX 2MIN
DY MAX MIN AVG DEP HDD CDD WTR SNW DPTH SPD SPD DIR MIN PSBL S-S WX SPD DR
================================================================================
1 56 36 46 -8 19 0 0.00 0.0 0 7.8 17 350 M M M 26 330
2 68 36 52 -2 13 0 T 0.0 0 7.5 36 20 M M M 45 20
3 66 46 56 3 9 0 0.00 0.0 0 8.2 18 330 M M M 28 320
4 75 42 59 6 6 0 0.00 0.0 0 6.1 16 130 M M M 23 140
5 71 53 62 10 3 0 0.00 0.0 0 11.0 30 320 M M M 41 340
6 85 52 69 17 0 4 0.00 0.0 0 6.0 16 300 M M M 23 300
7 71 52 62 11 3 0 0.00 0.0 0 6.8 16 130 M M M 21 140
8 83 46 65 14 0 0 0.00 0.0 0 8.4 18 140 M M M 28 140
9 76 54 65 14 0 0 0.00 0.0 0 10.1 26 10 M M M 35 10
10 83 46 65 15 0 0 0.00 0.0 0 10.2 23 190 M M M 35 150
11 75 43 59 9 6 0 T 0.0 0 11.3 36 330 M M M 51 320
12 69 40 55 5 10 0 0.00 0.0 0 9.4 28 350 M M M 41 330
13 66 45 56 7 9 0 0.00 0.0 0 9.1 28 360 M M M 43 360
14 58 36 47 -2 18 0 T 0.0 0 18.1 40 350 M M M 62 320
15 48 32 40 -8 25 0 T T 0 8.7 32 320 M M M 46 320
16 53 31 42 -6 23 0 0.01 0.0 0 5.7 17 330 M M M 28 310
17 52 26 39 -9 26 0 0.22 1.7 0 12.7 28 330 M M M 39 350
18 27 23 25 -23 40 0 0.05 0.8 1 8.4 16 360 M M M 22 360
19 32 27 30 -17 35 0 0.05 T 1 6.9 14 140 M M M 14 21 150
20 50 32 41 -6 24 0 0.02 0.0 0 7.4 24 360 M M M 12 35 360
21 33 27 30 -17 35 0 0.28 1.9 1 5.5 10 20 M M M 14 13 30
22 27 21 24 -22 41 0 0.06 0.9 1 11.6 24 350 M M M 31 350
23 23 15 19 -27 46 0 0.01 0.2 1 10.1 18 330 M M M 29 340
24 24 14 19 -27 46 0 0.26 4.5 1 10.5 18 360 M M M 23 10
25 15 9 12 -33 53 0 0.09 2.0 7 13.8 24 350 M M M 36 350
26 22 4 13 -32 52 0 0.00 0.0 7 5.5 13 140 M M M 15 140
27 47 16 32 -13 33 0 0.00 0.0 6 4.7 9 280 M M M 13 250
28 50 33 42 -2 23 0 0.00 0.0 2 7.3 20 330 M M 0 26 330
29 59 32 46 2 19 0 0.00 0.0 T 4.8 13 280 M M M 18 270
30 71 37 54 10 11 0 0.00 0.0 0 9.0 32 330 M M M 46 330
31 61 36 49 6 16 0 0.00 0.0 0 15.3 30 330 M M M 45 340
================================================================================
SM 1696 1042 644 4 1.05 12.0 277.9 M 0
================================================================================
AV 54.7 33.6 9.0 FASTST M M 0 MAX(MPH)
MISC ----> 40 350 62 320
================================================================================
NOTES:
# LAST OF SEVERAL OCCURRENCES
COLUMN 17 PEAK WIND IN M.P.H.
PRELIMINARY LOCAL CLIMATOLOGICAL DATA (WS FORM: F-6) , PAGE 2
STATION: EAST RAPID CITY SD
MONTH: OCTOBER
YEAR: 2020
LATITUDE: 44 4 N
LONGITUDE: 103 13 W
[TEMPERATURE DATA] [PRECIPITATION DATA] SYMBOLS USED IN COLUMN 16
AVERAGE MONTHLY: 44.2 TOTAL FOR MONTH: 1.05 1 = FOG OR MIST
DPTR FM NORMAL: -4.1 DPTR FM NORMAL: -0.60 2 = FOG REDUCING VISIBILITY
HIGHEST: 85 ON 6 GRTST 24HR 0.28 ON 21-21 TO 1/4 MILE OR LESS
LOWEST: 4 ON 26 3 = THUNDER
SNOW, ICE PELLETS, HAIL 4 = ICE PELLETS
TOTAL MONTH: 12.0 INCHES 5 = HAIL
GRTST 24HR 4.5 ON 24-24 6 = FREEZING RAIN OR DRIZZLE
GRTST DEPTH: 7 ON 26,25 7 = DUSTSTORM OR SANDSTORM:
VSBY 1/2 MILE OR LESS
8 = SMOKE OR HAZE
[NO. OF DAYS WITH] [WEATHER - DAYS WITH] 9 = BLOWING SNOW
X = TORNADO
MAX 32 OR BELOW: 7 0.01 INCH OR MORE: 10
MAX 90 OR ABOVE: 0 0.10 INCH OR MORE: 3
MIN 32 OR BELOW: 14 0.50 INCH OR MORE: 0
MIN 0 OR BELOW: 0 1.00 INCH OR MORE: 0
[HDD (BASE 65) ]
TOTAL THIS MO. 644 CLEAR (SCALE 0-3) 1
DPTR FM NORMAL 124 PTCLDY (SCALE 4-7) 0
TOTAL FM JUL 1 800 CLOUDY (SCALE 8-10) 30
DPTR FM NORMAL 71
[CDD (BASE 65) ]
TOTAL THIS MO. 4
DPTR FM NORMAL 0 [PRESSURE DATA]
TOTAL FM JAN 1 861 HIGHEST SLP M ON M
DPTR FM NORMAL 196 LOWEST SLP 29.15 ON 11
[REMARKS]
#FINAL-10-20#