000
CXUS54 KHGX 011510
CF6UTS
PRELIMINARY LOCAL CLIMATOLOGICAL DATA (WS FORM: F-6)
STATION: HUNTSVILLE
MONTH: FEBRUARY
YEAR: 2021
LATITUDE: 30 45 N
LONGITUDE: 95 35 W
TEMPERATURE IN F: :PCPN: SNOW: WIND :SUNSHINE: SKY :PK WND
================================================================================
1 2 3 4 5 6A 6B 7 8 9 10 11 12 13 14 15 16 17 18
12Z AVG MX 2MIN
DY MAX MIN AVG DEP HDD CDD WTR SNW DPTH SPD SPD DIR MIN PSBL S-S WX SPD DR
================================================================================
1 63 38 51 -1 14 0 0.00 0.0 0 4.5 16 330 M M 0 21 330
2 66 36 51 -1 14 0 0.00 0.0 0 2.9 10 190 M M 0 15 170
3 71 49 60 8 5 0 0.00 0.0 0 8.1 16 190 M M 2 22 190
4 81 52 67 14 0 2 0.00 0.0 0 10.8 23 210 M M 6 32 200
5 53 44 49 -4 16 0 0.10 0.0 0 5.2 12 60 M M 7 1 17 60
6 66 45 56 3 9 0 0.00 0.0 0 5.2 17 250 M M 7 24 250
7 66 34 50 -3 15 0 0.00 0.0 0 4.7 14 190 M M 0 19 180
8 70 50 60 7 5 0 0.00 0.0 0 5.5 14 180 M M 7 1 18 170
9 65 52 59 6 6 0 0.00 0.0 0 3.9 13 330 M M 10 1 16 330
10 52 40 46 -8 19 0 0.09 0.0 0 6.0 12 340 M M 10 123 16 20
11 40 33 37 -17 28 0 0.23 0.0 0 8.2 15 330 M M 10 13 20 20
12 34 31 33 -21 32 0 0.00 0.0 0 8.8 16 330 M M 10 18 23 330
13 35 30 33 -21 32 0 T 0.0 0 8.0 14 10 M M 10 18 23 10
14 32 19 26 -28 39 0 0.17 0.0 0 8.3 17 340 M M 10 168 28 330
15 19 11 15 -39 50 0 0.16 M M 10.9 20 320 M M 8 128 29 340
16 31 3 17 -38 48 0 T 0.0 M 1.8 9 60 M M 4 12 70
17 35 29 32 -23 33 0 1.05 0.0 0 6.8 15 80 M M 10 16 23 10
18 33 25 29 -26 36 0 0.00 0.0 M 8.1 15 340 M M 9 1 22 340
19 42 20 31 -24 34 0 0.00 0.0 M 3.1 9 330 M M 0 1 12 330
20 60 26 43 -12 22 0 0.00 0.0 M 5.2 16 200 M M 0 18 20 200
21 72 44 58 2 7 0 T 0.0 M 8.1 21 190 M M 6 30 190
22 73 38 56 0 9 0 0.01 0.0 0 2.5 9 330 M M 1 13 60
23 79 42 61 5 4 0 0.00 0.0 M 7.7 17 190 M M 0 25 200
24 82 58 70 14 0 5 0.00 0.0 0 7.7 18 200 M M 6 1 26 210
25 71 58 65 9 0 0 0.09 0.0 0 4.4 20 160 M M 10 1 30 160
26 76 55 66 9 0 1 0.12 0.0 0 4.2 14 180 M M 9 1 19 200
27 82 64 73 16 0 8 T 0.0 0 6.3 17 180 M M 8 1 23 180
28 83 71 77 20 0 12 0.00 0.0 0 9.7 18 180 M M 7 27 180
================================================================================
SM 1632 1097 477 28 2.02 0.0 176.6 M 167
================================================================================
AV 58.3 39.2 6.3 FASTST M M 6 MAX(MPH)
MISC ----> 23 210 32 200
================================================================================
NOTES:
# LAST OF SEVERAL OCCURRENCES
COLUMN 17 PEAK WIND IN M.P.H.
PRELIMINARY LOCAL CLIMATOLOGICAL DATA (WS FORM: F-6) , PAGE 2
STATION: HUNTSVILLE
MONTH: FEBRUARY
YEAR: 2021
LATITUDE: 30 45 N
LONGITUDE: 95 35 W
[TEMPERATURE DATA] [PRECIPITATION DATA] SYMBOLS USED IN COLUMN 16
AVERAGE MONTHLY: 48.7 TOTAL FOR MONTH: 2.02 1 = FOG OR MIST
DPTR FM NORMAL: -5.7 DPTR FM NORMAL: -1.04 2 = FOG REDUCING VISIBILITY
HIGHEST: 83 ON 28 GRTST 24HR 1.05 ON 17-17 TO 1/4 MILE OR LESS
LOWEST: 3 ON 16 3 = THUNDER
SNOW, ICE PELLETS, HAIL 4 = ICE PELLETS
TOTAL MONTH: 0.0 INCH 5 = HAIL
GRTST 24HR 0.0 6 = FREEZING RAIN OR DRIZZLE
GRTST DEPTH: 0 7 = DUSTSTORM OR SANDSTORM:
VSBY 1/2 MILE OR LESS
8 = SMOKE OR HAZE
[NO. OF DAYS WITH] [WEATHER - DAYS WITH] 9 = BLOWING SNOW
X = TORNADO
MAX 32 OR BELOW: 3 0.01 INCH OR MORE: 9
MAX 90 OR ABOVE: 0 0.10 INCH OR MORE: 6
MIN 32 OR BELOW: 9 0.50 INCH OR MORE: 1
MIN 0 OR BELOW: 0 1.00 INCH OR MORE: 1
[HDD (BASE 65) ]
TOTAL THIS MO. 477 CLEAR (SCALE 0-3) 8
DPTR FM NORMAL 163 PTCLDY (SCALE 4-7) 9
TOTAL FM JUL 1 1344 CLOUDY (SCALE 8-10) 11
DPTR FM NORMAL -111
[CDD (BASE 65) ]
TOTAL THIS MO. 28
DPTR FM NORMAL 10 [PRESSURE DATA]
TOTAL FM JAN 1 33 HIGHEST SLP 30.56 ON 19
DPTR FM NORMAL -2 LOWEST SLP 29.74 ON 4
[REMARKS]
#FINAL-02-21#