468
CXUS54 KEWX 011110
CF6UVA
PRELIMINARY LOCAL CLIMATOLOGICAL DATA (WS FORM: F-6)
STATION: UVALDE
MONTH: FEBRUARY
YEAR: 2021
LATITUDE: 29 12 N
LONGITUDE: 99 44 W
TEMPERATURE IN F: :PCPN: SNOW: WIND :SUNSHINE: SKY :PK WND
================================================================================
1 2 3 4 5 6A 6B 7 8 9 10 11 12 13 14 15 16 17 18
12Z AVG MX 2MIN
DY MAX MIN AVG DEP HDD CDD WTR SNW DPTH SPD SPD DIR MIN PSBL S-S WX SPD DR
================================================================================
1 67 37 52 M 13 0 0.00 M M 4.7 14 30 M M 0 18 30
2 69 38 54 M 11 0 0.00 M M 6.8 12 160 M M 0 17 220
3 76 42 59 M 6 0 0.00 M M 6.7 12 160 M M 0 M M
4 87 51 69 M 0 4 0.00 M M 5.6 15 40 M M 3 1 29 40
5 68 43 56 M 9 0 0.00 M M 8.1 14 50 M M 3 22 60
6 75 41 58 M 7 0 0.00 M M 8.7 21 330 M M 3 1 28 330
7 74 35 55 M 10 0 0.00 M M 6.7 14 180 M M 0 23 170
8 73 49 61 M 4 0 0.00 M M 5.5 10 70 M M 5 M M
9 79 52 66 M 0 1 0.00 M M 6.3 15 100 M M 5 12 23 100
10 65 47 56 M 9 0 0.00 M M 10.7 14 70 M M 10 1 20 80
11 47 37 42 M 23 0 0.00 M M 8.6 14 340 M M 10 13 20 360
12 38 33 36 M 29 0 0.00 M M 5.8 10 30 M M 10 1 M M
13 35 30 33 M 32 0 0.00 M M 7.0 10 60 M M 10 1 16 60
14 32 22 27 M 38 0 0.00 M M 10.9 18 360 M M 8 1 25 360
15 M M M M M M 0.00 M M M M M M M 0 M M
16 M M M M M M 0.00 M M M M M M M 0 M M
17 M M M M M M 0.00 M M M M M M M 0 M M
18 M M M M M M 0.00 M M M M M M M 0 M M
19 M M M M M M 0.00 M M M M M M M 0 M M
20 M M M M M M 0.00 M M M M M M M 0 M M
21 71 53 62 M 3 0 0.00 M M 2.4 6 20 M M 0 M M
22 73 45 59 M 6 0 0.00 M M 6.0 12 50 M M 0 M M
23 78 44 61 M 4 0 0.00 M M 6.9 13 170 M M 2 18 120
24 79 55 67 M 0 2 0.03 M M 4.6 9 60 M M 4 1 M M
25 69 58 64 M 1 0 0.00 M M 10.5 13 70 M M 9 1 20 60
26 62 50 56 M 9 0 0.00 M M 6.7 12 60 M M 10 1 17 20
27 76 59 68 M 0 3 0.01 M M 7.0 14 140 M M 8 12 M M
28 73 66 70 M 0 5 0.00 M M 5.5 9 120 M M 8 1 M M
================================================================================
SM 1466 987 214 15 0.04 M 151.8 M 108
================================================================================
AV 66.6 44.9 6.9 FASTST M M 4 MAX(MPH)
MISC ----> 21 330 29 40
================================================================================
NOTES:
# LAST OF SEVERAL OCCURRENCES
COLUMN 17 PEAK WIND IN M.P.H.
PRELIMINARY LOCAL CLIMATOLOGICAL DATA (WS FORM: F-6) , PAGE 2
STATION: UVALDE
MONTH: FEBRUARY
YEAR: 2021
LATITUDE: 29 12 N
LONGITUDE: 99 44 W
[TEMPERATURE DATA] [PRECIPITATION DATA] SYMBOLS USED IN COLUMN 16
AVERAGE MONTHLY: 55.8 TOTAL FOR MONTH: 0.04 1 = FOG OR MIST
DPTR FM NORMAL: 0.0 DPTR FM NORMAL: 0.04 2 = FOG REDUCING VISIBILITY
HIGHEST: 87 ON 4 GRTST 24HR 0.03 ON 24-24 TO 1/4 MILE OR LESS
LOWEST: 22 ON 14 3 = THUNDER
SNOW, ICE PELLETS, HAIL 4 = ICE PELLETS
TOTAL MONTH: M 5 = HAIL
GRTST 24HR M ON M 6 = FREEZING RAIN OR DRIZZLE
GRTST DEPTH: M ON M 7 = DUSTSTORM OR SANDSTORM:
VSBY 1/2 MILE OR LESS
8 = SMOKE OR HAZE
[NO. OF DAYS WITH] [WEATHER - DAYS WITH] 9 = BLOWING SNOW
X = TORNADO
MAX 32 OR BELOW: 1 0.01 INCH OR MORE: 2
MAX 90 OR ABOVE: 0 0.10 INCH OR MORE: 0
MIN 32 OR BELOW: 2 0.50 INCH OR MORE: 0
MIN 0 OR BELOW: 0 1.00 INCH OR MORE: 0
[HDD (BASE 65) ]
TOTAL THIS MO. 214 CLEAR (SCALE 0-3) 15
DPTR FM NORMAL M PTCLDY (SCALE 4-7) 6
TOTAL FM JUL 1 1090 CLOUDY (SCALE 8-10) 7
DPTR FM NORMAL M
[CDD (BASE 65) ]
TOTAL THIS MO. 15
DPTR FM NORMAL M [PRESSURE DATA]
TOTAL FM JAN 1 15 HIGHEST SLP M ON M
DPTR FM NORMAL M LOWEST SLP M ON M
[REMARKS]
#FINAL-02-21#