000
CXUS54 KCRP 011310
CF6VCT
PRELIMINARY LOCAL CLIMATOLOGICAL DATA (WS FORM: F-6)
STATION: VICTORIA
MONTH: FEBRUARY
YEAR: 2023
LATITUDE: 28 51 N
LONGITUDE: 96 55 W
TEMPERATURE IN F: :PCPN: SNOW: WIND :SUNSHINE: SKY :PK WND
================================================================================
1 2 3 4 5 6A 6B 7 8 9 10 11 12 13 14 15 16 17 18
12Z AVG MX 2MIN
DY MAX MIN AVG DEP HDD CDD WTR SNW DPTH SPD SPD DIR MIN PSBL S-S WX SPD DR
================================================================================
1 38 33 36 -20 29 0 0.08 0.0 0 11.2 17 360 M M 10 1 26 360
2 42 36 39 -17 26 0 0.10 0.0 0 11.9 21 340 M M 10 1 28 350
3 59 40 50 -6 15 0 0.00 0.0 0 8.9 16 340 M M 7 1 22 350
4 67 35 51 -5 14 0 0.00 0.0 0 7.2 17 140 M M 0 1 24 140
5 78 44 61 5 4 0 0.00 0.0 0 6.1 16 150 M M 1 1 20 180
6 78 51 65 8 0 0 0.00 0.0 0 12.6 28 160 M M 7 12 38 140
7 75 65 70 13 0 5 0.01 0.0 0 14.0 28 140 M M 10 18 39 140
8 72 47 60 3 5 0 0.91 0.0 0 12.0 25 320 M M 7 13 31 330
9 72 40 56 -1 9 0 0.00 0.0 0 5.4 17 130 M M 0 1 21 140
10 61 37 49 -8 16 0 T 0.0 0 12.7 25 340 M M 2 35 340
11 60 33 47 -11 18 0 0.00 0.0 0 10.3 21 340 M M 0 29 340
12 66 35 51 -7 14 0 0.00 0.0 0 4.7 15 140 M M 0 19 140
13 73 44 59 1 6 0 0.00 0.0 0 9.3 20 130 M M 5 1 28 140
14 84 60 72 14 0 7 0.01 0.0 0 12.7 26 190 M M 5 12 39 190
15 79 66 73 15 0 8 0.00 0.0 0 14.4 25 160 M M 10 128 32 140
16 71 46 59 0 6 0 0.01 0.0 0 16.1 29 360 M M 10 1 40 10
17 58 38 48 -11 17 0 0.00 0.0 0 12.9 24 350 M M 1 33 360
18 62 35 49 -10 16 0 0.00 0.0 0 6.5 16 140 M M 0 21 110
19 79 45 62 3 3 0 0.00 0.0 0 6.9 18 160 M M 2 12 25 160
20 82 56 69 9 0 4 T 0.0 0 9.3 22 170 M M 7 128 29 180
21 83 67 75 15 0 10 0.00 0.0 0 19.0 32 170 M M 8 47 170
22 89 66 78 18 0 13 0.00 0.0 0 14.3 32 170 M M 6 128 44 170
23 87 69 78 18 0 13 0.00 0.0 0 9.8 17 150 M M 10 128 23 140
24 80 60 70 10 0 5 0.00 0.0 0 7.6 15 10 M M 10 18 19 10
25 80 58 69 9 0 4 0.00 0.0 0 9.1 16 120 M M 9 18 21 120
26 81 71 76 15 0 11 0.00 0.0 0 16.6 26 160 M M 9 1 35 160
27 85 65 75 14 0 10 0.00 0.0 0 8.6 28 180 M M 6 128 37 180
28 85 64 75 14 0 10 0.00 0.0 0 9.4 23 150 M M 9 128 30 140
================================================================================
SM 2026 1406 198 100 1.12 0.0 299.5 M 161
================================================================================
AV 72.4 50.2 10.7 FASTST M M 6 MAX(MPH)
MISC ----> # 32 170 47 170
================================================================================
NOTES:
# LAST OF SEVERAL OCCURRENCES
COLUMN 17 PEAK WIND IN M.P.H.
PRELIMINARY LOCAL CLIMATOLOGICAL DATA (WS FORM: F-6) , PAGE 2
STATION: VICTORIA
MONTH: FEBRUARY
YEAR: 2023
LATITUDE: 28 51 N
LONGITUDE: 96 55 W
[TEMPERATURE DATA] [PRECIPITATION DATA] SYMBOLS USED IN COLUMN 16
AVERAGE MONTHLY: 61.3 TOTAL FOR MONTH: 1.12 1 = FOG OR MIST
DPTR FM NORMAL: 2.9 DPTR FM NORMAL: -0.84 2 = FOG REDUCING VISIBILITY
HIGHEST: 89 ON 22 GRTST 24HR 0.92 ON 7- 8 TO 1/4 MILE OR LESS
LOWEST: 33 ON 11, 1 3 = THUNDER
SNOW, ICE PELLETS, HAIL 4 = ICE PELLETS
TOTAL MONTH: 0.0 INCH 5 = HAIL
GRTST 24HR 0.0 6 = FREEZING RAIN OR DRIZZLE
GRTST DEPTH: 0 7 = DUSTSTORM OR SANDSTORM:
VSBY 1/2 MILE OR LESS
8 = SMOKE OR HAZE
[NO. OF DAYS WITH] [WEATHER - DAYS WITH] 9 = BLOWING SNOW
X = TORNADO
MAX 32 OR BELOW: 0 0.01 INCH OR MORE: 6
MAX 90 OR ABOVE: 0 0.10 INCH OR MORE: 2
MIN 32 OR BELOW: 0 0.50 INCH OR MORE: 1
MIN 0 OR BELOW: 0 1.00 INCH OR MORE: 0
[HDD (BASE 65) ]
TOTAL THIS MO. 198 CLEAR (SCALE 0-3) 9
DPTR FM NORMAL -21 PTCLDY (SCALE 4-7) 8
TOTAL FM JUL 1 923 CLOUDY (SCALE 8-10) 11
DPTR FM NORMAL -109
[CDD (BASE 65) ]
TOTAL THIS MO. 100
DPTR FM NORMAL 66 [PRESSURE DATA]
TOTAL FM JAN 1 150 HIGHEST SLP 30.58 ON 3
DPTR FM NORMAL 97 LOWEST SLP 29.59 ON 22
[REMARKS]
#FINAL-02-23#