000
CXUS54 KCRP 011652
CF6VCT
PRELIMINARY LOCAL CLIMATOLOGICAL DATA (WS FORM: F-6)
STATION: VICTORIA
MONTH: SEPTEMBER
YEAR: 2021
LATITUDE: 28 51 N
LONGITUDE: 96 55 W
TEMPERATURE IN F: :PCPN: SNOW: WIND :SUNSHINE: SKY :PK WND
================================================================================
1 2 3 4 5 6A 6B 7 8 9 10 11 12 13 14 15 16 17 18
12Z AVG MX 2MIN
DY MAX MIN AVG DEP HDD CDD WTR SNW DPTH SPD SPD DIR MIN PSBL S-S WX SPD DR
================================================================================
1 97 77 87 4 0 22 0.00 0.0 0 5.5 17 160 M M 3 138 20 150
2 94 77 86 3 0 21 0.08 0.0 0 6.7 22 150 M M 3 13 29 170
3 95 76 86 3 0 21 0.02 0.0 0 6.3 29 160 M M 1 138 37 150
4 98 74 86 3 0 21 0.00 0.0 0 7.3 20 150 M M 2 1 22 150
5 98 71 85 3 0 20 0.00 0.0 0 6.5 17 170 M M 2 12 21 170
6 100 76 88 6 0 23 0.00 0.0 0 4.7 12 180 M M 2 1 14 180
7 97 75 86 4 0 21 0.00 0.0 0 5.4 15 120 M M 3 1 18 120
8 98 69 84 2 0 19 0.00 0.0 0 5.5 12 120 M M 2 1 18 280
9 99 68 84 2 0 19 0.00 0.0 0 6.9 14 40 M M 1 1 20 50
10 96 69 83 1 0 18 0.00 0.0 0 7.3 18 130 M M 1 18 22 120
11 93 61 77 -4 0 12 0.00 0.0 0 8.2 17 110 M M 2 22 130
12 92 72 82 1 0 17 0.06 0.0 0 8.2 25 140 M M 2 138 31 140
13 81 71 76 -5 0 11 0.83 0.0 0 14.4 31 40 M M 8 18 39 30
14 91 71 81 0 0 16 0.00 0.0 0 11.9 21 320 M M 6 26 310
15 87 71 79 -1 0 14 0.00 0.0 0 6.4 14 360 M M 8 8 18 10
16 94 68 81 1 0 16 0.00 0.0 0 4.8 12 10 M M 1 14 360
17 96 70 83 3 0 18 0.00 0.0 0 3.1 15 150 M M 2 12 17 150
18 99 72 86 6 0 21 T 0.0 0 4.7 14 100 M M 2 1 18 120
19 98 71 85 5 0 20 0.00 0.0 0 5.8 18 150 M M 1 1 21 150
20 97 74 86 6 0 21 0.00 0.0 0 8.9 17 150 M M 1 18 23 200
21 99 74 87 8 0 22 0.22 0.0 0 5.7 21 10 M M 4 1238 26 50
22 87 57 72 -7 0 7 0.00 0.0 0 10.3 22 10 M M 1 27 20
23 86 55 71 -8 0 6 0.00 0.0 0 6.1 15 100 M M 0 18 100
24 86 56 71 -8 0 6 0.00 0.0 0 6.1 15 130 M M 1 19 130
25 88 59 74 -4 0 9 0.00 0.0 0 6.8 17 110 M M 0 8 21 110
26 88 57 73 -5 0 8 0.00 0.0 0 5.6 16 130 M M 0 1 20 110
27 94 60 77 -1 0 12 0.00 0.0 0 5.5 14 130 M M 1 1 16 130
28 96 73 85 7 0 20 0.34 0.0 0 10.2 28 150 M M 4 123 34 150
29 87 68 78 0 0 13 1.20 0.0 0 9.0 30 20 M M 5 13 36 10
30 89 73 81 4 0 16 0.11 0.0 0 7.0 24 140 M M 3 138 28 150
================================================================================
SM 2800 2065 0 490 2.86 0.0 210.8 M 72
================================================================================
AV 93.3 68.8 7.0 FASTST M M 2 MAX(MPH)
MISC ----> 31 40 39 30
================================================================================
NOTES:
# LAST OF SEVERAL OCCURRENCES
COLUMN 17 PEAK WIND IN M.P.H.
PRELIMINARY LOCAL CLIMATOLOGICAL DATA (WS FORM: F-6) , PAGE 2
STATION: VICTORIA
MONTH: SEPTEMBER
YEAR: 2021
LATITUDE: 28 51 N
LONGITUDE: 96 55 W
[TEMPERATURE DATA] [PRECIPITATION DATA] SYMBOLS USED IN COLUMN 16
AVERAGE MONTHLY: 81.1 TOTAL FOR MONTH: 2.86 1 = FOG OR MIST
DPTR FM NORMAL: 0.7 DPTR FM NORMAL: -1.67 2 = FOG REDUCING VISIBILITY
HIGHEST: 100 ON 6 GRTST 24HR 1.54 ON 28-29 TO 1/4 MILE OR LESS
LOWEST: 55 ON 23 3 = THUNDER
SNOW, ICE PELLETS, HAIL 4 = ICE PELLETS
TOTAL MONTH: 0.0 INCH 5 = HAIL
GRTST 24HR 0.0 6 = FREEZING RAIN OR DRIZZLE
GRTST DEPTH: 0 7 = DUSTSTORM OR SANDSTORM:
VSBY 1/2 MILE OR LESS
8 = SMOKE OR HAZE
[NO. OF DAYS WITH] [WEATHER - DAYS WITH] 9 = BLOWING SNOW
X = TORNADO
MAX 32 OR BELOW: 0 0.01 INCH OR MORE: 8
MAX 90 OR ABOVE: 21 0.10 INCH OR MORE: 5
MIN 32 OR BELOW: 0 0.50 INCH OR MORE: 2
MIN 0 OR BELOW: 0 1.00 INCH OR MORE: 1
[HDD (BASE 65) ]
TOTAL THIS MO. 0 CLEAR (SCALE 0-3) 23
DPTR FM NORMAL 0 PTCLDY (SCALE 4-7) 5
TOTAL FM JUL 1 0 CLOUDY (SCALE 8-10) 2
DPTR FM NORMAL 0
[CDD (BASE 65) ]
TOTAL THIS MO. 490
DPTR FM NORMAL 29 [PRESSURE DATA]
TOTAL FM JAN 1 2948 HIGHEST SLP 30.26 ON 22
DPTR FM NORMAL 25 LOWEST SLP 29.75 ON 14
[REMARKS]
#FINAL-09-21#