000
CXUS55 KVEF 010940
CF6VGT
PRELIMINARY LOCAL CLIMATOLOGICAL DATA (WS FORM: F-6)
STATION: NORTH_LAS_VEGAS NV
MONTH: MARCH
YEAR: 2020
LATITUDE: 36 12 N
LONGITUDE: 115 12 W
TEMPERATURE IN F: :PCPN: SNOW: WIND :SUNSHINE: SKY :PK WND
================================================================================
1 2 3 4 5 6A 6B 7 8 9 10 11 12 13 14 15 16 17 18
12Z AVG MX 2MIN
DY MAX MIN AVG DEP HDD CDD WTR SNW DPTH SPD SPD DIR MIN PSBL S-S WX SPD DR
================================================================================
1 67 47 57 2 8 0 0.28 M M 16.8 30 190 M M 1 38 200
2 63 45 54 -1 11 0 0.06 M M 16.1 29 330 M M 4 37 330
3 73 52 63 7 2 0 0.00 M M 13.3 26 320 M M 0 33 330
4 73 50 62 6 3 0 0.00 M M 4.2 13 300 M M 0 16 300
5 76 48 62 6 3 0 0.00 M M 4.2 9 140 M M 0 12 170
6 77 51 64 8 1 0 0.00 M M 5.8 13 100 M M 0 17 140
7 75 53 64 7 1 0 0.00 0.0 0 9.7 21 230 M M 1 29 210
8 70 55 63 6 2 0 0.00 0.0 0 12.6 23 160 M M 3 28 160
9 70 50 60 3 5 0 0.00 0.0 0 6.5 21 130 M M 0 30 120
10 60 53 57 0 8 0 0.49 0.0 0 5.1 14 70 M M 10 18 16 60
11 68 54 61 3 4 0 0.08 0.0 0 4.1 13 130 M M 5 1 14 130
12 71 52 62 4 3 0 0.84 M M 7.1 21 170 M M 3 24 200
13 61 52 57 -1 8 0 1.10 0.0 M 12.3 24 180 M M 7 18 28 200
14 69 54 62 4 3 0 0.00 M M 13.9 25 190 M M 5 31 150
15 69 50 60 2 5 0 0.00 M M 10.6 21 200 M M 1 25 200
16 67 48 58 -1 7 0 0.00 M M 11.2 28 160 M M 1 34 160
17 61 50 56 -3 9 0 0.00 M M 9.9 22 230 M M 4 28 230
18 58 46 52 -7 13 0 0.00 M M 4.3 15 70 M M 4 19 70
19 60 43 52 -8 13 0 0.03 M M 8.2 24 240 M M 4 30 230
20 59 45 52 -8 13 0 T M 0 5.0 14 110 M M 8 17 90
21 65 49 57 -3 8 0 0.00 0.0 0 4.3 12 200 M M 4 17 170
22 69 48 59 -1 6 0 0.00 M M 4.7 12 60 M M 3 15 130
23 67 52 60 0 5 0 T M M 8.5 30 260 M M 5 39 270
24 70 50 60 -1 5 0 0.00 M M 13.5 28 180 M M 0 34 160
25 70 53 62 1 3 0 0.00 M M 16.9 29 170 M M 0 35 170
26 62 46 54 -7 11 0 T M M 13.2 26 340 M M 2 33 340
27 63 43 53 -8 12 0 T M M 12.6 29 310 M M 2 42 300
28 67 43 55 -7 10 0 0.00 M M 5.5 18 130 M M 2 22 110
29 67 54 61 -1 4 0 T M M 8.0 25 340 M M 7 39 330
30 72 49 61 -1 4 0 0.00 M M 6.2 17 310 M M 0 20 310
31 76 50 63 1 2 0 0.00 M M 4.3 12 140 M M 0 15 130
================================================================================
SM 2095 1535 192 0 2.88 0.0 278.6 M 86
================================================================================
AV 67.6 49.5 9.0 FASTST M M 3 MAX(MPH)
MISC ----> # 30 190 # 42 300
================================================================================
NOTES:
# LAST OF SEVERAL OCCURRENCES
COLUMN 17 PEAK WIND IN M.P.H.
PRELIMINARY LOCAL CLIMATOLOGICAL DATA (WS FORM: F-6) , PAGE 2
STATION: NORTH_LAS_VEGAS NV
MONTH: MARCH
YEAR: 2020
LATITUDE: 36 12 N
LONGITUDE: 115 12 W
[TEMPERATURE DATA] [PRECIPITATION DATA] SYMBOLS USED IN COLUMN 16
AVERAGE MONTHLY: 58.6 TOTAL FOR MONTH: 2.88 1 = FOG OR MIST
DPTR FM NORMAL: -0.3 DPTR FM NORMAL: 2.31 2 = FOG REDUCING VISIBILITY
HIGHEST: 77 ON 6 GRTST 24HR 1.10 ON 13-13 TO 1/4 MILE OR LESS
LOWEST: 43 ON 28,27 3 = THUNDER
SNOW, ICE PELLETS, HAIL 4 = ICE PELLETS
TOTAL MONTH: 0.0 INCH 5 = HAIL
GRTST 24HR 0.0 6 = FREEZING RAIN OR DRIZZLE
GRTST DEPTH: 0 7 = DUSTSTORM OR SANDSTORM:
VSBY 1/2 MILE OR LESS
8 = SMOKE OR HAZE
[NO. OF DAYS WITH] [WEATHER - DAYS WITH] 9 = BLOWING SNOW
X = TORNADO
MAX 32 OR BELOW: 0 0.01 INCH OR MORE: 7
MAX 90 OR ABOVE: 0 0.10 INCH OR MORE: 4
MIN 32 OR BELOW: 0 0.50 INCH OR MORE: 2
MIN 0 OR BELOW: 0 1.00 INCH OR MORE: 1
[HDD (BASE 65) ]
TOTAL THIS MO. 192 CLEAR (SCALE 0-3) 18
DPTR FM NORMAL -23 PTCLDY (SCALE 4-7) 12
TOTAL FM JUL 1 1760 CLOUDY (SCALE 8-10) 1
DPTR FM NORMAL -216
[CDD (BASE 65) ]
TOTAL THIS MO. 0
DPTR FM NORMAL -22 [PRESSURE DATA]
TOTAL FM JAN 1 0 HIGHEST SLP M ON M
DPTR FM NORMAL -22 LOWEST SLP 29.54 ON 13
[REMARKS]
#FINAL-03-20#