000
CXUS52 KTAE 010800
CF6VLD
PRELIMINARY LOCAL CLIMATOLOGICAL DATA (WS FORM: F-6)
STATION: VALDOSTA
MONTH: OCTOBER
YEAR: 2021
LATITUDE: 30 46 N
LONGITUDE: 83 17 W
TEMPERATURE IN F: :PCPN: SNOW: WIND :SUNSHINE: SKY :PK WND
================================================================================
1 2 3 4 5 6A 6B 7 8 9 10 11 12 13 14 15 16 17 18
12Z AVG MX 2MIN
DY MAX MIN AVG DEP HDD CDD WTR SNW DPTH SPD SPD DIR MIN PSBL S-S WX SPD DR
================================================================================
1 89 65 77 3 0 12 0.00 0.0 0 3.1 10 70 M M 0 1 14 150
2 90 70 80 7 0 15 0.00 0.0 0 3.4 12 150 M M 2 1 16 150
3 89 66 78 5 0 13 0.00 0.0 0 1.7 10 170 M M 1 1 14 170
4 87 68 78 5 0 13 0.00 0.0 0 2.1 9 180 M M 4 1 14 170
5 80 71 76 4 0 11 0.07 0.0 0 2.3 6 110 M M 4 1 10 100
6 78 70 74 2 0 9 0.24 0.0 0 2.7 9 160 M M 4 1 11 150
7 87 72 80 8 0 15 0.00 0.0 M 3.2 10 180 M M 7 12 14 190
8 86 71 79 8 0 14 0.01 0.0 M 2.9 22 10 M M 5 13 25 10
9 85 66 76 5 0 11 0.00 0.0 M 5.2 14 10 M M 3 1 20 20
10 81 64 73 2 0 8 0.00 0.0 0 4.5 15 10 M M 2 20 360
11 83 60 72 2 0 7 0.00 0.0 0 1.9 10 30 M M 2 1 14 30
12 86 65 76 6 0 11 0.00 0.0 0 4.7 12 30 M M 3 1 18 120
13 85 60 73 3 0 8 0.00 0.0 0 2.3 10 60 M M 0 1 15 60
14 87 62 75 6 0 10 0.00 0.0 0 1.5 8 10 M M 0 1 12 360
15 88 61 75 6 0 10 0.00 0.0 0 0.8 7 150 M M 0 18 11 130
16 90 60 75 6 0 10 0.00 0.0 0 3.1 13 360 M M 2 12 19 360
17 75 48 62 -6 3 0 0.00 0.0 0 6.2 15 20 M M 0 20 20
18 73 45 59 -9 6 0 0.00 M M 3.2 10 70 M M 0 13 30
19 81 49 65 -3 0 0 0.00 M M 2.3 9 160 M M 0 13 150
20 83 53 68 1 0 3 0.00 0.0 M 2.1 12 190 M M 1 1 14 190
21 86 59 73 6 0 8 0.00 0.0 0 1.4 10 160 M M 0 1 14 160
22 88 60 74 7 0 9 T 0.0 M 1.3 8 180 M M 2 1 10 270
23 83 54 69 3 0 4 0.00 0.0 0 1.0 9 360 M M 0 1 13 10
24 84 53 69 3 0 4 T 0.0 0 3.3 12 140 M M 0 19 90
25 86 68 77 11 0 12 0.10 0.0 0 0.8 8 180 M M 7 1 11 280
26 79 53 66 1 0 1 0.00 M M 1.5 10 360 M M 1 1 16 360
27 78 50 64 -1 1 0 0.00 0.0 M 1.7 9 10 M M 0 12 10
28 82 56 69 5 0 4 1.22 0.0 0 3.6 14 140 M M 6 1 20 230
29 70 50 60 -4 5 0 0.00 0.0 0 2.3 9 230 M M 4 17 290
30 65 49 57 -7 8 0 0.00 0.0 0 1.0 8 280 M M 6 16 280
31 67 47 57 -7 8 0 0.00 M M 1.0 8 360 M M 7 1 12 360
================================================================================
SM 2551 1845 31 222 1.64 0.0 78.1 M 73
================================================================================
AV 82.3 59.5 2.5 FASTST M M 2 MAX(MPH)
MISC ----> 22 10 25 10
================================================================================
NOTES:
# LAST OF SEVERAL OCCURRENCES
COLUMN 17 PEAK WIND IN M.P.H.
PRELIMINARY LOCAL CLIMATOLOGICAL DATA (WS FORM: F-6) , PAGE 2
STATION: VALDOSTA
MONTH: OCTOBER
YEAR: 2021
LATITUDE: 30 46 N
LONGITUDE: 83 17 W
[TEMPERATURE DATA] [PRECIPITATION DATA] SYMBOLS USED IN COLUMN 16
AVERAGE MONTHLY: 70.9 TOTAL FOR MONTH: 1.64 1 = FOG OR MIST
DPTR FM NORMAL: 2.3 DPTR FM NORMAL: -2.07 2 = FOG REDUCING VISIBILITY
HIGHEST: 90 ON 16, 2 GRTST 24HR 1.22 ON 28-28 TO 1/4 MILE OR LESS
LOWEST: 45 ON 18 3 = THUNDER
SNOW, ICE PELLETS, HAIL 4 = ICE PELLETS
TOTAL MONTH: 0.0 INCH 5 = HAIL
GRTST 24HR 0.0 6 = FREEZING RAIN OR DRIZZLE
GRTST DEPTH: 0 7 = DUSTSTORM OR SANDSTORM:
VSBY 1/2 MILE OR LESS
8 = SMOKE OR HAZE
[NO. OF DAYS WITH] [WEATHER - DAYS WITH] 9 = BLOWING SNOW
X = TORNADO
MAX 32 OR BELOW: 0 0.01 INCH OR MORE: 5
MAX 90 OR ABOVE: 2 0.10 INCH OR MORE: 3
MIN 32 OR BELOW: 0 0.50 INCH OR MORE: 1
MIN 0 OR BELOW: 0 1.00 INCH OR MORE: 1
[HDD (BASE 65) ]
TOTAL THIS MO. 31 CLEAR (SCALE 0-3) 20
DPTR FM NORMAL -15 PTCLDY (SCALE 4-7) 11
TOTAL FM JUL 1 31 CLOUDY (SCALE 8-10) 0
DPTR FM NORMAL -15
[CDD (BASE 65) ]
TOTAL THIS MO. 222
DPTR FM NORMAL 63 [PRESSURE DATA]
TOTAL FM JAN 1 2653 HIGHEST SLP 30.31 ON 20
DPTR FM NORMAL 287 LOWEST SLP 29.59 ON 28
[REMARKS]
#FINAL-10-21#