000
CXUS51 KBTV 010700
CF6VSF
PRELIMINARY LOCAL CLIMATOLOGICAL DATA (WS FORM: F-6)
STATION: SPRINGFIELD VT
MONTH: MAY
YEAR: 2023
LATITUDE: 43 19 N
LONGITUDE: 72 31 W
TEMPERATURE IN F: :PCPN: SNOW: WIND :SUNSHINE: SKY :PK WND
================================================================================
1 2 3 4 5 6A 6B 7 8 9 10 11 12 13 14 15 16 17 18
12Z AVG MX 2MIN
DY MAX MIN AVG DEP HDD CDD WTR SNW DPTH SPD SPD DIR MIN PSBL S-S WX SPD DR
================================================================================
1 59 37 48 -3 17 0 0.64 M M 5.1 22 170 M M 8 1 30 140
2 55 36 46 -5 19 0 0.52 M M 2.0 16 130 M M 10 12 22 160
3 50 43 47 -4 18 0 0.47 M M 1.9 13 60 M M 10 1 17 50
4 54 42 48 -4 17 0 0.01 M M 1.6 15 40 M M 10 1 21 40
5 63 41 52 0 13 0 0.03 M M 2.0 14 40 M M 8 1 20 50
6 72 36 54 2 11 0 T M M 4.0 21 280 M M 4 12 27 270
7 75 38 57 4 8 0 0.02 M M 4.3 17 280 M M 2 25 290
8 69 41 55 2 10 0 T M M 5.8 22 300 M M 2 12 31 270
9 64 33 49 -5 16 0 0.00 M M 3.3 18 270 M M 1 22 270
10 73 30 52 -2 13 0 0.00 M M 4.8 18 270 M M 0 26 290
11 79 40 60 6 5 0 0.00 M M 4.2 18 280 M M 1 29 260
12 82 45 64 10 1 0 0.02 M M 3.4 17 270 M M 1 1 25 260
13 74 50 62 7 3 0 T M M 7.6 21 280 M M 1 27 280
14 64 40 52 -3 13 0 0.00 M M 6.1 18 290 M M 0 25 310
15 71 32 52 -3 13 0 0.00 M M 4.9 18 260 M M 0 26 280
16 75 44 60 4 5 0 0.00 M M 6.6 24 280 M M 2 33 280
17 51 29 40 -16 25 0 T M M 7.8 23 290 M M 5 39 280
18 66 26 46 -10 19 0 0.00 M M 2.6 14 270 M M 0 19 290
19 72 33 53 -4 12 0 0.00 M M 6.7 21 160 M M 1 29 170
20 65 45 55 -2 10 0 1.68 M M 2.0 10 160 M M 6 18 13 150
21 72 50 61 4 4 0 T M M 6.7 18 290 M M 4 26 280
22 74 45 60 3 5 0 0.00 M M 1.9 12 80 M M 2 12 13 50
23 74 44 59 1 6 0 0.00 M M 4.5 17 170 M M 2 23 160
24 72 46 59 1 6 0 0.11 M M 3.7 17 310 M M 4 25 320
25 63 39 51 -7 14 0 0.00 M M 4.9 14 350 M M 2 22 40
26 71 34 53 -5 12 0 0.00 M M 3.8 15 270 M M 1 12 22 320
27 81 38 60 1 5 0 0.00 M M 1.8 9 130 M M 1 13 130
28 90 47 69 10 0 4 0.00 M M 2.4 15 250 M M 0 19 310
29 80 50 65 6 0 0 0.00 M M 2.5 16 150 M M 0 21 150
30 80 43 62 2 3 0 0.00 M M 3.1 12 170 M M 0 15 160
31 86 47 67 7 0 2 0.00 M M 2.3 10 150 M M 0 13 150
================================================================================
SM 2176 1244 303 6 3.50 M 124.3 M 88
================================================================================
AV 70.2 40.1 4.0 FASTST M M 3 MAX(MPH)
MISC ----> 24 280 39 280
================================================================================
NOTES:
# LAST OF SEVERAL OCCURRENCES
COLUMN 17 PEAK WIND IN M.P.H.
PRELIMINARY LOCAL CLIMATOLOGICAL DATA (WS FORM: F-6) , PAGE 2
STATION: SPRINGFIELD VT
MONTH: MAY
YEAR: 2023
LATITUDE: 43 19 N
LONGITUDE: 72 31 W
[TEMPERATURE DATA] [PRECIPITATION DATA] SYMBOLS USED IN COLUMN 16
AVERAGE MONTHLY: 55.2 TOTAL FOR MONTH: 3.50 1 = FOG OR MIST
DPTR FM NORMAL: -0.3 DPTR FM NORMAL: 0.01 2 = FOG REDUCING VISIBILITY
HIGHEST: 90 ON 28 GRTST 24HR 1.68 ON 20-20 TO 1/4 MILE OR LESS
LOWEST: 26 ON 18 3 = THUNDER
SNOW, ICE PELLETS, HAIL 4 = ICE PELLETS
TOTAL MONTH: M 5 = HAIL
GRTST 24HR M ON M 6 = FREEZING RAIN OR DRIZZLE
GRTST DEPTH: M ON M 7 = DUSTSTORM OR SANDSTORM:
VSBY 1/2 MILE OR LESS
8 = SMOKE OR HAZE
[NO. OF DAYS WITH] [WEATHER - DAYS WITH] 9 = BLOWING SNOW
X = TORNADO
MAX 32 OR BELOW: 0 0.01 INCH OR MORE: 9
MAX 90 OR ABOVE: 1 0.10 INCH OR MORE: 5
MIN 32 OR BELOW: 4 0.50 INCH OR MORE: 3
MIN 0 OR BELOW: 0 1.00 INCH OR MORE: 1
[HDD (BASE 65) ]
TOTAL THIS MO. 303 CLEAR (SCALE 0-3) 21
DPTR FM NORMAL -3 PTCLDY (SCALE 4-7) 7
TOTAL FM JUL 1 6216 CLOUDY (SCALE 8-10) 3
DPTR FM NORMAL -1123
[CDD (BASE 65) ]
TOTAL THIS MO. 6
DPTR FM NORMAL -7 [PRESSURE DATA]
TOTAL FM JAN 1 10 HIGHEST SLP M ON M
DPTR FM NORMAL -4 LOWEST SLP 28.98 ON 1
[REMARKS]
#FINAL-05-23#