000
CXUS51 KBTV 011345
CLMVSF
CLIMATE REPORT
NATIONAL WEATHER SERVICE BURLINGTON VT
845 AM EST FRI MAR 01 2024
...................................
...THE SPRINGFIELD VT CLIMATE SUMMARY FOR THE MONTH OF FEBRUARY 2024...
CLIMATE NORMAL PERIOD: 1991 TO 2020
CLIMATE RECORD PERIOD: 9999 TO 9999
WEATHER OBSERVED NORMAL DEPART LAST YEAR`S
VALUE DATE(S) VALUE FROM VALUE DATE(S)
NORMAL
................................................................
TEMPERATURE (F)
RECORD
HIGH 70
LOW -19
HIGHEST 60 02/27 MM MM 56 02/15
LOWEST 7 02/20 MM MM -16 02/04
02/25
AVG. MAXIMUM 40.4 33.1 7.3 38.0
AVG. MINIMUM 21.1 12.8 8.3 16.8
MEAN 30.8 22.9 7.9 27.4
DAYS MAX >= 90 0 0.0 0.0 0
DAYS MAX <= 32 4 12.3 -8.3 7
DAYS MIN <= 32 28 27.3 0.7 27
DAYS MIN <= 0 0 4.3 -4.3 2
PRECIPITATION (INCHES)
RECORD
MAXIMUM 6.89 2008
MINIMUM 0.82 2012
TOTALS 0.29R 2.23 -1.94 1.59
DAILY AVG. 0.01 NAN NAN 0.06
DAYS >= .01 5 10.8 -5.8 13
DAYS >= .10 1 5.8 -4.8 4
DAYS >= .50 0 1.7 -1.7 1
DAYS >= 1.00 0 0.3 -0.3 0
GREATEST
24 HR. TOTAL 0.12 02/28 TO 02/28 0.65 02/22 TO 02/23
STORM TOTAL 0.12 0.56
(MM/DD(HH)) MM
DEGREE DAYS
HEATING TOTAL 984 1177 -193 1047
SINCE 7/1 4417 5436 -1019 MM
COOLING TOTAL 0 0 0 0
SINCE 1/1 0 0 0 MM
................................................................
WIND (MPH)
AVERAGE WIND SPEED 4.4
HIGHEST WIND SPEED/DIRECTION 33/260 DATE 02/28
HIGHEST GUST SPEED/DIRECTION 54/280 DATE 02/29
SKY COVER
POSSIBLE SUNSHINE (PERCENT) MM
AVERAGE SKY COVER 0.45
NUMBER OF DAYS FAIR 13
NUMBER OF DAYS PC 11
NUMBER OF DAYS CLOUDY 5
AVERAGE RH (PERCENT) 63
WEATHER CONDITIONS. NUMBER OF DAYS WITH
THUNDERSTORM 0 MIXED PRECIP 0
HEAVY RAIN 0 RAIN 0
LIGHT RAIN 2 FREEZING RAIN 0
LT FREEZING RAIN 0 HAIL 0
HEAVY SNOW 1 SNOW 3
LIGHT SNOW 8 SLEET 0
FOG 14 FOG W/VIS <= 1/4 MILE 2
HAZE 7
- INDICATES NEGATIVE NUMBERS.
R INDICATES RECORD WAS SET OR TIED.
MM INDICATES DATA IS MISSING.
T INDICATES TRACE AMOUNT.
$$