000
CXUS55 KLBF 011410
CF6VTN
PRELIMINARY LOCAL CLIMATOLOGICAL DATA (WS FORM: F-6)
STATION: VALENTINE
MONTH: MARCH
YEAR: 2023
LATITUDE: 42 52 N
LONGITUDE: 100 33 W
TEMPERATURE IN F: :PCPN: SNOW: WIND :SUNSHINE: SKY :PK WND
================================================================================
1 2 3 4 5 6A 6B 7 8 9 10 11 12 13 14 15 16 17 18
12Z AVG MX 2MIN
DY MAX MIN AVG DEP HDD CDD WTR SNW DPTH SPD SPD DIR MIN PSBL S-S WX SPD DR
================================================================================
1 33 18 26 -6 39 0 0.00 0.0 3 12.4 29 260 M M 4 39 260
2 43 17 30 -2 35 0 0.00 0.0 3 9.7 23 210 M M 4 1 29 210
3 42 23 33 0 32 0 0.00 0.0 3 8.8 20 340 M M 5 27 330
4 42 25 34 1 31 0 0.07 0.6 4 10.1 22 360 M M 4 1 34 20
5 53 25 39 6 26 0 T T 3 10.4 24 150 M M 4 1 32 160
6 30 20 25 -9 40 0 0.00 0.0 2 11.1 18 340 M M 10 12 24 360
7 26 18 22 -12 43 0 0.00 0.0 2 7.1 14 120 M M 10 1 17 120
8 25 19 22 -13 43 0 T T 2 8.0 15 70 M M 10 1 18 70
9 27 12 20 -15 45 0 0.03 0.5 2 9.2 18 330 M M 8 18 27 320
10 32 10 21 -14 44 0 0.00 0.0 3 15.7 29 150 M M 7 1 36 170
11 48 23 36 0 29 0 T T 3 11.6 26 160 M M 4 34 170
12 25 16 21 -15 44 0 T T 2 17.0 28 320 M M 6 42 300
13 37 13 25 -12 40 0 T T 2 9.2 17 150 M M 4 18 24 140
14 65 26 46 9 19 0 0.00 0.0 2 16.0 30 200 M M 0 43 190
15 74 28 51 14 14 0 0.03 0.0 1 11.2 36 330 M M 2 16 51 330
16 37 24 31 -7 34 0 0.08 1.0 2 19.9 32 330 M M 6 16 46 330
17 32 12 22 -16 43 0 0.04 0.3 1 16.3 29 320 M M 7 12 40 320
18 28 8 18 -20 47 0 0.00 0.0 1 10.2 21 320 M M 1 28 330
19 60 15 38 -1 27 0 0.00 0.0 1 14.2 30 230 M M 0 41 230
20 37 19 28 -11 37 0 0.00 0.0 T 8.1 17 80 M M 4 1 23 80
21 48 24 36 -4 29 0 0.19 1.1 T 8.1 25 350 M M 8 126 34 350
22 34 22 28 -12 37 0 T T T 7.4 17 340 M M 7 8 25 320
23 37 26 32 -8 33 0 0.04 0.5 T 7.8 16 160 M M 8 18 19 160
24 55 24 40 0 25 0 0.00 0.0 0 5.7 16 340 M M 1 23 360
25 46 21 34 -7 31 0 0.00 0.0 0 8.9 18 60 M M 4 1 24 50
26 35 20 28 -13 37 0 T T 0 5.3 13 30 M M 7 1 18 10
27 38 15 27 -15 38 0 0.00 0.0 0 6.1 17 50 M M 4 23 50
28 49 17 33 -9 32 0 0.00 0.0 0 11.7 24 260 M M 2 33 250
29 38 13 26 -16 39 0 T T 0 11.5 18 130 M M 4 8 25 130
30 53 21 37 -5 28 0 0.00 0.0 0 10.9 35 260 M M 0 3 46 260
31 33 23 28 -15 37 0 0.22 2.1 T 18.9 31 320 M M 10 1238 46 320
================================================================================
SM 1262 597 1078 0 0.70 6.1 338.5 M 155
================================================================================
AV 40.7 19.3 10.9 FASTST M M 5 MAX(MPH)
MISC ----> 36 330 51 330
================================================================================
NOTES:
# LAST OF SEVERAL OCCURRENCES
COLUMN 17 PEAK WIND IN M.P.H.
PRELIMINARY LOCAL CLIMATOLOGICAL DATA (WS FORM: F-6) , PAGE 2
STATION: VALENTINE
MONTH: MARCH
YEAR: 2023
LATITUDE: 42 52 N
LONGITUDE: 100 33 W
[TEMPERATURE DATA] [PRECIPITATION DATA] SYMBOLS USED IN COLUMN 16
AVERAGE MONTHLY: 30.0 TOTAL FOR MONTH: 0.70 1 = FOG OR MIST
DPTR FM NORMAL: -7.6 DPTR FM NORMAL: -0.31 2 = FOG REDUCING VISIBILITY
HIGHEST: 74 ON 15 GRTST 24HR 0.22 ON 31-31 TO 1/4 MILE OR LESS
LOWEST: 8 ON 18 3 = THUNDER
SNOW, ICE PELLETS, HAIL 4 = ICE PELLETS
TOTAL MONTH: 6.1 INCHES 5 = HAIL
GRTST 24HR 2.1 ON 31-31 6 = FREEZING RAIN OR DRIZZLE
GRTST DEPTH: 4 ON 4 7 = DUSTSTORM OR SANDSTORM:
VSBY 1/2 MILE OR LESS
8 = SMOKE OR HAZE
[NO. OF DAYS WITH] [WEATHER - DAYS WITH] 9 = BLOWING SNOW
X = TORNADO
MAX 32 OR BELOW: 8 0.01 INCH OR MORE: 8
MAX 90 OR ABOVE: 0 0.10 INCH OR MORE: 2
MIN 32 OR BELOW: 31 0.50 INCH OR MORE: 0
MIN 0 OR BELOW: 0 1.00 INCH OR MORE: 0
[HDD (BASE 65) ]
TOTAL THIS MO. 1078 CLEAR (SCALE 0-3) 7
DPTR FM NORMAL 227 PTCLDY (SCALE 4-7) 20
TOTAL FM JUL 1 6639 CLOUDY (SCALE 8-10) 4
DPTR FM NORMAL 783
[CDD (BASE 65) ]
TOTAL THIS MO. 0
DPTR FM NORMAL 0 [PRESSURE DATA]
TOTAL FM JAN 1 0 HIGHEST SLP 30.59 ON 18
DPTR FM NORMAL 0 LOWEST SLP 29.48 ON 15
[REMARKS]
#FINAL-03-23#