000
CXUS56 KPQR 011301
CF6VUO
PRELIMINARY LOCAL CLIMATOLOGICAL DATA (WS FORM: F-6)
STATION: VANCOUVER WA
MONTH: DECEMBER
YEAR: 2022
LATITUDE: 45 37 N
LONGITUDE: 122 39 W
TEMPERATURE IN F: :PCPN: SNOW: WIND :SUNSHINE: SKY :PK WND
================================================================================
1 2 3 4 5 6A 6B 7 8 9 10 11 12 13 14 15 16 17 18
12Z AVG MX 2MIN
DY MAX MIN AVG DEP HDD CDD WTR SNW DPTH SPD SPD DIR MIN PSBL S-S WX SPD DR
================================================================================
1 42 34 38 -5 27 0 0.03 M M 5.2 13 190 M M 7 21 220
2 44 36 40 -2 25 0 0.03 M M 8.5 16 110 M M 9 22 110
3 48 38 43 1 22 0 0.00 M M 10.3 18 100 M M 2 30 80
4 41 34 38 -4 27 0 0.19 M M 7.3 23 80 M M 8 1 34 90
5 43 31 37 -5 28 0 0.00 M M 2.4 9 110 M M 8 128 12 110
6 43 36 40 -2 25 0 0.00 M M 1.2 7 110 M M 10 18 9 120
7 42 38 40 -2 25 0 T M M 4.6 15 120 M M 10 18 22 130
8 42 36 39 -2 26 0 0.33 M M 8.8 16 120 M M 10 1 22 120
9 44 40 42 1 23 0 0.72 M M 8.6 17 110 M M 10 1 23 120
10 47 41 44 3 21 0 0.52 M M 7.6 14 110 M M 10 1 20 120
11 46 36 41 0 24 0 0.00 M M 0.4 8 110 M M 9 1 11 120
12 48 32 40 -1 25 0 0.00 M M 2.3 8 290 M M 8 1 12 320
13 40 27 34 -7 31 0 0.00 M M 0.3 5 110 M M 8 128 7 30
14 47 27 37 -4 28 0 0.00 M M 1.3 10 290 M M 5 18 13 290
15 45 24 35 -5 30 0 0.00 M M 0.9 6 30 M M 0 18 10 210
16 44 23 34 -6 31 0 0.00 M M 1.9 9 120 M M 0 11 130
17 40 21 31 -9 34 0 T M M 0.9 8 270 M M 4 1 9 290
18 45 33 39 -1 26 0 0.03 M M 3.2 10 200 M M 10 1 15 220
19 42 35 39 -1 26 0 T M M 1.6 10 260 M M 9 13 270
20 49 33 41 1 24 0 0.19 M M 7.4 16 120 M M 10 18 23 190
21 43 25 34 -6 31 0 0.00 M M 5.5 17 110 M M 6 25 90
22 25 21 23 -17 42 0 0.06 M M 16.5 26 110 M M 6 6 40 120
23 29 21 25 -15 40 0 0.16 M M 8.5 20 120 M M 10 168 26 130
24 35 29 32 -8 33 0 0.61 M M 6.6 23 110 M M 10 16 29 120
25 42 33 38 -2 27 0 0.45 M M 4.0 12 130 M M 10 128 16 120
26 47 39 43 3 22 0 2.60 M M 9.0 18 120 M M 10 1 23 120
27 56 42 49 9 16 0 M M M 10.4 24 250 M M 9 1 41 200
28 49 40 45 5 20 0 T M M 4.3 10 200 M M 9 14 200
29 44 41 43 3 22 0 0.54 M M 8.6 22 100 M M 10 1 27 120
30 54 40 47 7 18 0 0.35 M M 5.7 14 120 M M 8 1 19 160
31 50 34 42 2 23 0 0.07 M M 1.7 7 100 M M 10 12 11 210
================================================================================
SM 1356 1020 822 0 6.88 M 165.5 M 245
================================================================================
AV 43.7 32.9 5.3 FASTST M M 8 MAX(MPH)
MISC ----> 26 110 41 200
================================================================================
NOTES:
# LAST OF SEVERAL OCCURRENCES
COLUMN 17 PEAK WIND IN M.P.H.
PRELIMINARY LOCAL CLIMATOLOGICAL DATA (WS FORM: F-6) , PAGE 2
STATION: VANCOUVER WA
MONTH: DECEMBER
YEAR: 2022
LATITUDE: 45 37 N
LONGITUDE: 122 39 W
[TEMPERATURE DATA] [PRECIPITATION DATA] SYMBOLS USED IN COLUMN 16
AVERAGE MONTHLY: 38.3 TOTAL FOR MONTH: 6.88 1 = FOG OR MIST
DPTR FM NORMAL: -2.5 DPTR FM NORMAL: 0.81 2 = FOG REDUCING VISIBILITY
HIGHEST: 56 ON 27 GRTST 24HR 2.90 ON 26-27 TO 1/4 MILE OR LESS
LOWEST: 21 ON 23,22 3 = THUNDER
SNOW, ICE PELLETS, HAIL 4 = ICE PELLETS
TOTAL MONTH: M 5 = HAIL
GRTST 24HR M ON M 6 = FREEZING RAIN OR DRIZZLE
GRTST DEPTH: M ON M 7 = DUSTSTORM OR SANDSTORM:
VSBY 1/2 MILE OR LESS
8 = SMOKE OR HAZE
[NO. OF DAYS WITH] [WEATHER - DAYS WITH] 9 = BLOWING SNOW
X = TORNADO
MAX 32 OR BELOW: 2 0.01 INCH OR MORE: 16
MAX 90 OR ABOVE: 0 0.10 INCH OR MORE: 11
MIN 32 OR BELOW: 11 0.50 INCH OR MORE: 5
MIN 0 OR BELOW: 0 1.00 INCH OR MORE: 1
[HDD (BASE 65) ]
TOTAL THIS MO. 822 CLEAR (SCALE 0-3) 3
DPTR FM NORMAL 70 PTCLDY (SCALE 4-7) 10
TOTAL FM JUL 1 1695 CLOUDY (SCALE 8-10) 18
DPTR FM NORMAL -68
[CDD (BASE 65) ]
TOTAL THIS MO. 0
DPTR FM NORMAL 0 [PRESSURE DATA]
TOTAL FM JAN 1 701 HIGHEST SLP 30.50 ON 22
DPTR FM NORMAL 302 LOWEST SLP 29.00 ON 27
[REMARKS]
#FINAL-12-22#