615
CXUS56 KPQR 011210
CF6VUO
PRELIMINARY LOCAL CLIMATOLOGICAL DATA (WS FORM: F-6)
STATION: VANCOUVER WA
MONTH: JANUARY
YEAR: 2021
LATITUDE: 45 37 N
LONGITUDE: 122 39 W
TEMPERATURE IN F: :PCPN: SNOW: WIND :SUNSHINE: SKY :PK WND
================================================================================
1 2 3 4 5 6A 6B 7 8 9 10 11 12 13 14 15 16 17 18
12Z AVG MX 2MIN
DY MAX MIN AVG DEP HDD CDD WTR SNW DPTH SPD SPD DIR MIN PSBL S-S WX SPD DR
================================================================================
1 51 46 49 9 16 0 0.23 M M 7.5 15 120 M M 10 18 20 120
2 52 49 51 11 14 0 0.89 M M 10.2 18 160 M M 10 32 190
3 53 43 48 8 17 0 0.34 M M 6.2 18 200 M M 8 1 32 200
4 52 45 49 8 16 0 0.71 M M 7.1 16 120 M M 10 1 21 120
5 50 44 47 6 18 0 0.01 M M 7.6 17 120 M M 8 22 110
6 53 46 50 9 15 0 0.85 M M 3.9 16 210 M M 10 18 22 210
7 52 45 49 8 16 0 0.01 M M 6.1 20 110 M M 4 1 29 100
8 52 32 42 1 23 0 0.18 M M 2.6 15 120 M M 7 128 21 120
9 48 32 40 -1 25 0 0.00 M M 4.0 13 110 M M 4 12 16 130
10 46 42 44 3 21 0 0.13 M M 4.8 14 110 M M 9 18 19 120
11 47 44 46 5 19 0 0.67 M M 8.7 15 120 M M 7 1 20 130
12 61 45 53 12 12 0 1.89 M M 10.6 22 230 M M 10 18 33 220
13 61 40 51 10 14 0 0.02 M M 3.5 31 280 M M 3 42 270
14 55 36 46 4 19 0 0.01 M M 3.6 16 110 M M 4 1 22 120
15 50 39 45 3 20 0 0.17 M M 1.6 9 120 M M 9 128 11 140
16 50 41 46 4 19 0 0.00 M M 1.3 8 300 M M 7 1 11 340
17 51 36 44 2 21 0 0.04 M M 1.7 8 120 M M 9 128 11 130
18 53 32 43 1 22 0 0.00 M M 3.7 10 330 M M 4 128 15 300
19 52 30 41 -1 24 0 0.00 M M 1.1 8 290 M M 0 18 11 290
20 48 28 38 -4 27 0 T M M 0.4 5 210 M M 6 18 6 320
21 47 40 44 2 21 0 0.14 M M 0.9 8 110 M M 9 18 10 120
22 52 29 41 -1 24 0 T M M 2.0 15 90 M M 3 18 18 90
23 46 26 36 -6 29 0 0.00 M M 1.2 9 110 M M 3 18 10 120
24 41 38 40 -2 25 0 0.38 M M 2.8 8 160 M M 10 18 12 170
25 44 33 39 -3 26 0 T M M 2.6 9 110 M M 9 18 11 120
26 42 35 39 -3 26 0 0.13 M M 10.1 24 120 M M 9 33 130
27 45 38 42 0 23 0 0.15 M M 3.7 14 120 M M 9 18 17 120
28 46 40 43 1 22 0 0.09 M M 3.9 12 110 M M 10 18 14 120
29 48 39 44 2 21 0 0.07 M M 2.9 10 110 M M 9 18 13 120
30 46 42 44 2 21 0 0.16 M M 8.9 16 110 M M 10 18 21 110
31 51 44 48 6 17 0 0.22 M M 8.7 16 110 M M 10 1 22 110
================================================================================
SM 1545 1199 633 0 7.49 M 143.9 M 230
================================================================================
AV 49.8 38.7 4.6 FASTST M M 7 MAX(MPH)
MISC ----> 31 280 42 270
================================================================================
NOTES:
# LAST OF SEVERAL OCCURRENCES
COLUMN 17 PEAK WIND IN M.P.H.
PRELIMINARY LOCAL CLIMATOLOGICAL DATA (WS FORM: F-6) , PAGE 2
STATION: VANCOUVER WA
MONTH: JANUARY
YEAR: 2021
LATITUDE: 45 37 N
LONGITUDE: 122 39 W
[TEMPERATURE DATA] [PRECIPITATION DATA] SYMBOLS USED IN COLUMN 16
AVERAGE MONTHLY: 44.3 TOTAL FOR MONTH: 7.49 1 = FOG OR MIST
DPTR FM NORMAL: 2.7 DPTR FM NORMAL: 1.99 2 = FOG REDUCING VISIBILITY
HIGHEST: 61 ON 13,12 GRTST 24HR 2.47 ON 11-12 TO 1/4 MILE OR LESS
LOWEST: 26 ON 23 3 = THUNDER
SNOW, ICE PELLETS, HAIL 4 = ICE PELLETS
TOTAL MONTH: M 5 = HAIL
GRTST 24HR M ON M 6 = FREEZING RAIN OR DRIZZLE
GRTST DEPTH: M ON M 7 = DUSTSTORM OR SANDSTORM:
VSBY 1/2 MILE OR LESS
8 = SMOKE OR HAZE
[NO. OF DAYS WITH] [WEATHER - DAYS WITH] 9 = BLOWING SNOW
X = TORNADO
MAX 32 OR BELOW: 0 0.01 INCH OR MORE: 23
MAX 90 OR ABOVE: 0 0.10 INCH OR MORE: 16
MIN 32 OR BELOW: 7 0.50 INCH OR MORE: 5
MIN 0 OR BELOW: 0 1.00 INCH OR MORE: 1
[HDD (BASE 65) ]
TOTAL THIS MO. 633 CLEAR (SCALE 0-3) 2
DPTR FM NORMAL -94 PTCLDY (SCALE 4-7) 11
TOTAL FM JUL 1 2222 CLOUDY (SCALE 8-10) 18
DPTR FM NORMAL -293
[CDD (BASE 65) ]
TOTAL THIS MO. 0
DPTR FM NORMAL 0 [PRESSURE DATA]
TOTAL FM JAN 1 0 HIGHEST SLP 30.54 ON 17
DPTR FM NORMAL 0 LOWEST SLP 29.39 ON 26
[REMARKS]
#FINAL-01-21#