000
CXUS51 KAKQ 010710
CF6WAL
PRELIMINARY LOCAL CLIMATOLOGICAL DATA (WS FORM: F-6)
STATION: WALLOPS ISLAND VA
MONTH: JULY
YEAR: 2021
LATITUDE: 37 55 N
LONGITUDE: 75 28 W
TEMPERATURE IN F: :PCPN: SNOW: WIND :SUNSHINE: SKY :PK WND
================================================================================
1 2 3 4 5 6A 6B 7 8 9 10 11 12 13 14 15 16 17 18
12Z AVG MX 2MIN
DY MAX MIN AVG DEP HDD CDD WTR SNW DPTH SPD SPD DIR MIN PSBL S-S WX SPD DR
================================================================================
1 91 71 81 4 0 16 1.35 0.0 0 11.1 25 290 M M 3 13 37 290
2 75 67 71 -7 0 6 1.24 0.0 0 3.7 14 230 M M 6 13 19 340
3 79 63 71 -7 0 6 0.21 0.0 0 8.9 21 300 M M 2 138 26 310
4 83 62 73 -5 0 8 0.00 0.0 0 6.7 16 180 M M 2 22 220
5 86 67 77 -1 0 12 0.00 0.0 0 8.7 16 190 M M 0 1 21 180
6 85 70 78 0 0 13 0.00 0.0 0 10.4 21 200 M M 0 24 190
7 88 75 82 4 0 17 0.00 0.0 0 11.2 22 190 M M 0 28 190
8 84 71 78 0 0 13 1.52 0.0 0 11.7 37 140 M M 5 13 52 110
9 87 71 79 1 0 14 0.06 0.0 0 11.8 24 270 M M 4 1 36 280
10 85 70 78 0 0 13 0.00 0.0 0 5.5 14 260 M M 1 18 300
11 84 70 77 -1 0 12 0.00 0.0 0 10.2 21 190 M M 2 25 190
12 87 73 80 2 0 15 0.00 0.0 0 9.6 20 180 M M 1 1 24 190
13 89 74 82 3 0 17 0.00 0.0 0 9.2 21 190 M M 2 1 23 190
14 90 72 81 2 0 16 0.09 0.0 0 8.0 16 190 M M 1 138 19 200
15 88 72 80 1 0 15 0.00 0.0 0 7.2 16 190 M M 2 19 200
16 89 75 82 3 0 17 0.00 0.0 0 9.1 18 190 M M 0 24 200
17 88 72 80 1 0 15 0.47 0.0 0 11.5 24 260 M M 1 13 32 260
18 86 73 80 1 0 15 0.01 0.0 0 8.7 16 230 M M 4 13 22 240
19 81 69 75 -4 0 10 0.00 0.0 0 4.8 9 240 M M 2 12 230
20 85 67 76 -2 0 11 0.00 0.0 0 5.4 12 190 M M 0 18 17 140
21 88 72 80 2 0 15 T 0.0 0 6.8 12 230 M M 1 18 M M
22 82 65 74 -4 0 9 0.00 0.0 0 6.5 14 310 M M 2 1 18 330
23 85 62 74 -4 0 9 0.00 0.0 0 5.0 13 120 M M 1 1 17 120
24 85 62 74 -4 0 9 0.00 0.0 0 6.9 14 180 M M 2 18 190
25 83 72 78 0 0 13 0.02 0.0 0 14.3 25 190 M M 3 32 200
26 89 73 81 3 0 16 0.00 0.0 0 7.9 16 260 M M 1 22 270
27 88 71 80 2 0 15 0.00 0.0 0 6.9 13 200 M M 1 1 16 180
28 91 73 82 4 0 17 T 0.0 0 7.9 16 70 M M 1 13 19 60
29 85 74 80 2 0 15 0.00 0.0 0 10.3 21 190 M M 5 1 26 190
30 93 72 83 5 0 18 0.00 0.0 0 6.6 15 100 M M 1 1 20 290
31 77 69 73 -5 0 8 T 0.0 0 10.0 20 40 M M 1 1 24 40
================================================================================
SM 2656 2169 0 405 4.97 0.0 262.5 M 57
================================================================================
AV 85.7 70.0 8.5 FASTST M M 2 MAX(MPH)
MISC ----> 37 140 52 110
================================================================================
NOTES:
# LAST OF SEVERAL OCCURRENCES
COLUMN 17 PEAK WIND IN M.P.H.
PRELIMINARY LOCAL CLIMATOLOGICAL DATA (WS FORM: F-6) , PAGE 2
STATION: WALLOPS ISLAND VA
MONTH: JULY
YEAR: 2021
LATITUDE: 37 55 N
LONGITUDE: 75 28 W
[TEMPERATURE DATA] [PRECIPITATION DATA] SYMBOLS USED IN COLUMN 16
AVERAGE MONTHLY: 77.8 TOTAL FOR MONTH: 4.97 1 = FOG OR MIST
DPTR FM NORMAL: -0.4 DPTR FM NORMAL: 0.60 2 = FOG REDUCING VISIBILITY
HIGHEST: 93 ON 30 GRTST 24HR 2.59 ON 1- 2 TO 1/4 MILE OR LESS
LOWEST: 62 ON 24,23 3 = THUNDER
SNOW, ICE PELLETS, HAIL 4 = ICE PELLETS
TOTAL MONTH: 0.0 INCH 5 = HAIL
GRTST 24HR 0.0 6 = FREEZING RAIN OR DRIZZLE
GRTST DEPTH: 0 7 = DUSTSTORM OR SANDSTORM:
VSBY 1/2 MILE OR LESS
8 = SMOKE OR HAZE
[NO. OF DAYS WITH] [WEATHER - DAYS WITH] 9 = BLOWING SNOW
X = TORNADO
MAX 32 OR BELOW: 0 0.01 INCH OR MORE: 9
MAX 90 OR ABOVE: 4 0.10 INCH OR MORE: 5
MIN 32 OR BELOW: 0 0.50 INCH OR MORE: 3
MIN 0 OR BELOW: 0 1.00 INCH OR MORE: 3
[HDD (BASE 65) ]
TOTAL THIS MO. 0 CLEAR (SCALE 0-3) 24
DPTR FM NORMAL 0 PTCLDY (SCALE 4-7) 7
TOTAL FM JUL 1 0 CLOUDY (SCALE 8-10) 0
DPTR FM NORMAL 0
[CDD (BASE 65) ]
TOTAL THIS MO. 405
DPTR FM NORMAL -6 [PRESSURE DATA]
TOTAL FM JAN 1 788 HIGHEST SLP M ON M
DPTR FM NORMAL 23 LOWEST SLP 29.61 ON 8
[REMARKS]
#FINAL-07-21#