000
CXUS56 KLKN 011210
CF6WMC
PRELIMINARY LOCAL CLIMATOLOGICAL DATA (WS FORM: F-6)
STATION: WINNEMUCCA AIRPORT NV
MONTH: MARCH
YEAR: 2022
LATITUDE: 40 54 N
LONGITUDE: 117 48 W
TEMPERATURE IN F: :PCPN: SNOW: WIND :SUNSHINE: SKY :PK WND
================================================================================
1 2 3 4 5 6A 6B 7 8 9 10 11 12 13 14 15 16 17 18
12Z AVG MX 2MIN
DY MAX MIN AVG DEP HDD CDD WTR SNW DPTH SPD SPD DIR MIN PSBL S-S WX SPD DR
================================================================================
1 66 26 46 6 19 0 0.00 0.0 0 4.3 10 140 M M 0 13 140
2 70 26 48 8 17 0 0.00 0.0 0 5.2 15 250 M M 0 19 240
3 66 29 48 8 17 0 0.00 0.0 0 6.2 18 330 M M 0 26 320
4 48 33 41 1 24 0 0.13 0.3 0 6.7 21 40 M M 7 1 29 40
5 36 26 31 -10 34 0 0.67 7.4 3 9.2 22 300 M M 10 12 30 300
6 40 20 30 -11 35 0 0.11 1.5 3 6.7 18 360 M M 4 26 30
7 42 18 30 -11 35 0 0.00 0.0 2 7.4 16 180 M M 0 21 180
8 49 23 36 -5 29 0 0.00 0.0 1 5.9 17 260 M M 6 25 260
9 46 23 35 -7 30 0 0.13 1.8 1 9.3 25 360 M M 9 1 35 340
10 35 11 23 -19 42 0 T T 2 6.6 16 350 M M 1 21 10
11 53 18 36 -6 29 0 0.00 0.0 1 6.4 14 170 M M 0 19 180
12 64 26 45 3 20 0 0.00 0.0 0 10.6 28 240 M M 0 40 230
13 54 27 41 -1 24 0 0.00 0.0 0 11.8 28 230 M M 6 38 210
14 61 21 41 -1 24 0 0.00 0.0 0 4.8 15 180 M M 1 19 170
15 59 40 50 7 15 0 0.13 0.0 0 8.5 18 230 M M 7 1 28 220
16 55 31 43 0 22 0 0.00 0.0 0 7.5 16 330 M M 4 21 350
17 56 24 40 -3 25 0 0.00 0.0 0 6.3 15 60 M M 3 19 60
18 63 21 42 -1 23 0 0.00 0.0 0 5.8 14 200 M M 0 19 190
19 56 32 44 1 21 0 0.15 0.0 0 6.4 24 240 M M 6 1 35 240
20 46 29 38 -5 27 0 T 0.0 0 8.5 23 320 M M 2 28 320
21 57 24 41 -3 24 0 0.00 0.0 0 3.1 9 80 M M 5 14 80
22 64 26 45 1 20 0 0.00 0.0 0 5.0 14 40 M M 0 19 40
23 72 30 51 7 14 0 0.00 0.0 0 6.1 17 240 M M 0 22 250
24 76 31 54 10 11 0 0.00 0.0 0 5.3 14 250 M M 0 21 260
25 80 32 56 12 9 0 0.00 0.0 0 5.6 17 220 M M 0 27 210
26 77 34 56 12 9 0 0.00 0.0 0 3.5 10 320 M M 0 16 320
27 73 35 54 10 11 0 0.00 0.0 0 3.6 13 290 M M 0 17 280
28 66 36 51 7 14 0 T 0.0 0 7.9 30 240 M M 1 3 40 240
29 63 32 48 4 17 0 0.00 0.0 0 8.0 18 310 M M 6 27 310
30 65 24 45 0 20 0 0.00 0.0 0 7.7 22 350 M M 2 30 340
31 57 25 41 -4 24 0 0.00 0.0 0 5.6 15 310 M M 0 21 310
================================================================================
SM 1815 833 685 0 1.32 11.0 205.5 M 80
================================================================================
AV 58.5 26.9 6.6 FASTST M M 3 MAX(MPH)
MISC ----> 30 240 # 40 230
================================================================================
NOTES:
# LAST OF SEVERAL OCCURRENCES
COLUMN 17 PEAK WIND IN M.P.H.
PRELIMINARY LOCAL CLIMATOLOGICAL DATA (WS FORM: F-6) , PAGE 2
STATION: WINNEMUCCA AIRPORT NV
MONTH: MARCH
YEAR: 2022
LATITUDE: 40 54 N
LONGITUDE: 117 48 W
[TEMPERATURE DATA] [PRECIPITATION DATA] SYMBOLS USED IN COLUMN 16
AVERAGE MONTHLY: 42.7 TOTAL FOR MONTH: 1.32 1 = FOG OR MIST
DPTR FM NORMAL: 0.1 DPTR FM NORMAL: 0.45 2 = FOG REDUCING VISIBILITY
HIGHEST: 80 ON 25 GRTST 24HR 0.67 ON 5- 5 TO 1/4 MILE OR LESS
LOWEST: 11 ON 10 3 = THUNDER
SNOW, ICE PELLETS, HAIL 4 = ICE PELLETS
TOTAL MONTH: 11.0 INCHES 5 = HAIL
GRTST 24HR 7.4 ON 5- 5 6 = FREEZING RAIN OR DRIZZLE
GRTST DEPTH: 3 ON 6, 5 7 = DUSTSTORM OR SANDSTORM:
VSBY 1/2 MILE OR LESS
8 = SMOKE OR HAZE
[NO. OF DAYS WITH] [WEATHER - DAYS WITH] 9 = BLOWING SNOW
X = TORNADO
MAX 32 OR BELOW: 0 0.01 INCH OR MORE: 6
MAX 90 OR ABOVE: 0 0.10 INCH OR MORE: 6
MIN 32 OR BELOW: 26 0.50 INCH OR MORE: 1
MIN 0 OR BELOW: 0 1.00 INCH OR MORE: 0
[HDD (BASE 65) ]
TOTAL THIS MO. 685 CLEAR (SCALE 0-3) 19
DPTR FM NORMAL -9 PTCLDY (SCALE 4-7) 10
TOTAL FM JUL 1 4856 CLOUDY (SCALE 8-10) 2
DPTR FM NORMAL -139
[CDD (BASE 65) ]
TOTAL THIS MO. 0
DPTR FM NORMAL 0 [PRESSURE DATA]
TOTAL FM JAN 1 0 HIGHEST SLP 30.50 ON 7
DPTR FM NORMAL 0 LOWEST SLP 29.52 ON 28
[REMARKS]
#FINAL-03-22#