000
CXUS56 KLKN 020810
CF6WMC
PRELIMINARY LOCAL CLIMATOLOGICAL DATA (WS FORM: F-6)
STATION: WINNEMUCCA AIRPORT NV
MONTH: JULY
YEAR: 2021
LATITUDE: 40 54 N
LONGITUDE: 117 48 W
TEMPERATURE IN F: :PCPN: SNOW: WIND :SUNSHINE: SKY :PK WND
================================================================================
1 2 3 4 5 6A 6B 7 8 9 10 11 12 13 14 15 16 17 18
12Z AVG MX 2MIN
DY MAX MIN AVG DEP HDD CDD WTR SNW DPTH SPD SPD DIR MIN PSBL S-S WX SPD DR
================================================================================
1 100 69 85 14 0 20 0.00 0.0 0 10.0 29 40 M M 0 36 20
2 99 64 82 11 0 17 0.05 0.0 0 6.7 25 10 M M 1 38 32 160
3 101 59 80 8 0 15 0.06 0.0 0 6.5 30 100 M M 1 37 90
4 97 71 84 12 0 19 0.02 0.0 0 10.5 29 60 M M 1 38 36 260
5 100 56 78 6 0 13 0.00 0.0 0 5.4 14 360 M M 0 8 19 350
6 104 55 80 7 0 15 0.02 0.0 0 6.0 18 130 M M 0 26 140
7 103 60 82 9 0 17 0.00 0.0 0 7.9 23 260 M M 0 31 280
8 103 52 78 5 0 13 0.00 0.0 0 7.7 28 230 M M 1 36 210
9 103 53 78 4 0 13 0.00 0.0 0 5.8 16 300 M M 2 8 26 310
10 107 60 84 10 0 19 0.00 0.0 0 5.3 17 250 M M 1 8 24 250
11 106 65 86 12 0 21 0.00 0.0 0 7.6 21 60 M M 2 8 28 310
12 107 66 87 13 0 22 0.00 0.0 0 10.0 25 280 M M 0 32 280
13 101 56 79 4 0 14 0.00 0.0 0 8.1 20 40 M M 0 26 270
14 102 63 83 8 0 18 0.00 0.0 0 8.4 21 60 M M 0 27 270
15 97 63 80 5 0 15 0.00 0.0 0 8.9 23 280 M M 0 8 28 280
16 97 54 76 1 0 11 0.00 0.0 0 6.7 21 270 M M 0 32 270
17 100 50 75 0 0 10 0.00 0.0 0 5.5 22 250 M M 1 8 27 250
18 102 51 77 1 0 12 0.00 0.0 0 5.8 18 250 M M 1 8 27 250
19 92 72 82 6 0 17 0.01 0.0 0 7.7 37 170 M M 3 38 49 170
20 94 63 79 3 0 14 0.11 0.0 0 8.1 18 170 M M 4 18 34 150
21 98 53 76 0 0 11 0.00 0.0 0 6.3 20 250 M M 0 8 27 270
22 98 52 75 -1 0 10 0.00 0.0 0 5.7 18 260 M M 3 8 24 260
23 100 54 77 1 0 12 0.00 0.0 0 7.2 24 50 M M 0 8 30 40
24 103 69 86 10 0 21 0.00 0.0 0 11.2 21 30 M M 0 28 50
25 105 70 88 12 0 23 0.00 0.0 0 6.9 16 60 M M 0 8 22 50
26 103 64 84 8 0 19 0.03 0.0 0 6.9 37 60 M M 2 38 54 40
27 96 73 85 9 0 20 0.00 0.0 0 12.1 24 280 M M 2 8 32 280
28 95 55 75 -1 0 10 0.00 0.0 0 4.0 14 330 M M 0 19 300
29 99 55 77 1 0 12 0.00 0.0 0 6.4 21 40 M M 0 25 50
30 97 58 78 3 0 13 0.17 0.0 0 6.2 25 60 M M 2 1 33 60
31 87 65 76 1 0 11 0.01 0.0 0 7.0 16 280 M M 7 21 280
================================================================================
SM 3096 1870 0 477 0.48 0.0 228.5 M 34
================================================================================
AV 99.9 60.3 7.4 FASTST M M 1 MAX(MPH)
MISC ----> # 37 170 54 40
================================================================================
NOTES:
# LAST OF SEVERAL OCCURRENCES
COLUMN 17 PEAK WIND IN M.P.H.
PRELIMINARY LOCAL CLIMATOLOGICAL DATA (WS FORM: F-6) , PAGE 2
STATION: WINNEMUCCA AIRPORT NV
MONTH: JULY
YEAR: 2021
LATITUDE: 40 54 N
LONGITUDE: 117 48 W
[TEMPERATURE DATA] [PRECIPITATION DATA] SYMBOLS USED IN COLUMN 16
AVERAGE MONTHLY: 80.1 TOTAL FOR MONTH: 0.48 1 = FOG OR MIST
DPTR FM NORMAL: 5.6 DPTR FM NORMAL: 0.32 2 = FOG REDUCING VISIBILITY
HIGHEST: 107 ON 12,10 GRTST 24HR 0.18 ON 30-31 TO 1/4 MILE OR LESS
LOWEST: 50 ON 17 3 = THUNDER
SNOW, ICE PELLETS, HAIL 4 = ICE PELLETS
TOTAL MONTH: 0.0 INCH 5 = HAIL
GRTST 24HR 0.0 6 = FREEZING RAIN OR DRIZZLE
GRTST DEPTH: 0 7 = DUSTSTORM OR SANDSTORM:
VSBY 1/2 MILE OR LESS
8 = SMOKE OR HAZE
[NO. OF DAYS WITH] [WEATHER - DAYS WITH] 9 = BLOWING SNOW
X = TORNADO
MAX 32 OR BELOW: 0 0.01 INCH OR MORE: 9
MAX 90 OR ABOVE: 30 0.10 INCH OR MORE: 2
MIN 32 OR BELOW: 0 0.50 INCH OR MORE: 0
MIN 0 OR BELOW: 0 1.00 INCH OR MORE: 0
[HDD (BASE 65) ]
TOTAL THIS MO. 0 CLEAR (SCALE 0-3) 28
DPTR FM NORMAL -6 PTCLDY (SCALE 4-7) 3
TOTAL FM JUL 1 0 CLOUDY (SCALE 8-10) 0
DPTR FM NORMAL -2
[CDD (BASE 65) ]
TOTAL THIS MO. 477
DPTR FM NORMAL 177 [PRESSURE DATA]
TOTAL FM JAN 1 790 HIGHEST SLP 30.11 ON 28
DPTR FM NORMAL 373 LOWEST SLP 29.71 ON 26
[REMARKS]
#FINAL-07-21#