000
CXUS54 KFWD 010730
CF6XBP
PRELIMINARY LOCAL CLIMATOLOGICAL DATA (WS FORM: F-6)
STATION: BRIDGEPORT
MONTH: SEPTEMBER
YEAR: 2021
LATITUDE: 33 10 N
LONGITUDE: 96 30 W
TEMPERATURE IN F: :PCPN: SNOW: WIND :SUNSHINE: SKY :PK WND
================================================================================
1 2 3 4 5 6A 6B 7 8 9 10 11 12 13 14 15 16 17 18
12Z AVG MX 2MIN
DY MAX MIN AVG DEP HDD CDD WTR SNW DPTH SPD SPD DIR MIN PSBL S-S WX SPD DR
================================================================================
1 97 72 85 5 0 20 0.00 M M 3.8 8 140 M M 1 M M
2 95 72 84 4 0 19 0.00 M M 5.1 12 180 M M 0 1 17 190
3 95 73 84 5 0 19 0.00 M M 5.6 10 170 M M 0 M M
4 96 72 84 5 0 19 0.00 M M 4.7 8 180 M M 0 M M
5 89 71 80 1 0 15 0.01 M M 3.5 10 50 M M 4 M M
6 92 68 80 2 0 15 0.00 M M 3.1 7 160 M M 1 16 100
7 93 63 78 0 0 13 0.00 M M 4.3 12 170 M M 1 M M
8 93 64 79 1 0 14 0.00 M M 4.5 12 80 M M 1 3 20 60
9 90 57 74 -3 0 9 0.00 M M 3.6 9 140 M M 0 17 120
10 90 58 74 -3 0 9 0.00 M M 6.2 12 180 M M 0 17 200
11 91 58 75 -2 0 10 0.00 M M 4.7 10 160 M M 0 M M
12 89 55 72 -4 0 7 0.00 M M 3.7 9 150 M M 0 M M
13 89 58 74 -2 0 9 0.00 M M 4.6 13 170 M M 1 21 150
14 87 63 75 0 0 10 0.00 M M 4.3 12 130 M M 2 20 110
15 89 61 75 0 0 10 0.00 M M 2.9 10 40 M M 1 9 100
16 89 63 76 1 0 11 0.00 M M 2.8 8 70 M M 1 M M
17 92 63 78 4 0 13 0.00 M M 2.3 8 80 M M 0 M M
18 93 64 79 5 0 14 0.00 M M 1.0 6 80 M M 1 M M
19 94 64 79 6 0 14 0.00 M M 2.7 10 130 M M 1 M M
20 100 66 83 10 0 18 0.00 M M 6.8 17 190 M M 0 22 190
21 85 58 72 -1 0 7 0.00 M M 9.4 20 10 M M 0 29 30
22 81 48 65 -7 0 0 0.00 M M 2.3 7 10 M M 0 M M
23 84 45 65 -7 0 0 0.00 M M 2.4 8 120 M M 0 M M
24 85 47 66 -5 0 1 0.00 M M 1.3 7 190 M M 0 M M
25 89 49 69 -2 0 4 0.00 M M 2.2 8 130 M M 0 M M
26 90 55 73 2 0 8 0.00 M M 5.1 12 180 M M 0 21 200
27 87 58 73 3 0 8 0.00 M M 4.9 13 210 M M 0 21 210
28 94 61 78 8 0 13 0.33 M M 4.1 15 160 M M 2 3 28 290
29 90 65 78 9 0 13 0.00 M M 6.8 21 180 M M 2 3 28 180
30 88 66 77 8 0 12 0.87 M M 5.7 17 10 M M 5 3 25 10
================================================================================
SM 2716 1837 0 334 1.21 M 124.4 M 24
================================================================================
AV 90.5 61.2 4.1 FASTST M M 1 MAX(MPH)
MISC ----> 21 180 29 30
================================================================================
NOTES:
# LAST OF SEVERAL OCCURRENCES
COLUMN 17 PEAK WIND IN M.P.H.
PRELIMINARY LOCAL CLIMATOLOGICAL DATA (WS FORM: F-6) , PAGE 2
STATION: BRIDGEPORT
MONTH: SEPTEMBER
YEAR: 2021
LATITUDE: 33 10 N
LONGITUDE: 96 30 W
[TEMPERATURE DATA] [PRECIPITATION DATA] SYMBOLS USED IN COLUMN 16
AVERAGE MONTHLY: 75.9 TOTAL FOR MONTH: 1.21 1 = FOG OR MIST
DPTR FM NORMAL: 1.2 DPTR FM NORMAL: -1.85 2 = FOG REDUCING VISIBILITY
HIGHEST: 100 ON 20 GRTST 24HR 0.87 ON 30-30 TO 1/4 MILE OR LESS
LOWEST: 45 ON 23 3 = THUNDER
SNOW, ICE PELLETS, HAIL 4 = ICE PELLETS
TOTAL MONTH: M 5 = HAIL
GRTST 24HR M ON M 6 = FREEZING RAIN OR DRIZZLE
GRTST DEPTH: M ON M 7 = DUSTSTORM OR SANDSTORM:
VSBY 1/2 MILE OR LESS
8 = SMOKE OR HAZE
[NO. OF DAYS WITH] [WEATHER - DAYS WITH] 9 = BLOWING SNOW
X = TORNADO
MAX 32 OR BELOW: 0 0.01 INCH OR MORE: 3
MAX 90 OR ABOVE: 17 0.10 INCH OR MORE: 2
MIN 32 OR BELOW: 0 0.50 INCH OR MORE: 1
MIN 0 OR BELOW: 0 1.00 INCH OR MORE: 0
[HDD (BASE 65) ]
TOTAL THIS MO. 0 CLEAR (SCALE 0-3) 28
DPTR FM NORMAL -16 PTCLDY (SCALE 4-7) 2
TOTAL FM JUL 1 0 CLOUDY (SCALE 8-10) 0
DPTR FM NORMAL -13
[CDD (BASE 65) ]
TOTAL THIS MO. 334
DPTR FM NORMAL 27 [PRESSURE DATA]
TOTAL FM JAN 1 2049 HIGHEST SLP M ON M
DPTR FM NORMAL -18 LOWEST SLP M ON M
[REMARKS]
#FINAL-09-21#