000
CXUS51 KPBZ 010730
CF6ZZV
PRELIMINARY LOCAL CLIMATOLOGICAL DATA (WS FORM: F-6)
STATION: ZANESVILLE OH
MONTH: JULY
YEAR: 2020
LATITUDE: 39 56 N
LONGITUDE: 81 54 W
TEMPERATURE IN F: :PCPN: SNOW: WIND :SUNSHINE: SKY :PK WND
================================================================================
1 2 3 4 5 6A 6B 7 8 9 10 11 12 13 14 15 16 17 18
12Z AVG MX 2MIN
DY MAX MIN AVG DEP HDD CDD WTR SNW DPTH SPD SPD DIR MIN PSBL S-S WX SPD DR
================================================================================
1 86 63 75 3 0 10 0.00 M M 4.0 13 30 M M 0 17 40
2 88 63 76 4 0 11 0.00 M M 2.3 9 340 M M 1 15 20
3 89 63 76 3 0 11 0.00 M M 1.8 9 330 M M 0 1 13 330
4 90 66 78 5 0 13 0.01 M M 2.4 17 320 M M 2 13 22 320
5 91 64 78 5 0 13 0.00 M M 2.6 7 99 M M 1 1 M M
6 92 67 80 7 0 15 0.00 M M 1.4 8 30 M M 0 1 10 130
7 91 69 80 7 0 15 1.92 M M 2.6 35 270 M M 3 1238 55 240
8 90 66 78 5 0 13 0.00 M M 1.3 7 140 M M 3 12 10 140
9 91 70 81 8 0 16 0.00 M M 2.0 8 100 M M 1 1 10 150
10 90 71 81 8 0 16 T M M 5.5 23 280 M M 3 13 31 290
11 84 68 76 3 0 11 0.05 M M 9.0 20 290 M M 5 1 28 270
12 79 62 71 -2 0 6 0.01 M M 4.6 14 200 M M 5 13 17 270
13 83 59 71 -2 0 6 0.00 M M 2.5 12 360 M M 4 12 15 350
14 84 59 72 -1 0 7 0.00 M M 1.3 9 100 M M 1 11 40
15 88 59 74 1 0 9 0.00 M M 2.8 10 140 M M 0 14 150
16 89 71 80 7 0 15 0.00 M M 8.2 20 200 M M 4 27 220
17 87 67 77 4 0 12 0.00 M M 2.3 9 200 M M 3 12 13 190
18 91 63 77 4 0 12 0.00 M M 3.1 12 250 M M 1 14 250
19 94 70 82 9 0 17 0.08 M M 7.7 22 250 M M 2 3 32 250
20 89 70 80 7 0 15 0.00 M M 3.5 13 260 M M 3 17 220
21 90 69 80 7 0 15 0.50 M M 3.5 23 320 M M 4 13 31 310
22 84 68 76 3 0 11 0.18 M M 6.1 17 280 M M 4 13 23 280
23 84 70 77 4 0 12 0.07 M M 5.7 14 190 M M 7 13 20 200
24 87 69 78 5 0 13 0.00 M M 2.2 8 300 M M 6 12 11 310
25 88 63 76 3 0 11 0.00 M M 1.7 9 70 M M 2 13 20
26 90 64 77 4 0 12 0.00 M M 3.9 14 260 M M 1 1 20 280
27 92 69 81 8 0 16 0.35 M M 5.5 25 300 M M 1 138 33 330
28 85 67 76 3 0 11 0.17 M M 4.7 14 320 M M 4 1 18 320
29 88 62 75 2 0 10 0.00 M M 3.3 10 250 M M 0 1 14 200
30 82 66 74 1 0 9 0.12 M M 2.0 15 140 M M 2 1 21 130
31 86 67 77 4 0 12 0.04 M M 4.0 10 340 M M 5 1 17 320
================================================================================
SM 2722 2044 0 375 3.50 M 113.5 M 78
================================================================================
AV 87.8 65.9 3.7 FASTST M M 3 MAX(MPH)
MISC ----> 35 270 55 240
================================================================================
NOTES:
# LAST OF SEVERAL OCCURRENCES
COLUMN 17 PEAK WIND IN M.P.H.
PRELIMINARY LOCAL CLIMATOLOGICAL DATA (WS FORM: F-6) , PAGE 2
STATION: ZANESVILLE OH
MONTH: JULY
YEAR: 2020
LATITUDE: 39 56 N
LONGITUDE: 81 54 W
[TEMPERATURE DATA] [PRECIPITATION DATA] SYMBOLS USED IN COLUMN 16
AVERAGE MONTHLY: 76.9 TOTAL FOR MONTH: 3.50 1 = FOG OR MIST
DPTR FM NORMAL: 3.9 DPTR FM NORMAL: -0.29 2 = FOG REDUCING VISIBILITY
HIGHEST: 94 ON 19 GRTST 24HR 1.92 ON 7- 7 TO 1/4 MILE OR LESS
LOWEST: 59 ON 15,14 3 = THUNDER
SNOW, ICE PELLETS, HAIL 4 = ICE PELLETS
TOTAL MONTH: M 5 = HAIL
GRTST 24HR M ON M 6 = FREEZING RAIN OR DRIZZLE
GRTST DEPTH: M ON M 7 = DUSTSTORM OR SANDSTORM:
VSBY 1/2 MILE OR LESS
8 = SMOKE OR HAZE
[NO. OF DAYS WITH] [WEATHER - DAYS WITH] 9 = BLOWING SNOW
X = TORNADO
MAX 32 OR BELOW: 0 0.01 INCH OR MORE: 12
MAX 90 OR ABOVE: 12 0.10 INCH OR MORE: 6
MIN 32 OR BELOW: 0 0.50 INCH OR MORE: 2
MIN 0 OR BELOW: 0 1.00 INCH OR MORE: 1
[HDD (BASE 65) ]
TOTAL THIS MO. 0 CLEAR (SCALE 0-3) 20
DPTR FM NORMAL -3 PTCLDY (SCALE 4-7) 11
TOTAL FM JUL 1 0 CLOUDY (SCALE 8-10) 0
DPTR FM NORMAL 0
[CDD (BASE 65) ]
TOTAL THIS MO. 375
DPTR FM NORMAL 126 [PRESSURE DATA]
TOTAL FM JAN 1 654 HIGHEST SLP 30.18 ON 17
DPTR FM NORMAL 193 LOWEST SLP 29.74 ON 11
[REMARKS]
#FINAL-07-20#