000
CXUS54 KFWD 180730
CF60F2
PRELIMINARY LOCAL CLIMATOLOGICAL DATA (WS FORM: F-6)

                                          STATION:   BOWIE
                                          MONTH:     APRIL
                                          YEAR:      2019
                                          LATITUDE:   33 36 N
                                          LONGITUDE:  97 47 W

  TEMPERATURE IN F:       :PCPN:    SNOW:  WIND      :SUNSHINE: SKY     :PK WND
================================================================================
1   2   3   4   5  6A  6B    7    8   9   10  11  12  13   14  15   16   17  18
                                     12Z  AVG MX 2MIN
DY MAX MIN AVG DEP HDD CDD  WTR  SNW DPTH SPD SPD DIR MIN PSBL S-S WX    SPD DR
================================================================================

 1  60  35  48 -10  17   0 0.00  0.0    0  1.2  9 290   M    M   1 8       M  M
 2  72  38  55  -3  10   0 0.00  0.0    0  8.7 14 150   M    M   1 8      23 150
 3  66  49  58   0   7   0 0.00  0.0    0 12.6 18 150   M    M   7        31 150
 4  78  54  66   8   0   1 0.23  0.0    0  5.8 20 160   M    M   7 1      28 160
 5  79  50  65   6   0   0 0.00  0.0    0  4.2  8 100   M    M   2 12      M  M
 6  72  57  65   6   0   0 0.62  0.0    0  6.1 15 280   M    M   5 1      23 280
 7  71  58  65   6   0   0 0.00  0.0    0  4.7 10 130   M    M   8 1      20 130
 8  80  55  68   8   0   3 0.00  0.0    0  5.8 13 320   M    M   1 1      21 320
 9  87  51  69   9   0   4 0.00  0.0    0  7.0 15 170   M    M   1        22 170
10  91  66  79  19   0  14 0.00  0.0    0 16.4 25 180   M    M   0        36 170
11  77  42  60   0   5   0 0.00  0.0    0 11.4 23 310   M    M   1        38 320
12  66  37  52  -9  13   0 0.00  0.0    0  4.8  9  30   M    M   2        20  30
13  55  38  47 -14  18   0 1.54  0.0    0 16.3 27 360   M    M  10 3      37 330
14  65  41  53  -8  12   0 0.00  0.0    0  8.5 23 320   M    M   2        30 320
15  82  46  64   2   1   0 0.00  0.0    0 12.4 23 190   M    M   0        32 190
16  74  58  66   4   0   1 0.00  0.0    0 12.6 20 160   M    M   3        30 160
17  84  59  72  10   0   7 0.62  0.0    0 10.8 18 310   M    M   6        32 160
================================================================================
SM 1259  834        83  30  3.01     0.0 149.3          M       57
================================================================================
AV 74.1 49.1                               8.8 FASTST   M    M   3    MAX(MPH)
                                 MISC ---->  # 27 360               # 38  320
================================================================================
NOTES:
# LAST OF SEVERAL OCCURRENCES

COLUMN 17 PEAK WIND IN M.P.H.

PRELIMINARY LOCAL CLIMATOLOGICAL DATA (WS FORM: F-6) , PAGE 2

                                          STATION:  BOWIE
                                          MONTH:    APRIL
                                          YEAR:     2019
                                          LATITUDE:   33 36 N
                                          LONGITUDE:  97 47 W

[TEMPERATURE DATA]      [PRECIPITATION DATA]       SYMBOLS USED IN COLUMN 16

AVERAGE MONTHLY: 61.6   TOTAL FOR MONTH:   3.01    1 = FOG OR MIST
DPTR FM NORMAL:   1.7   DPTR FM NORMAL:    1.62    2 = FOG REDUCING VISIBILITY
HIGHEST:    91 ON 10    GRTST 24HR  1.54 ON 13-13      TO 1/4 MILE OR LESS
LOWEST:     35 ON  1                               3 = THUNDER
                        SNOW, ICE PELLETS, HAIL    4 = ICE PELLETS
                        TOTAL MONTH:   0.0 INCH    5 = HAIL
                        GRTST 24HR     0.0         6 = FREEZING RAIN OR DRIZZLE
                        GRTST DEPTH:   0           7 = DUSTSTORM OR SANDSTORM:
                                                       VSBY 1/2 MILE OR LESS
                                                   8 = SMOKE OR HAZE
[NO. OF DAYS WITH]      [WEATHER - DAYS WITH]      9 = BLOWING SNOW
                                                   X = TORNADO
MAX 32 OR BELOW:   0    0.01 INCH OR MORE:   4
MAX 90 OR ABOVE:   1    0.10 INCH OR MORE:   4
MIN 32 OR BELOW:   0    0.50 INCH OR MORE:   3
MIN  0 OR BELOW:   0    1.00 INCH OR MORE:   1

[HDD (BASE 65) ]
TOTAL THIS MO.    83    CLEAR  (SCALE 0-3)  11
DPTR FM NORMAL   -29    PTCLDY (SCALE 4-7)   5
TOTAL FM JUL 1  2958    CLOUDY (SCALE 8-10)  1
DPTR FM NORMAL   -46

[CDD (BASE 65) ]
TOTAL THIS MO.    30
DPTR FM NORMAL     5    [PRESSURE DATA]
TOTAL FM JAN 1    42    HIGHEST SLP M ON M
DPTR FM NORMAL     2    LOWEST  SLP M ON M

[REMARKS]
